('local_tasks:node/%','a:4:{i:0;a:23:{s:4:\"path\";s:11:\"node/%/view\";s:14:\"load_functions\";s:26:\"a:1:{i:1;s:9:\"node_load\";}\";s:16:\"to_arg_functions\";s:0:\"\";s:15:\"access_callback\";s:11:\"node_access\";s:16:\"access_arguments\";s:29:\"a:2:{i:0;s:4:\"view\";i:1;i:1;}\";s:13:\"page_callback\";s:14:\"node_page_view\";s:14:\"page_arguments\";s:14:\"a:1:{i:0;i:1;}\";s:17:\"delivery_callback\";s:0:\"\";s:3:\"fit\";s:1:\"5\";s:12:\"number_parts\";s:1:\"3\";s:7:\"context\";s:1:\"1\";s:10:\"tab_parent\";s:6:\"node/%\";s:8:\"tab_root\";s:6:\"node/%\";s:5:\"title\";s:4:\"View\";s:14:\"title_callback\";s:1:\"t\";s:15:\"title_arguments\";s:0:\"\";s:14:\"theme_callback\";s:0:\"\";s:15:\"theme_arguments\";s:6:\"a:0:{}\";s:4:\"type\";s:3:\"140\";s:11:\"description\";s:0:\"\";s:8:\"position\";s:0:\"\";s:6:\"weight\";s:3:\"-10\";s:12:\"include_file\";s:0:\"\";}i:1;a:23:{s:4:\"path\";s:6:\"node/%\";s:14:\"load_functions\";s:26:\"a:1:{i:1;s:9:\"node_load\";}\";s:16:\"to_arg_functions\";s:0:\"\";s:15:\"access_callback\";s:11:\"node_access\";s:16:\"access_arguments\";s:29:\"a:2:{i:0;s:4:\"view\";i:1;i:1;}\";s:13:\"page_callback\";s:14:\"node_page_view\";s:14:\"page_arguments\";s:14:\"a:1:{i:0;i:1;}\";s:17:\"delivery_callback\";s:0:\"\";s:3:\"fit\";s:1:\"2\";s:12:\"number_parts\";s:1:\"2\";s:7:\"context\";s:1:\"0\";s:10:\"tab_parent\";s:0:\"\";s:8:\"tab_root\";s:6:\"node/%\";s:5:\"title\";s:0:\"\";s:14:\"title_callback\";s:15:\"node_page_title\";s:15:\"title_arguments\";s:14:\"a:1:{i:0;i:1;}\";s:14:\"theme_callback\";s:0:\"\";s:15:\"theme_arguments\";s:6:\"a:0:{}\";s:4:\"type\";s:1:\"6\";s:11:\"description\";s:0:\"\";s:8:\"position\";s:0:\"\";s:6:\"weight\";s:1:\"0\";s:12:\"include_file\";s:0:\"\";}i:2;a:23:{s:4:\"path\";s:11:\"node/%/edit\";s:14:\"load_functions\";s:26:\"a:1:{i:1;s:9:\"node_load\";}\";s:16:\"to_arg_functions\";s:0:\"\";s:15:\"access_callback\";s:11:\"node_access\";s:16:\"access_arguments\";s:31:\"a:2:{i:0;s:6:\"update\";i:1;i:1;}\";s:13:\"page_callback\";s:14:\"node_page_edit\";s:14:\"page_arguments\";s:14:\"a:1:{i:0;i:1;}\";s:17:\"delivery_callback\";s:0:\"\";s:3:\"fit\";s:1:\"5\";s:12:\"number_parts\";s:1:\"3\";s:7:\"context\";s:1:\"3\";s:10:\"tab_parent\";s:6:\"node/%\";s:8:\"tab_root\";s:6:\"node/%\";s:5:\"title\";s:4:\"Edit\";s:14:\"title_callback\";s:1:\"t\";s:15:\"title_arguments\";s:0:\"\";s:14:\"theme_callback\";s:0:\"\";s:15:\"theme_arguments\";s:6:\"a:0:{}\";s:4:\"type\";s:3:\"132\";s:11:\"description\";s:0:\"\";s:8:\"position\";s:0:\"\";s:6:\"weight\";s:1:\"0\";s:12:\"include_file\";s:27:\"modules/node/node.pages.inc\";}i:3;a:23:{s:4:\"path\";s:16:\"node/%/revisions\";s:14:\"load_functions\";s:26:\"a:1:{i:1;s:9:\"node_load\";}\";s:16:\"to_arg_functions\";s:0:\"\";s:15:\"access_callback\";s:21:\"_node_revision_access\";s:16:\"access_arguments\";s:14:\"a:1:{i:0;i:1;}\";s:13:\"page_callback\";s:22:\"node_revision_overview\";s:14:\"page_arguments\";s:14:\"a:1:{i:0;i:1;}\";s:17:\"delivery_callback\";s:0:\"\";s:3:\"fit\";s:1:\"5\";s:12:\"number_parts\";s:1:\"3\";s:7:\"context\";s:1:\"1\";s:10:\"tab_parent\";s:6:\"node/%\";s:8:\"tab_root\";s:6:\"node/%\";s:5:\"title\";s:9:\"Revisions\";s:14:\"title_callback\";s:1:\"t\";s:15:\"title_arguments\";s:0:\"\";s:14:\"theme_callback\";s:0:\"\";s:15:\"theme_arguments\";s:6:\"a:0:{}\";s:4:\"type\";s:3:\"132\";s:11:\"description\";s:0:\"\";s:8:\"position\";s:0:\"\";s:6:\"weight\";s:1:\"2\";s:12:\"include_file\";s:27:\"modules/node/node.pages.inc\";}}',0,1397213742,1),('menu_custom','a:4:{s:9:\"main-menu\";a:3:{s:9:\"menu_name\";s:9:\"main-menu\";s:5:\"title\";s:9:\"Main menu\";s:11:\"description\";s:115:\"The <em>Main</em> menu is used on many sites to show the major sections of the site, often in a top navigation bar.\";}s:10:\"management\";a:3:{s:9:\"menu_name\";s:10:\"management\";s:5:\"title\";s:10:\"Management\";s:11:\"description\";s:69:\"The <em>Management</em> menu contains links for administrative tasks.\";}s:10:\"navigation\";a:3:{s:9:\"menu_name\";s:10:\"navigation\";s:5:\"title\";s:10:\"Navigation\";s:11:\"description\";s:150:\"The <em>Navigation</em> menu contains links intended for site visitors. Links are added to the <em>Navigation</em> menu automatically by some modules.\";}s:9:\"user-menu\";a:3:{s:9:\"menu_name\";s:9:\"user-menu\";s:5:\"title\";s:9:\"User menu\";s:11:\"description\";s:99:\"The <em>User</em> menu contains links related to the user\'s account, as well as the \'Log out\' link.\";}}',0,1397213554,1);

--
-- Table structure for table `cache_page`
--

CREATE TABLE `cache_page` (
  `cid` varchar(255) NOT NULL DEFAULT '' COMMENT 'Primary Key: Unique cache ID.',
  `data` longblob COMMENT 'A collection of data to cache.',
  `expire` int(11) NOT NULL DEFAULT '0' COMMENT 'A Unix timestamp indicating when the cache entry should expire, or 0 for never.',
  `created` int(11) NOT NULL DEFAULT '0' COMMENT 'A Unix timestamp indicating when the cache entry was created.',
  `serialized` smallint(6) NOT NULL DEFAULT '0' COMMENT 'A flag to indicate whether content is serialized (1) or not (0).',
  PRIMARY KEY (`cid`),
  KEY `expire` (`expire`)
) ENGINE=InnoDB DEFAULT CHARSET=utf8 COMMENT='Cache table used to store compressed pages for anonymous...';

--
-- Dumping data for table `cache_page`
--


--
-- Table structure for table `cache_path`
--

CREATE TABLE `cache_path` (
  `cid` varchar(255) NOT NULL DEFAULT '' COMMENT 'Primary Key: Unique cache ID.',
  `data` longblob COMMENT 'A collection of data to cache.',
  `expire` int(11) NOT NULL DEFAULT '0' COMMENT 'A Unix timestamp indicating when the cache entry should expire, or 0 for never.',
  `created` int(11) NOT NULL DEFAULT '0' COMMENT 'A Unix timestamp indicating when the cache entry was created.',
  `serialized` smallint(6) NOT NULL DEFAULT '0' COMMENT 'A flag to indicate whether content is serialized (1) or not (0).',
  PRIMARY KEY (`cid`),
  KEY `expire` (`expire`)
) ENGINE=InnoDB DEFAULT CHARSET=utf8 COMMENT='Cache table for path alias lookup.';

--
-- Dumping data for table `cache_path`
--


--
-- Table structure for table `cache_update`
--

CREATE TABLE `cache_update` (
  `cid` varchar(255) NOT NULL DEFAULT '' COMMENT 'Primary Key: Unique cache ID.',
  `data` longblob COMMENT 'A collection of data to cache.',
  `expire` int(11) NOT NULL DEFAULT '0' COMMENT 'A Unix timestamp indicating when the cache entry should expire, or 0 for never.',
  `created` int(11) NOT NULL DEFAULT '0' COMMENT 'A Unix timestamp indicating when the cache entry was created.',
  `serialized` smallint(6) NOT NULL DEFAULT '0' COMMENT 'A flag to indicate whether content is serialized (1) or not (0).',
  PRIMARY KEY (`cid`),
  KEY `expire` (`expire`)
) ENGINE=InnoDB DEFAULT CHARSET=utf8 COMMENT='Cache table for the Update module to store information...';

--
-- Dumping data for table `cache_update`
--

INSERT INTO `cache_update` VALUES ('available_releases::academia','a:11:{s:5:\"title\";s:8:\"Academia\";s:10:\"short_name\";s:8:\"academia\";s:4:\"type\";s:13:\"project_theme\";s:11:\"api_version\";s:3:\"7.x\";s:17:\"recommended_major\";s:1:\"1\";s:16:\"supported_majors\";s:1:\"1\";s:13:\"default_major\";s:1:\"1\";s:14:\"project_status\";s:9:\"published\";s:4:\"link\";s:35:\"https://drupal.org/project/academia\";s:5:\"terms\";s:15:\"\n   \n   \n   \n  \";s:8:\"releases\";a:2:{s:13:\"7.x-1.0-beta2\";a:14:{s:4:\"name\";s:22:\"academia 7.x-1.0-beta2\";s:7:\"version\";s:13:\"7.x-1.0-beta2\";s:3:\"tag\";s:13:\"7.x-1.0-beta2\";s:13:\"version_major\";s:1:\"1\";s:13:\"version_patch\";s:1:\"0\";s:13:\"version_extra\";s:5:\"beta2\";s:6:\"status\";s:9:\"published\";s:12:\"release_link\";s:31:\"https://drupal.org/node/1321954\";s:13:\"download_link\";s:66:\"http://ftp.drupal.org/files/projects/academia-7.x-1.0-beta2.tar.gz\";s:4:\"date\";s:10:\"1319618729\";s:6:\"mdhash\";s:32:\"4fe708246596731ac4c8813e82e6dfb2\";s:8:\"filesize\";s:5:\"60754\";s:5:\"files\";s:11:\"\n   \n   \n  \";s:5:\"terms\";a:1:{s:12:\"Release type\";a:1:{i:0;s:12:\"New features\";}}}s:13:\"7.x-1.0-beta1\";a:14:{s:4:\"name\";s:22:\"academia 7.x-1.0-beta1\";s:7:\"version\";s:13:\"7.x-1.0-beta1\";s:3:\"tag\";s:13:\"7.x-1.0-beta1\";s:13:\"version_major\";s:1:\"1\";s:13:\"version_patch\";s:1:\"0\";s:13:\"version_extra\";s:5:\"beta1\";s:6:\"status\";s:9:\"published\";s:12:\"release_link\";s:31:\"https://drupal.org/node/1233264\";s:13:\"download_link\";s:66:\"http://ftp.drupal.org/files/projects/academia-7.x-1.0-beta1.tar.gz\";s:4:\"date\";s:10:\"1311919401\";s:6:\"mdhash\";s:32:\"f80ff8315af3c33ead13c2742fdce7f9\";s:8:\"filesize\";s:5:\"59585\";s:5:\"files\";s:11:\"\n   \n   \n  \";s:5:\"terms\";a:1:{s:12:\"Release type\";a:1:{i:0;s:12:\"New features\";}}}}}',1397301037,1397214632,1),('available_releases::bootstrap','a:11:{s:5:\"title\";s:9:\"Bootstrap\";s:10:\"short_name\";s:9:\"bootstrap\";s:4:\"type\";s:13:\"project_theme\";s:11:\"api_version\";s:3:\"7.x\";s:17:\"recommended_major\";s:1:\"3\";s:16:\"supported_majors\";s:3:\"2,3\";s:13:\"default_major\";s:1:\"2\";s:14:\"project_status\";s:9:\"published\";s:4:\"link\";s:36:\"https://drupal.org/project/bootstrap\";s:5:\"terms\";s:15:\"\n   \n   \n   \n  \";s:8:\"releases\";a:12:{s:7:\"7.x-3.0\";a:13:{s:4:\"name\";s:17:\"bootstrap 7.x-3.0\";s:7:\"version\";s:7:\"7.x-3.0\";s:3:\"tag\";s:7:\"7.x-3.0\";s:13:\"version_major\";s:1:\"3\";s:13:\"version_patch\";s:1:\"0\";s:6:\"status\";s:9:\"published\";s:12:\"release_link\";s:31:\"https://drupal.org/node/2137547\";s:13:\"download_link\";s:61:\"http://ftp.drupal.org/files/projects/bootstrap-7.x-3.0.tar.gz\";s:4:\"date\";s:10:\"1384678104\";s:6:\"mdhash\";s:32:\"633ba721e7d0f52627bc665d27cea002\";s:8:\"filesize\";s:6:\"105744\";s:5:\"files\";s:11:\"\n   \n   \n  \";s:5:\"terms\";a:1:{s:12:\"Release type\";a:2:{i:0;s:9:\"Bug fixes\";i:1;s:12:\"New features\";}}}s:11:\"7.x-3.0-rc2\";a:14:{s:4:\"name\";s:21:\"bootstrap 7.x-3.0-rc2\";s:7:\"version\";s:11:\"7.x-3.0-rc2\";s:3:\"tag\";s:11:\"7.x-3.0-rc2\";s:13:\"version_major\";s:1:\"3\";s:13:\"version_patch\";s:1:\"0\";s:13:\"version_extra\";s:3:\"rc2\";s:6:\"status\";s:9:\"published\";s:12:\"release_link\";s:31:\"https://drupal.org/node/2113723\";s:13:\"download_link\";s:65:\"http://ftp.drupal.org/files/projects/bootstrap-7.x-3.0-rc2.tar.gz\";s:4:\"date\";s:10:\"1381965727\";s:6:\"mdhash\";s:32:\"0eed25a854cbbe76ed62a2c39029b441\";s:8:\"filesize\";s:6:\"132350\";s:5:\"files\";s:11:\"\n   \n   \n  \";s:5:\"terms\";a:1:{s:12:\"Release type\";a:2:{i:0;s:12:\"New features\";i:1;s:9:\"Bug fixes\";}}}s:11:\"7.x-3.0-rc1\";a:14:{s:4:\"name\";s:21:\"bootstrap 7.x-3.0-rc1\";s:7:\"version\";s:11:\"7.x-3.0-rc1\";s:3:\"tag\";s:11:\"7.x-3.0-rc1\";s:13:\"version_major\";s:1:\"3\";s:13:\"version_patch\";s:1:\"0\";s:13:\"version_extra\";s:3:\"rc1\";s:6:\"status\";s:9:\"published\";s:12:\"release_link\";s:31:\"https://drupal.org/node/2101689\";s:13:\"download_link\";s:65:\"http://ftp.drupal.org/files/projects/bootstrap-7.x-3.0-rc1.tar.gz\";s:4:\"date\";s:10:\"1380586270\";s:6:\"mdhash\";s:32:\"fc1e8772163758fcbcf6807e559df987\";s:8:\"filesize\";s:6:\"130368\";s:5:\"files\";s:11:\"\n   \n   \n  \";s:5:\"terms\";a:1:{s:12:\"Release type\";a:2:{i:0;s:12:\"New features\";i:1;s:9:\"Bug fixes\";}}}s:13:\"7.x-3.0-beta1\";a:14:{s:4:\"name\";s:23:\"bootstrap 7.x-3.0-beta1\";s:7:\"version\";s:13:\"7.x-3.0-beta1\";s:3:\"tag\";s:13:\"7.x-3.0-beta1\";s:13:\"version_major\";s:1:\"3\";s:13:\"version_patch\";s:1:\"0\";s:13:\"version_extra\";s:5:\"beta1\";s:6:\"status\";s:9:\"published\";s:12:\"release_link\";s:31:\"https://drupal.org/node/2094423\";s:13:\"download_link\";s:67:\"http://ftp.drupal.org/files/projects/bootstrap-7.x-3.0-beta1.tar.gz\";s:4:\"date\";s:10:\"1379735212\";s:6:\"mdhash\";s:32:\"f5715f19b4fc4e40766f5f193d08775d\";s:8:\"filesize\";s:6:\"117424\";s:5:\"files\";s:11:\"\n   \n   \n  \";s:5:\"terms\";a:1:{s:12:\"Release type\";a:2:{i:0;s:12:\"New features\";i:1;s:9:\"Bug fixes\";}}}s:7:\"7.x-2.2\";a:13:{s:4:\"name\";s:17:\"bootstrap 7.x-2.2\";s:7:\"version\";s:7:\"7.x-2.2\";s:3:\"tag\";s:7:\"7.x-2.2\";s:13:\"version_major\";s:1:\"2\";s:13:\"version_patch\";s:1:\"2\";s:6:\"status\";s:9:\"published\";s:12:\"release_link\";s:31:\"https://drupal.org/node/2094961\";s:13:\"download_link\";s:61:\"http://ftp.drupal.org/files/projects/bootstrap-7.x-2.2.tar.gz\";s:4:\"date\";s:10:\"1379796670\";s:6:\"mdhash\";s:32:\"d0716efe615c85904c0621e4c38c7286\";s:8:\"filesize\";s:6:\"152826\";s:5:\"files\";s:11:\"\n   \n   \n  \";s:5:\"terms\";a:1:{s:12:\"Release type\";a:1:{i:0;s:9:\"Bug fixes\";}}}s:7:\"7.x-2.1\";a:13:{s:4:\"name\";s:17:\"bootstrap 7.x-2.1\";s:7:\"version\";s:7:\"7.x-2.1\";s:3:\"tag\";s:7:\"7.x-2.1\";s:13:\"version_major\";s:1:\"2\";s:13:\"version_patch\";s:1:\"1\";s:6:\"status\";s:9:\"published\";s:12:\"release_link\";s:31:\"https://drupal.org/node/2028165\";s:13:\"download_link\";s:61:\"http://ftp.drupal.org/files/projects/bootstrap-7.x-2.1.tar.gz\";s:4:\"date\";s:10:\"1372204551\";s:6:\"mdhash\";s:32:\"d5c976f39edd7613b0119cec15414cb7\";s:8:\"filesize\";s:6:\"152877\";s:5:\"files\";s:11:\"\n   \n   \n  \";s:5:\"terms\";a:0:{}}s:7:\"7.x-2.0\";a:13:{s:4:\"name\";s:17:\"bootstrap 7.x-2.0\";s:7:\"version\";s:7:\"7.x-2.0\";s:3:\"tag\";s:7:\"7.x-2.0\";s:13:\"version_major\";s:1:\"2\";s:13:\"version_patch\";s:1:\"0\";s:6:\"status\";s:9:\"published\";s:12:\"release_link\";s:31:\"https://drupal.org/node/1998352\";s:13:\"download_link\";s:61:\"http://ftp.drupal.org/files/projects/bootstrap-7.x-2.0.tar.gz\";s:4:\"date\";s:10:\"1368973512\";s:6:\"mdhash\";s:32:\"fce3d64659ab243b7585cb86a8f55fe5\";s:8:\"filesize\";s:6:\"154263\";s:5:\"files\";s:11:\"\n   \n   \n  \";s:5:\"terms\";a:0:{}}s:13:\"7.x-2.0-beta3\";a:14:{s:4:\"name\";s:23:\"bootstrap 7.x-2.0-beta3\";s:7:\"version\";s:13:\"7.x-2.0-beta3\";s:3:\"tag\";s:13:\"7.x-2.0-beta3\";s:13:\"version_major\";s:1:\"2\";s:13:\"version_patch\";s:1:\"0\";s:13:\"version_extra\";s:5:\"beta3\";s:6:\"status\";s:9:\"published\";s:12:\"release_link\";s:31:\"https://drupal.org/node/1942210\";s:13:\"download_link\";s:67:\"http://ftp.drupal.org/files/projects/bootstrap-7.x-2.0-beta3.tar.gz\";s:4:\"date\";s:10:\"1363201813\";s:6:\"mdhash\";s:32:\"e18b147cf74d3354f7f5836f8e7a73e8\";s:8:\"filesize\";s:5:\"82087\";s:5:\"files\";s:11:\"\n   \n   \n  \";s:5:\"terms\";a:1:{s:12:\"Release type\";a:2:{i:0;s:12:\"New features\";i:1;s:9:\"Bug fixes\";}}}s:13:\"7.x-2.0-beta2\";a:14:{s:4:\"name\";s:23:\"bootstrap 7.x-2.0-beta2\";s:7:\"version\";s:13:\"7.x-2.0-beta2\";s:3:\"tag\";s:13:\"7.x-2.0-beta2\";s:13:\"version_major\";s:1:\"2\";s:13:\"version_patch\";s:1:\"0\";s:13:\"version_extra\";s:5:\"beta2\";s:6:\"status\";s:9:\"published\";s:12:\"release_link\";s:31:\"https://drupal.org/node/1863508\";s:13:\"download_link\";s:67:\"http://ftp.drupal.org/files/projects/bootstrap-7.x-2.0-beta2.tar.gz\";s:4:\"date\";s:10:\"1355215564\";s:6:\"mdhash\";s:32:\"04ce90a06494b85374aec1976e408ce2\";s:8:\"filesize\";s:5:\"81606\";s:5:\"files\";s:11:\"\n   \n   \n  \";s:5:\"terms\";a:1:{s:12:\"Release type\";a:2:{i:0;s:12:\"New features\";i:1;s:9:\"Bug fixes\";}}}s:13:\"7.x-2.0-beta1\";a:14:{s:4:\"name\";s:23:\"bootstrap 7.x-2.0-beta1\";s:7:\"version\";s:13:\"7.x-2.0-beta1\";s:3:\"tag\";s:13:\"7.x-2.0-beta1\";s:13:\"version_major\";s:1:\"2\";s:13:\"version_patch\";s:1:\"0\";s:13:\"version_extra\";s:5:\"beta1\";s:6:\"status\";s:9:\"published\";s:12:\"release_link\";s:31:\"https://drupal.org/node/1838226\";s:13:\"download_link\";s:67:\"http://ftp.drupal.org/files/projects/bootstrap-7.x-2.0-beta1.tar.gz\";s:4:\"date\";s:10:\"1352715956\";s:6:\"mdhash\";s:32:\"7e00c5f9b8c2e96f94671f4bf75cd6bd\";s:8:\"filesize\";s:5:\"75793\";s:5:\"files\";s:11:\"\n   \n   \n  \";s:5:\"terms\";a:0:{}}s:11:\"7.x-3.x-dev\";a:13:{s:4:\"name\";s:21:\"bootstrap 7.x-3.x-dev\";s:7:\"version\";s:11:\"7.x-3.x-dev\";s:3:\"tag\";s:7:\"7.x-3.x\";s:13:\"version_major\";s:1:\"3\";s:13:\"version_extra\";s:3:\"dev\";s:6:\"status\";s:9:\"published\";s:12:\"release_link\";s:31:\"https://drupal.org/node/1840986\";s:13:\"download_link\";s:65:\"http://ftp.drupal.org/files/projects/bootstrap-7.x-3.x-dev.tar.gz\";s:4:\"date\";s:10:\"1396987158\";s:6:\"mdhash\";s:32:\"98f30d46a4e7fda587d074bd112acb96\";s:8:\"filesize\";s:6:\"128120\";s:5:\"files\";s:11:\"\n   \n   \n  \";s:5:\"terms\";a:0:{}}s:11:\"7.x-2.x-dev\";a:13:{s:4:\"name\";s:21:\"bootstrap 7.x-2.x-dev\";s:7:\"version\";s:11:\"7.x-2.x-dev\";s:3:\"tag\";s:7:\"7.x-2.x\";s:13:\"version_major\";s:1:\"2\";s:13:\"version_extra\";s:3:\"dev\";s:6:\"status\";s:9:\"published\";s:12:\"release_link\";s:31:\"https://drupal.org/node/1838224\";s:13:\"download_link\";s:65:\"http://ftp.drupal.org/files/projects/bootstrap-7.x-2.x-dev.tar.gz\";s:4:\"date\";s:10:\"1380847184\";s:6:\"mdhash\";s:32:\"c57bc41e3b4eebe00e4bea862b1f8e20\";s:8:\"filesize\";s:6:\"153012\";s:5:\"files\";s:11:\"\n   \n   \n  \";s:5:\"terms\";a:0:{}}}}',1397301038,1397214638,1),('available_releases::dba','a:11:{s:5:\"title\";s:23:\"Database Administration\";s:10:\"short_name\";s:3:\"dba\";s:4:\"type\";s:14:\"project_module\";s:11:\"api_version\";s:3:\"7.x\";s:17:\"recommended_major\";s:1:\"1\";s:16:\"supported_majors\";s:1:\"1\";s:13:\"default_major\";s:1:\"1\";s:14:\"project_status\";s:9:\"published\";s:4:\"link\";s:30:\"https://drupal.org/project/dba\";s:5:\"terms\";s:31:\"\n   \n   \n   \n   \n   \n   \n   \n  \";s:8:\"releases\";a:3:{s:14:\"7.x-1.0-alpha2\";a:14:{s:4:\"name\";s:18:\"dba 7.x-1.0-alpha2\";s:7:\"version\";s:14:\"7.x-1.0-alpha2\";s:3:\"tag\";s:14:\"7.x-1.0-alpha2\";s:13:\"version_major\";s:1:\"1\";s:13:\"version_patch\";s:1:\"0\";s:13:\"version_extra\";s:6:\"alpha2\";s:6:\"status\";s:9:\"published\";s:12:\"release_link\";s:31:\"https://drupal.org/node/1518058\";s:13:\"download_link\";s:62:\"http://ftp.drupal.org/files/projects/dba-7.x-1.0-alpha2.tar.gz\";s:4:\"date\";s:10:\"1333731649\";s:6:\"mdhash\";s:32:\"e2dff62b08f711f7a836fc99f4eaeb84\";s:8:\"filesize\";s:5:\"27282\";s:5:\"files\";s:11:\"\n   \n   \n  \";s:5:\"terms\";a:1:{s:12:\"Release type\";a:1:{i:0;s:9:\"Bug fixes\";}}}s:14:\"7.x-1.0-alpha1\";a:14:{s:4:\"name\";s:18:\"dba 7.x-1.0-alpha1\";s:7:\"version\";s:14:\"7.x-1.0-alpha1\";s:3:\"tag\";s:14:\"7.x-1.0-alpha1\";s:13:\"version_major\";s:1:\"1\";s:13:\"version_patch\";s:1:\"0\";s:13:\"version_extra\";s:6:\"alpha1\";s:6:\"status\";s:9:\"published\";s:12:\"release_link\";s:31:\"https://drupal.org/node/1325526\";s:13:\"download_link\";s:62:\"http://ftp.drupal.org/files/projects/dba-7.x-1.0-alpha1.tar.gz\";s:4:\"date\";s:10:\"1319845829\";s:6:\"mdhash\";s:32:\"6606ecc52e965efdb51d26655a7689d1\";s:8:\"filesize\";s:5:\"26355\";s:5:\"files\";s:11:\"\n   \n   \n  \";s:5:\"terms\";a:1:{s:12:\"Release type\";a:1:{i:0;s:12:\"New features\";}}}s:11:\"7.x-1.x-dev\";a:13:{s:4:\"name\";s:15:\"dba 7.x-1.x-dev\";s:7:\"version\";s:11:\"7.x-1.x-dev\";s:3:\"tag\";s:7:\"7.x-1.x\";s:13:\"version_major\";s:1:\"1\";s:13:\"version_extra\";s:3:\"dev\";s:6:\"status\";s:9:\"published\";s:12:\"release_link\";s:30:\"https://drupal.org/node/662012\";s:13:\"download_link\";s:59:\"http://ftp.drupal.org/files/projects/dba-7.x-1.x-dev.tar.gz\";s:4:\"date\";s:10:\"1380568766\";s:6:\"mdhash\";s:32:\"c2951124b9d7dbae7333e0f7388d9e55\";s:8:\"filesize\";s:5:\"27290\";s:5:\"files\";s:11:\"\n   \n   \n  \";s:5:\"terms\";a:0:{}}}}',1397301034,1397214632,1),('available_releases::drupal','a:11:{s:5:\"title\";s:11:\"Drupal core\";s:10:\"short_name\";s:6:\"drupal\";s:4:\"type\";s:12:\"project_core\";s:11:\"api_version\";s:3:\"7.x\";s:17:\"recommended_major\";s:1:\"7\";s:16:\"supported_majors\";s:1:\"7\";s:13:\"default_major\";s:1:\"7\";s:14:\"project_status\";s:9:\"published\";s:4:\"link\";s:33:\"https://drupal.org/project/drupal\";s:5:\"terms\";s:15:\"\n   \n   \n   \n  \";s:8:\"releases\";a:42:{s:4:\"7.26\";a:13:{s:4:\"name\";s:11:\"drupal 7.26\";s:7:\"version\";s:4:\"7.26\";s:3:\"tag\";s:4:\"7.26\";s:13:\"version_major\";s:1:\"7\";s:13:\"version_patch\";s:2:\"26\";s:6:\"status\";s:9:\"published\";s:12:\"release_link\";s:44:\"https://drupal.org/drupal-7.26-release-notes\";s:13:\"download_link\";s:55:\"http://ftp.drupal.org/files/projects/drupal-7.26.tar.gz\";s:4:\"date\";s:10:\"1389815904\";s:6:\"mdhash\";s:32:\"740bd57f524b8ac18a203b663ca1329d\";s:8:\"filesize\";s:7:\"3204587\";s:5:\"files\";s:11:\"\n   \n   \n  \";s:5:\"terms\";a:1:{s:12:\"Release type\";a:1:{i:0;s:15:\"Security update\";}}}s:4:\"7.25\";a:13:{s:4:\"name\";s:11:\"drupal 7.25\";s:7:\"version\";s:4:\"7.25\";s:3:\"tag\";s:4:\"7.25\";s:13:\"version_major\";s:1:\"7\";s:13:\"version_patch\";s:2:\"25\";s:6:\"status\";s:9:\"published\";s:12:\"release_link\";s:44:\"https://drupal.org/drupal-7.25-release-notes\";s:13:\"download_link\";s:55:\"http://ftp.drupal.org/files/projects/drupal-7.25.tar.gz\";s:4:\"date\";s:10:\"1388709505\";s:6:\"mdhash\";s:32:\"25906158083d89aa86534df1c683b4ea\";s:8:\"filesize\";s:7:\"3203256\";s:5:\"files\";s:11:\"\n   \n   \n  \";s:5:\"terms\";a:1:{s:12:\"Release type\";a:2:{i:0;s:9:\"Bug fixes\";i:1;s:12:\"New features\";}}}s:4:\"7.24\";a:13:{s:4:\"name\";s:11:\"drupal 7.24\";s:7:\"version\";s:4:\"7.24\";s:3:\"tag\";s:4:\"7.24\";s:13:\"version_major\";s:1:\"7\";s:13:\"version_patch\";s:2:\"24\";s:6:\"status\";s:9:\"published\";s:12:\"release_link\";s:44:\"https://drupal.org/drupal-7.24-release-notes\";s:13:\"download_link\";s:55:\"http://ftp.drupal.org/files/projects/drupal-7.24.tar.gz\";s:4:\"date\";s:10:\"1384982905\";s:6:\"mdhash\";s:32:\"c1ddb37155e4b6160f6508636c06f2a7\";s:8:\"filesize\";s:7:\"3195735\";s:5:\"files\";s:11:\"\n   \n   \n  \";s:5:\"terms\";a:1:{s:12:\"Release type\";a:1:{i:0;s:15:\"Security update\";}}}s:4:\"7.23\";a:13:{s:4:\"name\";s:11:\"drupal 7.23\";s:7:\"version\";s:4:\"7.23\";s:3:\"tag\";s:4:\"7.23\";s:13:\"version_major\";s:1:\"7\";s:13:\"version_patch\";s:2:\"23\";s:6:\"status\";s:9:\"published\";s:12:\"release_link\";s:44:\"https://drupal.org/drupal-7.23-release-notes\";s:13:\"download_link\";s:55:\"http://ftp.drupal.org/files/projects/drupal-7.23.tar.gz\";s:4:\"date\";s:10:\"1375928239\";s:6:\"mdhash\";s:32:\"0beca6fec15b8cf8c35a6fdda6675342\";s:8:\"filesize\";s:7:\"3191695\";s:5:\"files\";s:11:\"\n   \n   \n  \";s:5:\"terms\";a:1:{s:12:\"Release type\";a:1:{i:0;s:9:\"Bug fixes\";}}}s:4:\"7.22\";a:13:{s:4:\"name\";s:11:\"drupal 7.22\";s:7:\"version\";s:4:\"7.22\";s:3:\"tag\";s:4:\"7.22\";s:13:\"version_major\";s:1:\"7\";s:13:\"version_patch\";s:2:\"22\";s:6:\"status\";s:9:\"published\";s:12:\"release_link\";s:44:\"https://drupal.org/drupal-7.22-release-notes\";s:13:\"download_link\";s:55:\"http://ftp.drupal.org/files/projects/drupal-7.22.tar.gz\";s:4:\"date\";s:10:\"1365027013\";s:6:\"mdhash\";s:32:\"068d7a77958fce6bb002659aa7ccaeb7\";s:8:\"filesize\";s:7:\"3183014\";s:5:\"files\";s:11:\"\n   \n   \n  \";s:5:\"terms\";a:1:{s:12:\"Release type\";a:1:{i:0;s:9:\"Bug fixes\";}}}s:4:\"7.21\";a:13:{s:4:\"name\";s:11:\"drupal 7.21\";s:7:\"version\";s:4:\"7.21\";s:3:\"tag\";s:4:\"7.21\";s:13:\"version_major\";s:1:\"7\";s:13:\"version_patch\";s:2:\"21\";s:6:\"status\";s:9:\"published\";s:12:\"release_link\";s:44:\"https://drupal.org/drupal-7.21-release-notes\";s:13:\"download_link\";s:55:\"http://ftp.drupal.org/files/projects/drupal-7.21.tar.gz\";s:4:\"date\";s:10:\"1362616997\";s:6:\"mdhash\";s:32:\"eff054cd53be39ff719f77c81dce1aac\";s:8:\"filesize\";s:7:\"3163798\";s:5:\"files\";s:11:\"\n   \n   \n  \";s:5:\"terms\";a:1:{s:12:\"Release type\";a:1:{i:0;s:9:\"Bug fixes\";}}}s:4:\"7.20\";a:13:{s:4:\"name\";s:11:\"drupal 7.20\";s:7:\"version\";s:4:\"7.20\";s:3:\"tag\";s:4:\"7.20\";s:13:\"version_major\";s:1:\"7\";s:13:\"version_patch\";s:2:\"20\";s:6:\"status\";s:9:\"published\";s:12:\"release_link\";s:44:\"https://drupal.org/drupal-7.20-release-notes\";s:13:\"download_link\";s:55:\"http://ftp.drupal.org/files/projects/drupal-7.20.tar.gz\";s:4:\"date\";s:10:\"1361393684\";s:6:\"mdhash\";s:32:\"ee576d63f1fd8a1f1c072a56978da0c5\";s:8:\"filesize\";s:7:\"3163257\";s:5:\"files\";s:11:\"\n   \n   \n  \";s:5:\"terms\";a:1:{s:12:\"Release type\";a:1:{i:0;s:15:\"Security update\";}}}s:4:\"7.19\";a:13:{s:4:\"name\";s:11:\"drupal 7.19\";s:7:\"version\";s:4:\"7.19\";s:3:\"tag\";s:4:\"7.19\";s:13:\"version_major\";s:1:\"7\";s:13:\"version_patch\";s:2:\"19\";s:6:\"status\";s:9:\"published\";s:12:\"release_link\";s:44:\"https://drupal.org/drupal-7.19-release-notes\";s:13:\"download_link\";s:55:\"http://ftp.drupal.org/files/projects/drupal-7.19.tar.gz\";s:4:\"date\";s:10:\"1358374871\";s:6:\"mdhash\";s:32:\"c1dd3960f1555df208c80ef612e0c53a\";s:8:\"filesize\";s:7:\"3163130\";s:5:\"files\";s:11:\"\n   \n   \n  \";s:5:\"terms\";a:1:{s:12:\"Release type\";a:1:{i:0;s:15:\"Security update\";}}}s:4:\"7.18\";a:13:{s:4:\"name\";s:11:\"drupal 7.18\";s:7:\"version\";s:4:\"7.18\";s:3:\"tag\";s:4:\"7.18\";s:13:\"version_major\";s:1:\"7\";s:13:\"version_patch\";s:2:\"18\";s:6:\"status\";s:9:\"published\";s:12:\"release_link\";s:44:\"https://drupal.org/drupal-7.18-release-notes\";s:13:\"download_link\";s:55:\"http://ftp.drupal.org/files/projects/drupal-7.18.tar.gz\";s:4:\"date\";s:10:\"1355944004\";s:6:\"mdhash\";s:32:\"5c048f60a53acd7cb3c2b6d5fe42f082\";s:8:\"filesize\";s:7:\"3162333\";s:5:\"files\";s:11:\"\n   \n   \n  \";s:5:\"terms\";a:1:{s:12:\"Release type\";a:1:{i:0;s:15:\"Security update\";}}}s:4:\"7.17\";a:13:{s:4:\"name\";s:11:\"drupal 7.17\";s:7:\"version\";s:4:\"7.17\";s:3:\"tag\";s:4:\"7.17\";s:13:\"version_major\";s:1:\"7\";s:13:\"version_patch\";s:2:\"17\";s:6:\"status\";s:9:\"published\";s:12:\"release_link\";s:44:\"https://drupal.org/drupal-7.17-release-notes\";s:13:\"download_link\";s:55:\"http://ftp.drupal.org/files/projects/drupal-7.17.tar.gz\";s:4:\"date\";s:10:\"1352325358\";s:6:\"mdhash\";s:32:\"439e8ca7e6a33bb879a4624d8f01bed0\";s:8:\"filesize\";s:7:\"3162429\";s:5:\"files\";s:11:\"\n   \n   \n  \";s:5:\"terms\";a:1:{s:12:\"Release type\";a:1:{i:0;s:9:\"Bug fixes\";}}}s:4:\"7.16\";a:13:{s:4:\"name\";s:11:\"drupal 7.16\";s:7:\"version\";s:4:\"7.16\";s:3:\"tag\";s:4:\"7.16\";s:13:\"version_major\";s:1:\"7\";s:13:\"version_patch\";s:2:\"16\";s:6:\"status\";s:9:\"published\";s:12:\"release_link\";s:31:\"https://drupal.org/node/1815904\";s:13:\"download_link\";s:55:\"http://ftp.drupal.org/files/projects/drupal-7.16.tar.gz\";s:4:\"date\";s:10:\"1350508568\";s:6:\"mdhash\";s:32:\"352497b2df94b5308e31cb8da020b631\";s:8:\"filesize\";s:7:\"3142889\";s:5:\"files\";s:11:\"\n   \n   \n  \";s:5:\"terms\";a:1:{s:12:\"Release type\";a:1:{i:0;s:15:\"Security update\";}}}s:4:\"7.15\";a:13:{s:4:\"name\";s:11:\"drupal 7.15\";s:7:\"version\";s:4:\"7.15\";s:3:\"tag\";s:4:\"7.15\";s:13:\"version_major\";s:1:\"7\";s:13:\"version_patch\";s:2:\"15\";s:6:\"status\";s:9:\"published\";s:12:\"release_link\";s:31:\"https://drupal.org/node/1708292\";s:13:\"download_link\";s:55:\"http://ftp.drupal.org/files/projects/drupal-7.15.tar.gz\";s:4:\"date\";s:10:\"1343839327\";s:6:\"mdhash\";s:32:\"f42c9baccd74e1d035d61ff537ae21b4\";s:8:\"filesize\";s:7:\"3142219\";s:5:\"files\";s:11:\"\n   \n   \n  \";s:5:\"terms\";a:1:{s:12:\"Release type\";a:1:{i:0;s:9:\"Bug fixes\";}}}s:4:\"7.14\";a:13:{s:4:\"name\";s:11:\"drupal 7.14\";s:7:\"version\";s:4:\"7.14\";s:3:\"tag\";s:4:\"7.14\";s:13:\"version_major\";s:1:\"7\";s:13:\"version_patch\";s:2:\"14\";s:6:\"status\";s:9:\"published\";s:12:\"release_link\";s:31:\"https://drupal.org/node/1558424\";s:13:\"download_link\";s:55:\"http://ftp.drupal.org/files/projects/drupal-7.14.tar.gz\";s:4:\"date\";s:10:\"1335997556\";s:6:\"mdhash\";s:32:\"af7abd95c03ecad4e1567ed94a438334\";s:8:\"filesize\";s:7:\"3128473\";s:5:\"files\";s:11:\"\n   \n   \n  \";s:5:\"terms\";a:1:{s:12:\"Release type\";a:1:{i:0;s:9:\"Bug fixes\";}}}s:4:\"7.13\";a:13:{s:4:\"name\";s:11:\"drupal 7.13\";s:7:\"version\";s:4:\"7.13\";s:3:\"tag\";s:4:\"7.13\";s:13:\"version_major\";s:1:\"7\";s:13:\"version_patch\";s:2:\"13\";s:6:\"status\";s:9:\"published\";s:12:\"release_link\";s:31:\"https://drupal.org/node/1558412\";s:13:\"download_link\";s:55:\"http://ftp.drupal.org/files/projects/drupal-7.13.tar.gz\";s:4:\"date\";s:10:\"1335997261\";s:6:\"mdhash\";s:32:\"80587b66375c7fc539414a20a2c6f2de\";s:8:\"filesize\";s:7:\"3088448\";s:5:\"files\";s:11:\"\n   \n   \n  \";s:5:\"terms\";a:1:{s:12:\"Release type\";a:1:{i:0;s:15:\"Security update\";}}}s:4:\"7.12\";a:13:{s:4:\"name\";s:11:\"drupal 7.12\";s:7:\"version\";s:4:\"7.12\";s:3:\"tag\";s:4:\"7.12\";s:13:\"version_major\";s:1:\"7\";s:13:\"version_patch\";s:2:\"12\";s:6:\"status\";s:9:\"published\";s:12:\"release_link\";s:31:\"https://drupal.org/node/1425104\";s:13:\"download_link\";s:55:\"http://ftp.drupal.org/files/projects/drupal-7.12.tar.gz\";s:4:\"date\";s:10:\"1328134561\";s:6:\"mdhash\";s:32:\"db2284beb97241c9bdca9c638cd8a4f1\";s:8:\"filesize\";s:7:\"3088472\";s:5:\"files\";s:11:\"\n   \n   \n  \";s:5:\"terms\";a:1:{s:12:\"Release type\";a:2:{i:0;s:12:\"New features\";i:1;s:9:\"Bug fixes\";}}}s:4:\"7.11\";a:13:{s:4:\"name\";s:11:\"drupal 7.11\";s:7:\"version\";s:4:\"7.11\";s:3:\"tag\";s:4:\"7.11\";s:13:\"version_major\";s:1:\"7\";s:13:\"version_patch\";s:2:\"11\";s:6:\"status\";s:9:\"published\";s:12:\"release_link\";s:31:\"https://drupal.org/node/1425092\";s:13:\"download_link\";s:55:\"http://ftp.drupal.org/files/projects/drupal-7.11.tar.gz\";s:4:\"date\";s:10:\"1328134275\";s:6:\"mdhash\";s:32:\"e9857e1749762367d7631d74cc6564a7\";s:8:\"filesize\";s:7:\"2789336\";s:5:\"files\";s:11:\"\n   \n   \n  \";s:5:\"terms\";a:1:{s:12:\"Release type\";a:1:{i:0;s:15:\"Security update\";}}}s:4:\"7.10\";a:13:{s:4:\"name\";s:11:\"drupal 7.10\";s:7:\"version\";s:4:\"7.10\";s:3:\"tag\";s:4:\"7.10\";s:13:\"version_major\";s:1:\"7\";s:13:\"version_patch\";s:2:\"10\";s:6:\"status\";s:9:\"published\";s:12:\"release_link\";s:31:\"https://drupal.org/node/1361968\";s:13:\"download_link\";s:55:\"http://ftp.drupal.org/files/projects/drupal-7.10.tar.gz\";s:4:\"date\";s:10:\"1323125439\";s:6:\"mdhash\";s:32:\"1caafb849bc756e62dd874b90b95ab31\";s:8:\"filesize\";s:7:\"3067653\";s:5:\"files\";s:11:\"\n   \n   \n  \";s:5:\"terms\";a:1:{s:12:\"Release type\";a:2:{i:0;s:12:\"New features\";i:1;s:9:\"Bug fixes\";}}}s:3:\"7.9\";a:13:{s:4:\"name\";s:10:\"drupal 7.9\";s:7:\"version\";s:3:\"7.9\";s:3:\"tag\";s:3:\"7.9\";s:13:\"version_major\";s:1:\"7\";s:13:\"version_patch\";s:1:\"9\";s:6:\"status\";s:9:\"published\";s:12:\"release_link\";s:31:\"https://drupal.org/node/1322736\";s:13:\"download_link\";s:54:\"http://ftp.drupal.org/files/projects/drupal-7.9.tar.gz\";s:4:\"date\";s:10:\"1319660731\";s:6:\"mdhash\";s:32:\"7f45f109c413ca69ebb6e3140ed47225\";s:8:\"filesize\";s:7:\"2788086\";s:5:\"files\";s:11:\"\n   \n   \n  \";s:5:\"terms\";a:1:{s:12:\"Release type\";a:2:{i:0;s:12:\"New features\";i:1;s:9:\"Bug fixes\";}}}s:3:\"7.8\";a:13:{s:4:\"name\";s:10:\"drupal 7.8\";s:7:\"version\";s:3:\"7.8\";s:3:\"tag\";s:3:\"7.8\";s:13:\"version_major\";s:1:\"7\";s:13:\"version_patch\";s:1:\"8\";s:6:\"status\";s:9:\"published\";s:12:\"release_link\";s:31:\"https://drupal.org/node/1265840\";s:13:\"download_link\";s:54:\"http://ftp.drupal.org/files/projects/drupal-7.8.tar.gz\";s:4:\"date\";s:10:\"1314817617\";s:6:\"mdhash\";s:32:\"e0226b56e8d5c57c6b126e8ed5866b1f\";s:8:\"filesize\";s:7:\"2766967\";s:5:\"files\";s:11:\"\n   \n   \n  \";s:5:\"terms\";a:1:{s:12:\"Release type\";a:1:{i:0;s:9:\"Bug fixes\";}}}s:3:\"7.7\";a:13:{s:4:\"name\";s:10:\"drupal 7.7\";s:7:\"version\";s:3:\"7.7\";s:3:\"tag\";s:3:\"7.7\";s:13:\"version_major\";s:1:\"7\";s:13:\"version_patch\";s:1:\"7\";s:6:\"status\";s:9:\"published\";s:12:\"release_link\";s:31:\"https://drupal.org/node/1231826\";s:13:\"download_link\";s:54:\"http://ftp.drupal.org/files/projects/drupal-7.7.tar.gz\";s:4:\"date\";s:10:\"1311813880\";s:6:\"mdhash\";s:32:\"2eeb63fd1ef6b23b0a9f5f6b8aef8850\";s:8:\"filesize\";s:7:\"2754113\";s:5:\"files\";s:11:\"\n   \n   \n  \";s:5:\"terms\";a:1:{s:12:\"Release type\";a:1:{i:0;s:9:\"Bug fixes\";}}}s:3:\"7.6\";a:13:{s:4:\"name\";s:10:\"drupal 7.6\";s:7:\"version\";s:3:\"7.6\";s:3:\"tag\";s:3:\"7.6\";s:13:\"version_major\";s:1:\"7\";s:13:\"version_patch\";s:1:\"6\";s:6:\"status\";s:9:\"published\";s:12:\"release_link\";s:31:\"https://drupal.org/node/1231586\";s:13:\"download_link\";s:54:\"http://ftp.drupal.org/files/projects/drupal-7.6.tar.gz\";s:4:\"date\";s:10:\"1311798716\";s:6:\"mdhash\";s:32:\"e88e63c4da9e5e170f089d050c88c827\";s:8:\"filesize\";s:7:\"2753784\";s:5:\"files\";s:11:\"\n   \n   \n  \";s:5:\"terms\";a:1:{s:12:\"Release type\";a:1:{i:0;s:9:\"Bug fixes\";}}}s:3:\"7.5\";a:13:{s:4:\"name\";s:10:\"drupal 7.5\";s:7:\"version\";s:3:\"7.5\";s:3:\"tag\";s:3:\"7.5\";s:13:\"version_major\";s:1:\"7\";s:13:\"version_patch\";s:1:\"5\";s:6:\"status\";s:9:\"published\";s:12:\"release_link\";s:31:\"https://drupal.org/node/1231582\";s:13:\"download_link\";s:54:\"http://ftp.drupal.org/files/projects/drupal-7.5.tar.gz\";s:4:\"date\";s:10:\"1311798416\";s:6:\"mdhash\";s:32:\"36d65b7a97c58226c64a6abdf481de45\";s:8:\"filesize\";s:7:\"2744690\";s:5:\"files\";s:11:\"\n   \n   \n  \";s:5:\"terms\";a:1:{s:12:\"Release type\";a:2:{i:0;s:15:\"Security update\";i:1;s:9:\"Bug fixes\";}}}s:3:\"7.4\";a:13:{s:4:\"name\";s:10:\"drupal 7.4\";s:7:\"version\";s:3:\"7.4\";s:3:\"tag\";s:3:\"7.4\";s:13:\"version_major\";s:1:\"7\";s:13:\"version_patch\";s:1:\"4\";s:6:\"status\";s:9:\"published\";s:12:\"release_link\";s:31:\"https://drupal.org/node/1204634\";s:13:\"download_link\";s:54:\"http://ftp.drupal.org/files/projects/drupal-7.4.tar.gz\";s:4:\"date\";s:10:\"1309397516\";s:6:\"mdhash\";s:32:\"84704de078e9f5432c9bb5c6ecd841d4\";s:8:\"filesize\";s:7:\"2744808\";s:5:\"files\";s:11:\"\n   \n   \n  \";s:5:\"terms\";a:1:{s:12:\"Release type\";a:1:{i:0;s:9:\"Bug fixes\";}}}s:3:\"7.3\";a:13:{s:4:\"name\";s:10:\"drupal 7.3\";s:7:\"version\";s:3:\"7.3\";s:3:\"tag\";s:3:\"7.3\";s:13:\"version_major\";s:1:\"7\";s:13:\"version_patch\";s:1:\"3\";s:6:\"status\";s:9:\"published\";s:12:\"release_link\";s:31:\"https://drupal.org/node/1204628\";s:13:\"download_link\";s:54:\"http://ftp.drupal.org/files/projects/drupal-7.3.tar.gz\";s:4:\"date\";s:10:\"1309397216\";s:6:\"mdhash\";s:32:\"c290775724bc309647d84d03ddb88e2e\";s:8:\"filesize\";s:7:\"2735461\";s:5:\"files\";s:11:\"\n   \n   \n  \";s:5:\"terms\";a:1:{s:12:\"Release type\";a:1:{i:0;s:15:\"Security update\";}}}s:3:\"7.2\";a:13:{s:4:\"name\";s:10:\"drupal 7.2\";s:7:\"version\";s:3:\"7.2\";s:3:\"tag\";s:3:\"7.2\";s:13:\"version_major\";s:1:\"7\";s:13:\"version_patch\";s:1:\"2\";s:6:\"status\";s:9:\"published\";s:12:\"release_link\";s:31:\"https://drupal.org/node/1168946\";s:13:\"download_link\";s:54:\"http://ftp.drupal.org/files/projects/drupal-7.2.tar.gz\";s:4:\"date\";s:10:\"1306357017\";s:6:\"mdhash\";s:32:\"cf88c87e3694ebd15b62ba6f6a69124f\";s:8:\"filesize\";s:7:\"2731345\";s:5:\"files\";s:11:\"\n   \n   \n  \";s:5:\"terms\";a:1:{s:12:\"Release type\";a:1:{i:0;s:9:\"Bug fixes\";}}}s:3:\"7.1\";a:13:{s:4:\"name\";s:10:\"drupal 7.1\";s:7:\"version\";s:3:\"7.1\";s:3:\"tag\";s:3:\"7.1\";s:13:\"version_major\";s:1:\"7\";s:13:\"version_patch\";s:1:\"1\";s:6:\"status\";s:9:\"published\";s:12:\"release_link\";s:31:\"https://drupal.org/node/1168910\";s:13:\"download_link\";s:54:\"http://ftp.drupal.org/files/projects/drupal-7.1.tar.gz\";s:4:\"date\";s:10:\"1306354916\";s:6:\"mdhash\";s:32:\"27eb45cb894a76f3a9ae6715584a10cc\";s:8:\"filesize\";s:7:\"2713977\";s:5:\"files\";s:11:\"\n   \n   \n  \";s:5:\"terms\";a:1:{s:12:\"Release type\";a:1:{i:0;s:15:\"Security update\";}}}s:3:\"7.0\";a:13:{s:4:\"name\";s:10:\"drupal 7.0\";s:7:\"version\";s:3:\"7.0\";s:3:\"tag\";s:3:\"7.0\";s:13:\"version_major\";s:1:\"7\";s:13:\"version_patch\";s:1:\"0\";s:6:\"status\";s:9:\"published\";s:12:\"release_link\";s:31:\"https://drupal.org/node/1015392\";s:13:\"download_link\";s:54:\"http://ftp.drupal.org/files/projects/drupal-7.0.tar.gz\";s:4:\"date\";s:10:\"1294208759\";s:6:\"mdhash\";s:32:\"e96c0a5e47c5d7706897384069dfb920\";s:8:\"filesize\";s:7:\"2728271\";s:5:\"files\";s:11:\"\n   \n   \n  \";s:5:\"terms\";a:1:{s:12:\"Release type\";a:1:{i:0;s:9:\"Bug fixes\";}}}s:7:\"7.0-rc4\";a:14:{s:4:\"name\";s:14:\"drupal 7.0-rc4\";s:7:\"version\";s:7:\"7.0-rc4\";s:3:\"tag\";s:8:\"7.0-rc-4\";s:13:\"version_major\";s:1:\"7\";s:13:\"version_patch\";s:1:\"0\";s:13:\"version_extra\";s:3:\"rc4\";s:6:\"status\";s:9:\"published\";s:12:\"release_link\";s:31:\"https://drupal.org/node/1010382\";s:13:\"download_link\";s:58:\"http://ftp.drupal.org/files/projects/drupal-7.0-rc4.tar.gz\";s:4:\"date\";s:10:\"1293684084\";s:6:\"mdhash\";s:32:\"104c08e609c64bb1e45b55a7ad1ad857\";s:8:\"filesize\";s:7:\"2717666\";s:5:\"files\";s:11:\"\n   \n   \n  \";s:5:\"terms\";a:1:{s:12:\"Release type\";a:1:{i:0;s:9:\"Bug fixes\";}}}s:7:\"7.0-rc3\";a:14:{s:4:\"name\";s:14:\"drupal 7.0-rc3\";s:7:\"version\";s:7:\"7.0-rc3\";s:3:\"tag\";s:8:\"7.0-rc-3\";s:13:\"version_major\";s:1:\"7\";s:13:\"version_patch\";s:1:\"0\";s:13:\"version_extra\";s:3:\"rc3\";s:6:\"status\";s:9:\"published\";s:12:\"release_link\";s:31:\"https://drupal.org/node/1005976\";s:13:\"download_link\";s:58:\"http://ftp.drupal.org/files/projects/drupal-7.0-rc3.tar.gz\";s:4:\"date\";s:10:\"1293099424\";s:6:\"mdhash\";s:32:\"be9a3f190e2648fa03dcb2bf3d8be199\";s:8:\"filesize\";s:7:\"2719115\";s:5:\"files\";s:11:\"\n   \n   \n  \";s:5:\"terms\";a:1:{s:12:\"Release type\";a:2:{i:0;s:15:\"Security update\";i:1;s:9:\"Bug fixes\";}}}s:7:\"7.0-rc2\";a:14:{s:4:\"name\";s:14:\"drupal 7.0-rc2\";s:7:\"version\";s:7:\"7.0-rc2\";s:3:\"tag\";s:8:\"7.0-rc-2\";s:13:\"version_major\";s:1:\"7\";s:13:\"version_patch\";s:1:\"0\";s:13:\"version_extra\";s:3:\"rc2\";s:6:\"status\";s:9:\"published\";s:12:\"release_link\";s:30:\"https://drupal.org/node/995778\";s:13:\"download_link\";s:58:\"http://ftp.drupal.org/files/projects/drupal-7.0-rc2.tar.gz\";s:4:\"date\";s:10:\"1292101847\";s:6:\"mdhash\";s:32:\"f31982c73f1707ddccb2927325bc9cb9\";s:8:\"filesize\";s:7:\"2705734\";s:5:\"files\";s:11:\"\n   \n   \n  \";s:5:\"terms\";a:1:{s:12:\"Release type\";a:2:{i:0;s:15:\"Security update\";i:1;s:9:\"Bug fixes\";}}}s:7:\"7.0-rc1\";a:14:{s:4:\"name\";s:14:\"drupal 7.0-rc1\";s:7:\"version\";s:7:\"7.0-rc1\";s:3:\"tag\";s:8:\"7.0-rc-1\";s:13:\"version_major\";s:1:\"7\";s:13:\"version_patch\";s:1:\"0\";s:13:\"version_extra\";s:3:\"rc1\";s:6:\"status\";s:9:\"published\";s:12:\"release_link\";s:30:\"https://drupal.org/node/985946\";s:13:\"download_link\";s:58:\"http://ftp.drupal.org/files/projects/drupal-7.0-rc1.tar.gz\";s:4:\"date\";s:10:\"1291190142\";s:6:\"mdhash\";s:32:\"b554e79cf60c02d4dec592151c4b58ee\";s:8:\"filesize\";s:7:\"2694689\";s:5:\"files\";s:11:\"\n   \n   \n  \";s:5:\"terms\";a:1:{s:12:\"Release type\";a:3:{i:0;s:15:\"Security update\";i:1;s:12:\"New features\";i:2;s:9:\"Bug fixes\";}}}s:9:\"7.0-beta3\";a:14:{s:4:\"name\";s:16:\"drupal 7.0-beta3\";s:7:\"version\";s:9:\"7.0-beta3\";s:3:\"tag\";s:9:\"7.0-beta3\";s:13:\"version_major\";s:1:\"7\";s:13:\"version_patch\";s:1:\"0\";s:13:\"version_extra\";s:5:\"beta3\";s:6:\"status\";s:9:\"published\";s:12:\"release_link\";s:30:\"https://drupal.org/node/971088\";s:13:\"download_link\";s:60:\"http://ftp.drupal.org/files/projects/drupal-7.0-beta3.tar.gz\";s:4:\"date\";s:10:\"1289694735\";s:6:\"mdhash\";s:32:\"c942f010a2535586c4578cd7b107c652\";s:8:\"filesize\";s:7:\"2660883\";s:5:\"files\";s:11:\"\n   \n   \n  \";s:5:\"terms\";a:1:{s:12:\"Release type\";a:3:{i:0;s:15:\"Security update\";i:1;s:12:\"New features\";i:2;s:9:\"Bug fixes\";}}}s:9:\"7.0-beta2\";a:14:{s:4:\"name\";s:16:\"drupal 7.0-beta2\";s:7:\"version\";s:9:\"7.0-beta2\";s:3:\"tag\";s:9:\"7.0-beta2\";s:13:\"version_major\";s:1:\"7\";s:13:\"version_patch\";s:1:\"0\";s:13:\"version_extra\";s:5:\"beta2\";s:6:\"status\";s:9:\"published\";s:12:\"release_link\";s:30:\"https://drupal.org/node/950318\";s:13:\"download_link\";s:60:\"http://ftp.drupal.org/files/projects/drupal-7.0-beta2.tar.gz\";s:4:\"date\";s:10:\"1287812133\";s:6:\"mdhash\";s:32:\"c2de0bdb657b77af8c8369a355cab8ce\";s:8:\"filesize\";s:7:\"2638949\";s:5:\"files\";s:11:\"\n   \n   \n  \";s:5:\"terms\";a:1:{s:12:\"Release type\";a:2:{i:0;s:12:\"New features\";i:1;s:9:\"Bug fixes\";}}}s:9:\"7.0-beta1\";a:14:{s:4:\"name\";s:16:\"drupal 7.0-beta1\";s:7:\"version\";s:9:\"7.0-beta1\";s:3:\"tag\";s:9:\"7.0-beta1\";s:13:\"version_major\";s:1:\"7\";s:13:\"version_patch\";s:1:\"0\";s:13:\"version_extra\";s:5:\"beta1\";s:6:\"status\";s:9:\"published\";s:12:\"release_link\";s:30:\"https://drupal.org/node/934174\";s:13:\"download_link\";s:60:\"http://ftp.drupal.org/files/projects/drupal-7.0-beta1.tar.gz\";s:4:\"date\";s:10:\"1286422866\";s:6:\"mdhash\";s:32:\"490ce0d95eacc15f2918becd60f6821c\";s:8:\"filesize\";s:7:\"2622225\";s:5:\"files\";s:11:\"\n   \n   \n  \";s:5:\"terms\";a:1:{s:12:\"Release type\";a:2:{i:0;s:15:\"Security update\";i:1;s:9:\"Bug fixes\";}}}s:10:\"7.0-alpha7\";a:14:{s:4:\"name\";s:17:\"drupal 7.0-alpha7\";s:7:\"version\";s:10:\"7.0-alpha7\";s:3:\"tag\";s:10:\"7.0-alpha7\";s:13:\"version_major\";s:1:\"7\";s:13:\"version_patch\";s:1:\"0\";s:13:\"version_extra\";s:6:\"alpha7\";s:6:\"status\";s:9:\"published\";s:12:\"release_link\";s:30:\"https://drupal.org/node/913030\";s:13:\"download_link\";s:61:\"http://ftp.drupal.org/files/projects/drupal-7.0-alpha7.tar.gz\";s:4:\"date\";s:10:\"1284599764\";s:6:\"mdhash\";s:32:\"15183fcf862be97f7e96991e6e56fe2e\";s:8:\"filesize\";s:7:\"2586833\";s:5:\"files\";s:11:\"\n   \n   \n  \";s:5:\"terms\";a:1:{s:12:\"Release type\";a:2:{i:0;s:15:\"Security update\";i:1;s:9:\"Bug fixes\";}}}s:10:\"7.0-alpha6\";a:14:{s:4:\"name\";s:17:\"drupal 7.0-alpha6\";s:7:\"version\";s:10:\"7.0-alpha6\";s:3:\"tag\";s:10:\"7.0-alpha6\";s:13:\"version_major\";s:1:\"7\";s:13:\"version_patch\";s:1:\"0\";s:13:\"version_extra\";s:6:\"alpha6\";s:6:\"status\";s:9:\"published\";s:12:\"release_link\";s:30:\"https://drupal.org/node/848970\";s:13:\"download_link\";s:61:\"http://ftp.drupal.org/files/projects/drupal-7.0-alpha6.tar.gz\";s:4:\"date\";s:10:\"1278634809\";s:6:\"mdhash\";s:32:\"eb64647263affc36f76d1e7ffb751d32\";s:8:\"filesize\";s:7:\"2458211\";s:5:\"files\";s:11:\"\n   \n   \n  \";s:5:\"terms\";a:1:{s:12:\"Release type\";a:3:{i:0;s:15:\"Security update\";i:1;s:12:\"New features\";i:2;s:9:\"Bug fixes\";}}}s:10:\"7.0-alpha5\";a:14:{s:4:\"name\";s:17:\"drupal 7.0-alpha5\";s:7:\"version\";s:10:\"7.0-alpha5\";s:3:\"tag\";s:10:\"7.0-alpha5\";s:13:\"version_major\";s:1:\"7\";s:13:\"version_patch\";s:1:\"0\";s:13:\"version_extra\";s:6:\"alpha5\";s:6:\"status\";s:9:\"published\";s:12:\"release_link\";s:30:\"https://drupal.org/node/806978\";s:13:\"download_link\";s:61:\"http://ftp.drupal.org/files/projects/drupal-7.0-alpha5.tar.gz\";s:4:\"date\";s:10:\"1274628613\";s:6:\"mdhash\";s:32:\"de9c1d51f0ce730f7356bd0a160e8ce1\";s:8:\"filesize\";s:7:\"2424226\";s:5:\"files\";s:11:\"\n   \n   \n  \";s:5:\"terms\";a:1:{s:12:\"Release type\";a:2:{i:0;s:15:\"Security update\";i:1;s:9:\"Bug fixes\";}}}s:10:\"7.0-alpha4\";a:14:{s:4:\"name\";s:17:\"drupal 7.0-alpha4\";s:7:\"version\";s:10:\"7.0-alpha4\";s:3:\"tag\";s:10:\"7.0-alpha4\";s:13:\"version_major\";s:1:\"7\";s:13:\"version_patch\";s:1:\"0\";s:13:\"version_extra\";s:6:\"alpha4\";s:6:\"status\";s:9:\"published\";s:12:\"release_link\";s:30:\"https://drupal.org/node/782394\";s:13:\"download_link\";s:61:\"http://ftp.drupal.org/files/projects/drupal-7.0-alpha4.tar.gz\";s:4:\"date\";s:10:\"1272318014\";s:6:\"mdhash\";s:32:\"c8f371a388bc65b2211d7d29856fb993\";s:8:\"filesize\";s:7:\"2403384\";s:5:\"files\";s:11:\"\n   \n   \n  \";s:5:\"terms\";a:1:{s:12:\"Release type\";a:2:{i:0;s:15:\"Security update\";i:1;s:9:\"Bug fixes\";}}}s:10:\"7.0-alpha3\";a:14:{s:4:\"name\";s:17:\"drupal 7.0-alpha3\";s:7:\"version\";s:10:\"7.0-alpha3\";s:3:\"tag\";s:10:\"7.0-alpha3\";s:13:\"version_major\";s:1:\"7\";s:13:\"version_patch\";s:1:\"0\";s:13:\"version_extra\";s:6:\"alpha3\";s:6:\"status\";s:9:\"published\";s:12:\"release_link\";s:30:\"https://drupal.org/node/748690\";s:13:\"download_link\";s:61:\"http://ftp.drupal.org/files/projects/drupal-7.0-alpha3.tar.gz\";s:4:\"date\";s:10:\"1269192317\";s:6:\"mdhash\";s:32:\"9efc083f09d6b523d655bc90a6869945\";s:8:\"filesize\";s:7:\"2357934\";s:5:\"files\";s:11:\"\n   \n   \n  \";s:5:\"terms\";a:1:{s:12:\"Release type\";a:3:{i:0;s:15:\"Security update\";i:1;s:12:\"New features\";i:2;s:9:\"Bug fixes\";}}}s:10:\"7.0-alpha2\";a:14:{s:4:\"name\";s:17:\"drupal 7.0-alpha2\";s:7:\"version\";s:10:\"7.0-alpha2\";s:3:\"tag\";s:10:\"7.0-alpha2\";s:13:\"version_major\";s:1:\"7\";s:13:\"version_patch\";s:1:\"0\";s:13:\"version_extra\";s:6:\"alpha2\";s:6:\"status\";s:9:\"published\";s:12:\"release_link\";s:30:\"https://drupal.org/node/721114\";s:13:\"download_link\";s:61:\"http://ftp.drupal.org/files/projects/drupal-7.0-alpha2.tar.gz\";s:4:\"date\";s:10:\"1266777910\";s:6:\"mdhash\";s:32:\"cfbfdd2249638a266054f2532348065d\";s:8:\"filesize\";s:7:\"2314834\";s:5:\"files\";s:11:\"\n   \n   \n  \";s:5:\"terms\";a:1:{s:12:\"Release type\";a:1:{i:0;s:9:\"Bug fixes\";}}}s:10:\"7.0-alpha1\";a:14:{s:4:\"name\";s:17:\"drupal 7.0-alpha1\";s:7:\"version\";s:10:\"7.0-alpha1\";s:3:\"tag\";s:10:\"7.0-alpha1\";s:13:\"version_major\";s:1:\"7\";s:13:\"version_patch\";s:1:\"0\";s:13:\"version_extra\";s:6:\"alpha1\";s:6:\"status\";s:9:\"published\";s:12:\"release_link\";s:30:\"https://drupal.org/node/685748\";s:13:\"download_link\";s:61:\"http://ftp.drupal.org/files/projects/drupal-7.0-alpha1.tar.gz\";s:4:\"date\";s:10:\"1263566711\";s:6:\"mdhash\";s:32:\"508109c6cf0ead868e02d8c3db2a4d1f\";s:8:\"filesize\";s:7:\"2283220\";s:5:\"files\";s:11:\"\n   \n   \n  \";s:5:\"terms\";a:1:{s:12:\"Release type\";a:1:{i:0;s:12:\"New features\";}}}s:7:\"7.x-dev\";a:13:{s:4:\"name\";s:14:\"Drupal 7.x-dev\";s:7:\"version\";s:7:\"7.x-dev\";s:3:\"tag\";s:3:\"7.x\";s:13:\"version_major\";s:1:\"7\";s:13:\"version_extra\";s:3:\"dev\";s:6:\"status\";s:9:\"published\";s:12:\"release_link\";s:30:\"https://drupal.org/node/156281\";s:13:\"download_link\";s:58:\"http://ftp.drupal.org/files/projects/drupal-7.x-dev.tar.gz\";s:4:\"date\";s:10:\"1396746251\";s:6:\"mdhash\";s:32:\"2421f597d280db6d62a5fbf69f9f093d\";s:8:\"filesize\";s:7:\"3207724\";s:5:\"files\";s:11:\"\n   \n   \n  \";s:5:\"terms\";a:1:{s:12:\"Release type\";a:2:{i:0;s:12:\"New features\";i:1;s:9:\"Bug fixes\";}}}}}',1397301032,1397214632,1),('available_releases::jquery_update','a:11:{s:5:\"title\";s:13:\"jQuery Update\";s:10:\"short_name\";s:13:\"jquery_update\";s:4:\"type\";s:14:\"project_module\";s:11:\"api_version\";s:3:\"7.x\";s:17:\"recommended_major\";s:1:\"2\";s:16:\"supported_majors\";s:1:\"2\";s:13:\"default_major\";s:1:\"2\";s:14:\"project_status\";s:9:\"published\";s:4:\"link\";s:40:\"https://drupal.org/project/jquery_update\";s:5:\"terms\";s:19:\"\n   \n   \n   \n   \n  \";s:8:\"releases\";a:9:{s:7:\"7.x-2.4\";a:13:{s:4:\"name\";s:21:\"jquery_update 7.x-2.4\";s:7:\"version\";s:7:\"7.x-2.4\";s:3:\"tag\";s:7:\"7.x-2.4\";s:13:\"version_major\";s:1:\"2\";s:13:\"version_patch\";s:1:\"4\";s:6:\"status\";s:9:\"published\";s:12:\"release_link\";s:31:\"https://drupal.org/node/2231919\";s:13:\"download_link\";s:65:\"http://ftp.drupal.org/files/projects/jquery_update-7.x-2.4.tar.gz\";s:4:\"date\";s:10:\"1396482245\";s:6:\"mdhash\";s:32:\"9cc4f8b964202f1d6f005a43a08060c6\";s:8:\"filesize\";s:7:\"1199709\";s:5:\"files\";s:11:\"\n   \n   \n  \";s:5:\"terms\";a:1:{s:12:\"Release type\";a:2:{i:0;s:9:\"Bug fixes\";i:1;s:12:\"New features\";}}}s:7:\"7.x-2.3\";a:13:{s:4:\"name\";s:21:\"jquery_update 7.x-2.3\";s:7:\"version\";s:7:\"7.x-2.3\";s:3:\"tag\";s:7:\"7.x-2.3\";s:13:\"version_major\";s:1:\"2\";s:13:\"version_patch\";s:1:\"3\";s:6:\"status\";s:9:\"published\";s:12:\"release_link\";s:31:\"https://drupal.org/node/1912546\";s:13:\"download_link\";s:65:\"http://ftp.drupal.org/files/projects/jquery_update-7.x-2.3.tar.gz\";s:4:\"date\";s:10:\"1360375905\";s:6:\"mdhash\";s:32:\"2d5a1e594a027fa849ed250f5dfef7c5\";s:8:\"filesize\";s:6:\"709788\";s:5:\"files\";s:11:\"\n   \n   \n  \";s:5:\"terms\";a:1:{s:12:\"Release type\";a:2:{i:0;s:12:\"New features\";i:1;s:9:\"Bug fixes\";}}}s:14:\"7.x-2.3-alpha1\";a:14:{s:4:\"name\";s:28:\"jquery_update 7.x-2.3-alpha1\";s:7:\"version\";s:14:\"7.x-2.3-alpha1\";s:3:\"tag\";s:14:\"7.x-2.3-alpha1\";s:13:\"version_major\";s:1:\"2\";s:13:\"version_patch\";s:1:\"3\";s:13:\"version_extra\";s:6:\"alpha1\";s:6:\"status\";s:9:\"published\";s:12:\"release_link\";s:31:\"https://drupal.org/node/1797336\";s:13:\"download_link\";s:72:\"http://ftp.drupal.org/files/projects/jquery_update-7.x-2.3-alpha1.tar.gz\";s:4:\"date\";s:10:\"1348790474\";s:6:\"mdhash\";s:32:\"2fe04a30f74e47c0b1a4ce24023a39fa\";s:8:\"filesize\";s:6:\"709779\";s:5:\"files\";s:11:\"\n   \n   \n  \";s:5:\"terms\";a:0:{}}s:7:\"7.x-2.2\";a:13:{s:4:\"name\";s:21:\"jquery_update 7.x-2.2\";s:7:\"version\";s:7:\"7.x-2.2\";s:3:\"tag\";s:7:\"7.x-2.2\";s:13:\"version_major\";s:1:\"2\";s:13:\"version_patch\";s:1:\"2\";s:6:\"status\";s:9:\"published\";s:12:\"release_link\";s:31:\"https://drupal.org/node/1115508\";s:13:\"download_link\";s:65:\"http://ftp.drupal.org/files/projects/jquery_update-7.x-2.2.tar.gz\";s:4:\"date\";s:10:\"1301920269\";s:6:\"mdhash\";s:32:\"944e097382c08d9a3ba5028ac700162b\";s:8:\"filesize\";s:6:\"482023\";s:5:\"files\";s:11:\"\n   \n   \n  \";s:5:\"terms\";a:1:{s:12:\"Release type\";a:2:{i:0;s:12:\"New features\";i:1;s:9:\"Bug fixes\";}}}s:7:\"7.x-2.1\";a:13:{s:4:\"name\";s:21:\"jquery_update 7.x-2.1\";s:7:\"version\";s:7:\"7.x-2.1\";s:3:\"tag\";s:7:\"7.x-2.1\";s:13:\"version_major\";s:1:\"2\";s:13:\"version_patch\";s:1:\"1\";s:6:\"status\";s:9:\"published\";s:12:\"release_link\";s:31:\"https://drupal.org/node/1099392\";s:13:\"download_link\";s:65:\"http://ftp.drupal.org/files/projects/jquery_update-7.x-2.1.tar.gz\";s:4:\"date\";s:10:\"1300647067\";s:6:\"mdhash\";s:32:\"6b6f9064e23aaede7ce9f04ded255a57\";s:8:\"filesize\";s:6:\"479984\";s:5:\"files\";s:11:\"\n   \n   \n  \";s:5:\"terms\";a:1:{s:12:\"Release type\";a:1:{i:0;s:9:\"Bug fixes\";}}}s:7:\"7.x-2.0\";a:13:{s:4:\"name\";s:21:\"jquery_update 7.x-2.0\";s:7:\"version\";s:7:\"7.x-2.0\";s:3:\"tag\";s:7:\"7.x-2.0\";s:13:\"version_major\";s:1:\"2\";s:13:\"version_patch\";s:1:\"0\";s:6:\"status\";s:9:\"published\";s:12:\"release_link\";s:31:\"https://drupal.org/node/1059012\";s:13:\"download_link\";s:65:\"http://ftp.drupal.org/files/projects/jquery_update-7.x-2.0.tar.gz\";s:4:\"date\";s:10:\"1297454705\";s:6:\"mdhash\";s:32:\"de6d8095e0bdd4e231922974df3f8fc7\";s:8:\"filesize\";s:6:\"476204\";s:5:\"files\";s:11:\"\n   \n   \n  \";s:5:\"terms\";a:1:{s:12:\"Release type\";a:1:{i:0;s:12:\"New features\";}}}s:7:\"7.x-1.0\";a:13:{s:4:\"name\";s:21:\"jquery_update 7.x-1.0\";s:7:\"version\";s:7:\"7.x-1.0\";s:3:\"tag\";s:7:\"7.x-1.0\";s:13:\"version_major\";s:1:\"1\";s:13:\"version_patch\";s:1:\"0\";s:6:\"status\";s:9:\"published\";s:12:\"release_link\";s:31:\"https://drupal.org/node/1058970\";s:13:\"download_link\";s:65:\"http://ftp.drupal.org/files/projects/jquery_update-7.x-1.0.tar.gz\";s:4:\"date\";s:10:\"1297453316\";s:6:\"mdhash\";s:32:\"4fa3749b8e477b76341d72a5516344d8\";s:8:\"filesize\";s:6:\"476208\";s:5:\"files\";s:11:\"\n   \n   \n  \";s:5:\"terms\";a:0:{}}s:11:\"7.x-2.x-dev\";a:13:{s:4:\"name\";s:25:\"jquery_update 7.x-2.x-dev\";s:7:\"version\";s:11:\"7.x-2.x-dev\";s:3:\"tag\";s:7:\"7.x-2.x\";s:13:\"version_major\";s:1:\"2\";s:13:\"version_extra\";s:3:\"dev\";s:6:\"status\";s:9:\"published\";s:12:\"release_link\";s:30:\"https://drupal.org/node/405854\";s:13:\"download_link\";s:69:\"http://ftp.drupal.org/files/projects/jquery_update-7.x-2.x-dev.tar.gz\";s:4:\"date\";s:10:\"1396554259\";s:6:\"mdhash\";s:32:\"bcaf109e375087a4e47d7ed9dcc9e410\";s:8:\"filesize\";s:7:\"1200939\";s:5:\"files\";s:11:\"\n   \n   \n  \";s:5:\"terms\";a:0:{}}s:11:\"7.x-1.x-dev\";a:13:{s:4:\"name\";s:25:\"jquery_update 7.x-1.x-dev\";s:7:\"version\";s:11:\"7.x-1.x-dev\";s:3:\"tag\";s:7:\"7.x-1.x\";s:13:\"version_major\";s:1:\"1\";s:13:\"version_extra\";s:3:\"dev\";s:6:\"status\";s:9:\"published\";s:12:\"release_link\";s:31:\"https://drupal.org/node/1058116\";s:13:\"download_link\";s:69:\"http://ftp.drupal.org/files/projects/jquery_update-7.x-1.x-dev.tar.gz\";s:4:\"date\";s:10:\"1380584081\";s:6:\"mdhash\";s:32:\"9d1b43a6e55ea389f03cd338ab9c5f35\";s:8:\"filesize\";s:6:\"472169\";s:5:\"files\";s:11:\"\n   \n   \n  \";s:5:\"terms\";a:0:{}}}}',1397301035,1397214632,1),('available_releases::menu_block','a:11:{s:5:\"title\";s:10:\"Menu block\";s:10:\"short_name\";s:10:\"menu_block\";s:4:\"type\";s:14:\"project_module\";s:11:\"api_version\";s:3:\"7.x\";s:17:\"recommended_major\";s:1:\"2\";s:16:\"supported_majors\";s:3:\"2,3\";s:13:\"default_major\";s:1:\"2\";s:14:\"project_status\";s:9:\"published\";s:4:\"link\";s:37:\"https://drupal.org/project/menu_block\";s:5:\"terms\";s:23:\"\n   \n   \n   \n   \n   \n  \";s:8:\"releases\";a:10:{s:7:\"7.x-2.3\";a:13:{s:4:\"name\";s:18:\"menu_block 7.x-2.3\";s:7:\"version\";s:7:\"7.x-2.3\";s:3:\"tag\";s:7:\"7.x-2.3\";s:13:\"version_major\";s:1:\"2\";s:13:\"version_patch\";s:1:\"3\";s:6:\"status\";s:9:\"published\";s:12:\"release_link\";s:31:\"https://drupal.org/node/1427396\";s:13:\"download_link\";s:62:\"http://ftp.drupal.org/files/projects/menu_block-7.x-2.3.tar.gz\";s:4:\"date\";s:10:\"1328286646\";s:6:\"mdhash\";s:32:\"4d307621d347d2245031ca8b64244069\";s:8:\"filesize\";s:5:\"34795\";s:5:\"files\";s:11:\"\n   \n   \n  \";s:5:\"terms\";a:1:{s:12:\"Release type\";a:2:{i:0;s:12:\"New features\";i:1;s:9:\"Bug fixes\";}}}s:7:\"7.x-2.2\";a:13:{s:4:\"name\";s:18:\"menu_block 7.x-2.2\";s:7:\"version\";s:7:\"7.x-2.2\";s:3:\"tag\";s:7:\"7.x-2.2\";s:13:\"version_major\";s:1:\"2\";s:13:\"version_patch\";s:1:\"2\";s:6:\"status\";s:9:\"published\";s:12:\"release_link\";s:31:\"https://drupal.org/node/1086424\";s:13:\"download_link\";s:62:\"http://ftp.drupal.org/files/projects/menu_block-7.x-2.2.tar.gz\";s:4:\"date\";s:10:\"1299683174\";s:6:\"mdhash\";s:32:\"8220095bb1c9a1f64134a0d8e4700008\";s:8:\"filesize\";s:5:\"34966\";s:5:\"files\";s:11:\"\n   \n   \n  \";s:5:\"terms\";a:1:{s:12:\"Release type\";a:1:{i:0;s:9:\"Bug fixes\";}}}s:7:\"7.x-2.1\";a:13:{s:4:\"name\";s:18:\"menu_block 7.x-2.1\";s:7:\"version\";s:7:\"7.x-2.1\";s:3:\"tag\";s:7:\"7.x-2.1\";s:13:\"version_major\";s:1:\"2\";s:13:\"version_patch\";s:1:\"1\";s:6:\"status\";s:9:\"published\";s:12:\"release_link\";s:31:\"https://drupal.org/node/1052422\";s:13:\"download_link\";s:62:\"http://ftp.drupal.org/files/projects/menu_block-7.x-2.1.tar.gz\";s:4:\"date\";s:10:\"1296950749\";s:6:\"mdhash\";s:32:\"475ba491a9322bc39d884ae273df2ebd\";s:8:\"filesize\";s:5:\"34325\";s:5:\"files\";s:11:\"\n   \n   \n  \";s:5:\"terms\";a:1:{s:12:\"Release type\";a:1:{i:0;s:9:\"Bug fixes\";}}}s:7:\"7.x-2.0\";a:13:{s:4:\"name\";s:18:\"menu_block 7.x-2.0\";s:7:\"version\";s:7:\"7.x-2.0\";s:3:\"tag\";s:7:\"7.x-2.0\";s:13:\"version_major\";s:1:\"2\";s:13:\"version_patch\";s:1:\"0\";s:6:\"status\";s:9:\"published\";s:12:\"release_link\";s:31:\"https://drupal.org/node/1022496\";s:13:\"download_link\";s:62:\"http://ftp.drupal.org/files/projects/menu_block-7.x-2.0.tar.gz\";s:4:\"date\";s:10:\"1294728069\";s:6:\"mdhash\";s:32:\"028fa357e5ea17820db72bf944c7f321\";s:8:\"filesize\";s:5:\"34553\";s:5:\"files\";s:11:\"\n   \n   \n  \";s:5:\"terms\";a:1:{s:12:\"Release type\";a:2:{i:0;s:12:\"New features\";i:1;s:9:\"Bug fixes\";}}}s:13:\"7.x-2.0-beta4\";a:14:{s:4:\"name\";s:24:\"menu_block 7.x-2.0-beta4\";s:7:\"version\";s:13:\"7.x-2.0-beta4\";s:3:\"tag\";s:13:\"7.x-2.0-beta4\";s:13:\"version_major\";s:1:\"2\";s:13:\"version_patch\";s:1:\"0\";s:13:\"version_extra\";s:5:\"beta4\";s:6:\"status\";s:9:\"published\";s:12:\"release_link\";s:30:\"https://drupal.org/node/925710\";s:13:\"download_link\";s:68:\"http://ftp.drupal.org/files/projects/menu_block-7.x-2.0-beta4.tar.gz\";s:4:\"date\";s:10:\"1285708862\";s:6:\"mdhash\";s:32:\"3a08cc3cc607d96c0c3985eec66079a5\";s:8:\"filesize\";s:5:\"38659\";s:5:\"files\";s:11:\"\n   \n   \n  \";s:5:\"terms\";a:0:{}}s:13:\"7.x-2.0-beta3\";a:14:{s:4:\"name\";s:24:\"menu_block 7.x-2.0-beta3\";s:7:\"version\";s:13:\"7.x-2.0-beta3\";s:3:\"tag\";s:13:\"7.x-2.0-beta3\";s:13:\"version_major\";s:1:\"2\";s:13:\"version_patch\";s:1:\"0\";s:13:\"version_extra\";s:5:\"beta3\";s:6:\"status\";s:9:\"published\";s:12:\"release_link\";s:30:\"https://drupal.org/node/925638\";s:13:\"download_link\";s:68:\"http://ftp.drupal.org/files/projects/menu_block-7.x-2.0-beta3.tar.gz\";s:4:\"date\";s:10:\"1285704962\";s:6:\"mdhash\";s:32:\"742f97eccb1be8781c8632a57e62b6c4\";s:8:\"filesize\";s:5:\"38611\";s:5:\"files\";s:11:\"\n   \n   \n  \";s:5:\"terms\";a:1:{s:12:\"Release type\";a:2:{i:0;s:12:\"New features\";i:1;s:9:\"Bug fixes\";}}}s:13:\"7.x-2.0-beta2\";a:14:{s:4:\"name\";s:24:\"menu_block 7.x-2.0-beta2\";s:7:\"version\";s:13:\"7.x-2.0-beta2\";s:3:\"tag\";s:13:\"7.x-2.0-beta2\";s:13:\"version_major\";s:1:\"2\";s:13:\"version_patch\";s:1:\"0\";s:13:\"version_extra\";s:5:\"beta2\";s:6:\"status\";s:9:\"published\";s:12:\"release_link\";s:30:\"https://drupal.org/node/773380\";s:13:\"download_link\";s:68:\"http://ftp.drupal.org/files/projects/menu_block-7.x-2.0-beta2.tar.gz\";s:4:\"date\";s:10:\"1271435107\";s:6:\"mdhash\";s:32:\"e930e08d4e52edc43fba75fc0b104455\";s:8:\"filesize\";s:5:\"37374\";s:5:\"files\";s:11:\"\n   \n   \n  \";s:5:\"terms\";a:1:{s:12:\"Release type\";a:2:{i:0;s:12:\"New features\";i:1;s:9:\"Bug fixes\";}}}s:13:\"7.x-2.0-beta1\";a:14:{s:4:\"name\";s:24:\"menu_block 7.x-2.0-beta1\";s:7:\"version\";s:13:\"7.x-2.0-beta1\";s:3:\"tag\";s:13:\"7.x-2.0-beta1\";s:13:\"version_major\";s:1:\"2\";s:13:\"version_patch\";s:1:\"0\";s:13:\"version_extra\";s:5:\"beta1\";s:6:\"status\";s:9:\"published\";s:12:\"release_link\";s:30:\"https://drupal.org/node/754408\";s:13:\"download_link\";s:68:\"http://ftp.drupal.org/files/projects/menu_block-7.x-2.0-beta1.tar.gz\";s:4:\"date\";s:10:\"1269641717\";s:6:\"mdhash\";s:32:\"1572b2226be88146a6e7c7d7b293c876\";s:8:\"filesize\";s:5:\"35580\";s:5:\"files\";s:11:\"\n   \n   \n  \";s:5:\"terms\";a:1:{s:12:\"Release type\";a:1:{i:0;s:12:\"New features\";}}}s:11:\"7.x-3.x-dev\";a:13:{s:4:\"name\";s:22:\"menu_block 7.x-3.x-dev\";s:7:\"version\";s:11:\"7.x-3.x-dev\";s:3:\"tag\";s:7:\"7.x-3.x\";s:13:\"version_major\";s:1:\"3\";s:13:\"version_extra\";s:3:\"dev\";s:6:\"status\";s:9:\"published\";s:12:\"release_link\";s:30:\"https://drupal.org/node/749830\";s:13:\"download_link\";s:66:\"http://ftp.drupal.org/files/projects/menu_block-7.x-3.x-dev.tar.gz\";s:4:\"date\";s:10:\"1380586783\";s:6:\"mdhash\";s:32:\"4c5be1f72b501756e14eef14e28bc18d\";s:8:\"filesize\";s:5:\"35052\";s:5:\"files\";s:11:\"\n   \n   \n  \";s:5:\"terms\";a:0:{}}s:11:\"7.x-2.x-dev\";a:13:{s:4:\"name\";s:22:\"menu_block 7.x-2.x-dev\";s:7:\"version\";s:11:\"7.x-2.x-dev\";s:3:\"tag\";s:7:\"7.x-2.x\";s:13:\"version_major\";s:1:\"2\";s:13:\"version_extra\";s:3:\"dev\";s:6:\"status\";s:9:\"published\";s:12:\"release_link\";s:30:\"https://drupal.org/node/754396\";s:13:\"download_link\";s:66:\"http://ftp.drupal.org/files/projects/menu_block-7.x-2.x-dev.tar.gz\";s:4:\"date\";s:10:\"1380586781\";s:6:\"mdhash\";s:32:\"588eeb70342fd699050b032018231615\";s:8:\"filesize\";s:5:\"36086\";s:5:\"files\";s:11:\"\n   \n   \n  \";s:5:\"terms\";a:0:{}}}}',1397301036,1397214632,1),('available_releases::skeletontheme','a:11:{s:5:\"title\";s:8:\"Skeleton\";s:10:\"short_name\";s:13:\"skeletontheme\";s:4:\"type\";s:13:\"project_theme\";s:11:\"api_version\";s:3:\"7.x\";s:17:\"recommended_major\";s:1:\"1\";s:16:\"supported_majors\";s:1:\"1\";s:13:\"default_major\";s:1:\"1\";s:14:\"project_status\";s:9:\"published\";s:4:\"link\";s:40:\"https://drupal.org/project/skeletontheme\";s:5:\"terms\";s:15:\"\n   \n   \n   \n  \";s:8:\"releases\";a:5:{s:7:\"7.x-1.4\";a:13:{s:4:\"name\";s:21:\"skeletontheme 7.x-1.4\";s:7:\"version\";s:7:\"7.x-1.4\";s:3:\"tag\";s:7:\"7.x-1.4\";s:13:\"version_major\";s:1:\"1\";s:13:\"version_patch\";s:1:\"4\";s:6:\"status\";s:9:\"published\";s:12:\"release_link\";s:31:\"https://drupal.org/node/2236259\";s:13:\"download_link\";s:65:\"http://ftp.drupal.org/files/projects/skeletontheme-7.x-1.4.tar.gz\";s:4:\"date\";s:10:\"1396987451\";s:6:\"mdhash\";s:32:\"9aef6b609e72a6cc015404ac8ae682c5\";s:8:\"filesize\";s:6:\"414759\";s:5:\"files\";s:11:\"\n   \n   \n  \";s:5:\"terms\";a:1:{s:12:\"Release type\";a:1:{i:0;s:15:\"Security update\";}}}s:7:\"7.x-1.3\";a:13:{s:4:\"name\";s:21:\"skeletontheme 7.x-1.3\";s:7:\"version\";s:7:\"7.x-1.3\";s:3:\"tag\";s:7:\"7.x-1.3\";s:13:\"version_major\";s:1:\"1\";s:13:\"version_patch\";s:1:\"3\";s:6:\"status\";s:9:\"published\";s:12:\"release_link\";s:31:\"https://drupal.org/node/2034271\";s:13:\"download_link\";s:65:\"http://ftp.drupal.org/files/projects/skeletontheme-7.x-1.3.tar.gz\";s:4:\"date\";s:10:\"1372878954\";s:6:\"mdhash\";s:32:\"a9e520cdb8225b4e7080cde8c0e2c632\";s:8:\"filesize\";s:6:\"414148\";s:5:\"files\";s:11:\"\n   \n   \n  \";s:5:\"terms\";a:1:{s:12:\"Release type\";a:2:{i:0;s:12:\"New features\";i:1;s:9:\"Bug fixes\";}}}s:7:\"7.x-1.2\";a:13:{s:4:\"name\";s:21:\"skeletontheme 7.x-1.2\";s:7:\"version\";s:7:\"7.x-1.2\";s:3:\"tag\";s:7:\"7.x-1.2\";s:13:\"version_major\";s:1:\"1\";s:13:\"version_patch\";s:1:\"2\";s:6:\"status\";s:9:\"published\";s:12:\"release_link\";s:31:\"https://drupal.org/node/1919036\";s:13:\"download_link\";s:65:\"http://ftp.drupal.org/files/projects/skeletontheme-7.x-1.2.tar.gz\";s:4:\"date\";s:10:\"1361062289\";s:6:\"mdhash\";s:32:\"d73d37fa8fd95957ef0f7c1b4ea4e192\";s:8:\"filesize\";s:6:\"413071\";s:5:\"files\";s:11:\"\n   \n   \n  \";s:5:\"terms\";a:1:{s:12:\"Release type\";a:2:{i:0;s:12:\"New features\";i:1;s:9:\"Bug fixes\";}}}s:7:\"7.x-1.1\";a:13:{s:4:\"name\";s:21:\"skeletontheme 7.x-1.1\";s:7:\"version\";s:7:\"7.x-1.1\";s:3:\"tag\";s:7:\"7.x-1.1\";s:13:\"version_major\";s:1:\"1\";s:13:\"version_patch\";s:1:\"1\";s:6:\"status\";s:9:\"published\";s:12:\"release_link\";s:31:\"https://drupal.org/node/1709952\";s:13:\"download_link\";s:65:\"http://ftp.drupal.org/files/projects/skeletontheme-7.x-1.1.tar.gz\";s:4:\"date\";s:10:\"1343892789\";s:6:\"mdhash\";s:32:\"aad8a53651a54dacca82a71b7947245e\";s:8:\"filesize\";s:6:\"411970\";s:5:\"files\";s:11:\"\n   \n   \n  \";s:5:\"terms\";a:1:{s:12:\"Release type\";a:1:{i:0;s:9:\"Bug fixes\";}}}s:7:\"7.x-1.0\";a:13:{s:4:\"name\";s:21:\"skeletontheme 7.x-1.0\";s:7:\"version\";s:7:\"7.x-1.0\";s:3:\"tag\";s:7:\"7.x-1.0\";s:13:\"version_major\";s:1:\"1\";s:13:\"version_patch\";s:1:\"0\";s:6:\"status\";s:9:\"published\";s:12:\"release_link\";s:31:\"https://drupal.org/node/1588842\";s:13:\"download_link\";s:65:\"http://ftp.drupal.org/files/projects/skeletontheme-7.x-1.0.tar.gz\";s:4:\"date\";s:10:\"1337357798\";s:6:\"mdhash\";s:32:\"8ea033ccf3aac65b4f2de39b8489f650\";s:8:\"filesize\";s:6:\"411946\";s:5:\"files\";s:11:\"\n   \n   \n  \";s:5:\"terms\";a:1:{s:12:\"Release type\";a:1:{i:0;s:12:\"New features\";}}}}}',1397301038,1397214638,1),('fetch_failures','a:0:{}',1397214938,1397214638,1),('update_project_data','a:6:{s:6:\"drupal\";a:17:{s:4:\"name\";s:6:\"drupal\";s:4:\"info\";a:6:{s:4:\"name\";s:5:\"Block\";s:7:\"package\";s:4:\"Core\";s:7:\"version\";s:4:\"7.26\";s:7:\"project\";s:6:\"drupal\";s:9:\"datestamp\";s:10:\"1389815930\";s:16:\"_info_file_ctime\";i:1394385029;}s:9:\"datestamp\";s:10:\"1389815930\";s:8:\"includes\";a:31:{s:5:\"block\";s:5:\"Block\";s:5:\"color\";s:5:\"Color\";s:7:\"comment\";s:7:\"Comment\";s:10:\"contextual\";s:16:\"Contextual links\";s:9:\"dashboard\";s:9:\"Dashboard\";s:5:\"dblog\";s:16:\"Database logging\";s:5:\"field\";s:5:\"Field\";s:17:\"field_sql_storage\";s:17:\"Field SQL storage\";s:8:\"field_ui\";s:8:\"Field UI\";s:4:\"file\";s:4:\"File\";s:6:\"filter\";s:6:\"Filter\";s:4:\"help\";s:4:\"Help\";s:5:\"image\";s:5:\"Image\";s:4:\"list\";s:4:\"List\";s:4:\"menu\";s:4:\"Menu\";s:4:\"node\";s:4:\"Node\";s:6:\"number\";s:6:\"Number\";s:7:\"options\";s:7:\"Options\";s:7:\"overlay\";s:7:\"Overlay\";s:4:\"path\";s:4:\"Path\";s:3:\"rdf\";s:3:\"RDF\";s:6:\"search\";s:6:\"Search\";s:8:\"shortcut\";s:8:\"Shortcut\";s:6:\"system\";s:6:\"System\";s:8:\"taxonomy\";s:8:\"Taxonomy\";s:4:\"text\";s:4:\"Text\";s:7:\"toolbar\";s:7:\"Toolbar\";s:6:\"update\";s:14:\"Update manager\";s:4:\"user\";s:4:\"User\";s:6:\"bartik\";s:6:\"Bartik\";s:5:\"seven\";s:5:\"Seven\";}s:12:\"project_type\";s:4:\"core\";s:14:\"project_status\";b:1;s:10:\"sub_themes\";a:0:{}s:11:\"base_themes\";a:0:{}s:16:\"existing_version\";s:4:\"7.26\";s:14:\"existing_major\";s:1:\"7\";s:12:\"install_type\";s:8:\"official\";s:5:\"title\";s:11:\"Drupal core\";s:4:\"link\";s:33:\"https://drupal.org/project/drupal\";s:14:\"latest_version\";s:4:\"7.26\";s:8:\"releases\";a:1:{s:4:\"7.26\";a:13:{s:4:\"name\";s:11:\"drupal 7.26\";s:7:\"version\";s:4:\"7.26\";s:3:\"tag\";s:4:\"7.26\";s:13:\"version_major\";s:1:\"7\";s:13:\"version_patch\";s:2:\"26\";s:6:\"status\";s:9:\"published\";s:12:\"release_link\";s:44:\"https://drupal.org/drupal-7.26-release-notes\";s:13:\"download_link\";s:55:\"http://ftp.drupal.org/files/projects/drupal-7.26.tar.gz\";s:4:\"date\";s:10:\"1389815904\";s:6:\"mdhash\";s:32:\"740bd57f524b8ac18a203b663ca1329d\";s:8:\"filesize\";s:7:\"3204587\";s:5:\"files\";s:11:\"\n   \n   \n  \";s:5:\"terms\";a:1:{s:12:\"Release type\";a:1:{i:0;s:15:\"Security update\";}}}}s:11:\"recommended\";s:4:\"7.26\";s:6:\"status\";i:5;}s:13:\"jquery_update\";a:17:{s:4:\"name\";s:13:\"jquery_update\";s:4:\"info\";a:6:{s:4:\"name\";s:13:\"jQuery Update\";s:7:\"package\";s:14:\"User interface\";s:7:\"version\";s:7:\"7.x-2.4\";s:7:\"project\";s:13:\"jquery_update\";s:9:\"datestamp\";s:10:\"1396482246\";s:16:\"_info_file_ctime\";i:1396624496;}s:9:\"datestamp\";s:10:\"1396482246\";s:8:\"includes\";a:1:{s:13:\"jquery_update\";s:13:\"jQuery Update\";}s:12:\"project_type\";s:6:\"module\";s:14:\"project_status\";b:1;s:10:\"sub_themes\";a:0:{}s:11:\"base_themes\";a:0:{}s:16:\"existing_version\";s:7:\"7.x-2.4\";s:14:\"existing_major\";s:1:\"2\";s:12:\"install_type\";s:8:\"official\";s:5:\"title\";s:13:\"jQuery Update\";s:4:\"link\";s:40:\"https://drupal.org/project/jquery_update\";s:14:\"latest_version\";s:7:\"7.x-2.4\";s:8:\"releases\";a:1:{s:7:\"7.x-2.4\";a:13:{s:4:\"name\";s:21:\"jquery_update 7.x-2.4\";s:7:\"version\";s:7:\"7.x-2.4\";s:3:\"tag\";s:7:\"7.x-2.4\";s:13:\"version_major\";s:1:\"2\";s:13:\"version_patch\";s:1:\"4\";s:6:\"status\";s:9:\"published\";s:12:\"release_link\";s:31:\"https://drupal.org/node/2231919\";s:13:\"download_link\";s:65:\"http://ftp.drupal.org/files/projects/jquery_update-7.x-2.4.tar.gz\";s:4:\"date\";s:10:\"1396482245\";s:6:\"mdhash\";s:32:\"9cc4f8b964202f1d6f005a43a08060c6\";s:8:\"filesize\";s:7:\"1199709\";s:5:\"files\";s:11:\"\n   \n   \n  \";s:5:\"terms\";a:1:{s:12:\"Release type\";a:2:{i:0;s:9:\"Bug fixes\";i:1;s:12:\"New features\";}}}}s:11:\"recommended\";s:7:\"7.x-2.4\";s:6:\"status\";i:5;}s:10:\"menu_block\";a:17:{s:4:\"name\";s:10:\"menu_block\";s:4:\"info\";a:6:{s:4:\"name\";s:10:\"Menu Block\";s:7:\"version\";s:7:\"7.x-2.3\";s:7:\"project\";s:10:\"menu_block\";s:9:\"datestamp\";s:10:\"1328286646\";s:7:\"package\";s:5:\"Other\";s:16:\"_info_file_ctime\";i:1396634822;}s:9:\"datestamp\";s:10:\"1328286646\";s:8:\"includes\";a:1:{s:10:\"menu_block\";s:10:\"Menu Block\";}s:12:\"project_type\";s:6:\"module\";s:14:\"project_status\";b:1;s:10:\"sub_themes\";a:0:{}s:11:\"base_themes\";a:0:{}s:16:\"existing_version\";s:7:\"7.x-2.3\";s:14:\"existing_major\";s:1:\"2\";s:12:\"install_type\";s:8:\"official\";s:5:\"title\";s:10:\"Menu block\";s:4:\"link\";s:37:\"https://drupal.org/project/menu_block\";s:14:\"latest_version\";s:7:\"7.x-2.3\";s:8:\"releases\";a:1:{s:7:\"7.x-2.3\";a:13:{s:4:\"name\";s:18:\"menu_block 7.x-2.3\";s:7:\"version\";s:7:\"7.x-2.3\";s:3:\"tag\";s:7:\"7.x-2.3\";s:13:\"version_major\";s:1:\"2\";s:13:\"version_patch\";s:1:\"3\";s:6:\"status\";s:9:\"published\";s:12:\"release_link\";s:31:\"https://drupal.org/node/1427396\";s:13:\"download_link\";s:62:\"http://ftp.drupal.org/files/projects/menu_block-7.x-2.3.tar.gz\";s:4:\"date\";s:10:\"1328286646\";s:6:\"mdhash\";s:32:\"4d307621d347d2245031ca8b64244069\";s:8:\"filesize\";s:5:\"34795\";s:5:\"files\";s:11:\"\n   \n   \n  \";s:5:\"terms\";a:1:{s:12:\"Release type\";a:2:{i:0;s:12:\"New features\";i:1;s:9:\"Bug fixes\";}}}}s:11:\"recommended\";s:7:\"7.x-2.3\";s:6:\"status\";i:5;}s:8:\"academia\";a:17:{s:4:\"name\";s:8:\"academia\";s:4:\"info\";a:5:{s:4:\"name\";s:8:\"Academia\";s:7:\"version\";s:13:\"7.x-1.0-beta2\";s:7:\"project\";s:8:\"academia\";s:9:\"datestamp\";s:10:\"1319618729\";s:16:\"_info_file_ctime\";i:1396623593;}s:9:\"datestamp\";s:10:\"1319618729\";s:8:\"includes\";a:1:{s:8:\"academia\";s:8:\"Academia\";}s:12:\"project_type\";s:5:\"theme\";s:14:\"project_status\";b:1;s:10:\"sub_themes\";a:0:{}s:11:\"base_themes\";a:0:{}s:16:\"existing_version\";s:13:\"7.x-1.0-beta2\";s:14:\"existing_major\";s:1:\"1\";s:12:\"install_type\";s:8:\"official\";s:5:\"title\";s:8:\"Academia\";s:4:\"link\";s:35:\"https://drupal.org/project/academia\";s:14:\"latest_version\";s:13:\"7.x-1.0-beta2\";s:8:\"releases\";a:1:{s:13:\"7.x-1.0-beta2\";a:14:{s:4:\"name\";s:22:\"academia 7.x-1.0-beta2\";s:7:\"version\";s:13:\"7.x-1.0-beta2\";s:3:\"tag\";s:13:\"7.x-1.0-beta2\";s:13:\"version_major\";s:1:\"1\";s:13:\"version_patch\";s:1:\"0\";s:13:\"version_extra\";s:5:\"beta2\";s:6:\"status\";s:9:\"published\";s:12:\"release_link\";s:31:\"https://drupal.org/node/1321954\";s:13:\"download_link\";s:66:\"http://ftp.drupal.org/files/projects/academia-7.x-1.0-beta2.tar.gz\";s:4:\"date\";s:10:\"1319618729\";s:6:\"mdhash\";s:32:\"4fe708246596731ac4c8813e82e6dfb2\";s:8:\"filesize\";s:5:\"60754\";s:5:\"files\";s:11:\"\n   \n   \n  \";s:5:\"terms\";a:1:{s:12:\"Release type\";a:1:{i:0;s:12:\"New features\";}}}}s:11:\"recommended\";s:13:\"7.x-1.0-beta2\";s:6:\"status\";i:5;}s:9:\"bootstrap\";a:17:{s:4:\"name\";s:9:\"bootstrap\";s:4:\"info\";a:5:{s:4:\"name\";s:9:\"Bootstrap\";s:7:\"version\";s:7:\"7.x-3.0\";s:7:\"project\";s:9:\"bootstrap\";s:9:\"datestamp\";s:10:\"1384678107\";s:16:\"_info_file_ctime\";i:1396624280;}s:9:\"datestamp\";s:10:\"1384678107\";s:8:\"includes\";a:1:{s:9:\"bootstrap\";s:9:\"Bootstrap\";}s:12:\"project_type\";s:5:\"theme\";s:14:\"project_status\";b:1;s:10:\"sub_themes\";a:0:{}s:11:\"base_themes\";a:0:{}s:16:\"existing_version\";s:7:\"7.x-3.0\";s:14:\"existing_major\";s:1:\"3\";s:12:\"install_type\";s:8:\"official\";s:5:\"title\";s:9:\"Bootstrap\";s:4:\"link\";s:36:\"https://drupal.org/project/bootstrap\";s:14:\"latest_version\";s:7:\"7.x-3.0\";s:8:\"releases\";a:1:{s:7:\"7.x-3.0\";a:13:{s:4:\"name\";s:17:\"bootstrap 7.x-3.0\";s:7:\"version\";s:7:\"7.x-3.0\";s:3:\"tag\";s:7:\"7.x-3.0\";s:13:\"version_major\";s:1:\"3\";s:13:\"version_patch\";s:1:\"0\";s:6:\"status\";s:9:\"published\";s:12:\"release_link\";s:31:\"https://drupal.org/node/2137547\";s:13:\"download_link\";s:61:\"http://ftp.drupal.org/files/projects/bootstrap-7.x-3.0.tar.gz\";s:4:\"date\";s:10:\"1384678104\";s:6:\"mdhash\";s:32:\"633ba721e7d0f52627bc665d27cea002\";s:8:\"filesize\";s:6:\"105744\";s:5:\"files\";s:11:\"\n   \n   \n  \";s:5:\"terms\";a:1:{s:12:\"Release type\";a:2:{i:0;s:9:\"Bug fixes\";i:1;s:12:\"New features\";}}}}s:11:\"recommended\";s:7:\"7.x-3.0\";s:6:\"status\";i:5;}s:13:\"skeletontheme\";a:18:{s:4:\"name\";s:13:\"skeletontheme\";s:4:\"info\";a:5:{s:4:\"name\";s:8:\"Skeleton\";s:7:\"version\";s:7:\"7.x-1.3\";s:7:\"project\";s:13:\"skeletontheme\";s:9:\"datestamp\";s:10:\"1372878953\";s:16:\"_info_file_ctime\";i:1396625353;}s:9:\"datestamp\";s:10:\"1372878953\";s:8:\"includes\";a:1:{s:13:\"skeletontheme\";s:8:\"Skeleton\";}s:12:\"project_type\";s:5:\"theme\";s:14:\"project_status\";b:1;s:10:\"sub_themes\";a:0:{}s:11:\"base_themes\";a:0:{}s:16:\"existing_version\";s:7:\"7.x-1.3\";s:14:\"existing_major\";s:1:\"1\";s:12:\"install_type\";s:8:\"official\";s:5:\"title\";s:8:\"Skeleton\";s:4:\"link\";s:40:\"https://drupal.org/project/skeletontheme\";s:14:\"latest_version\";s:7:\"7.x-1.4\";s:8:\"releases\";a:1:{s:7:\"7.x-1.4\";a:13:{s:4:\"name\";s:21:\"skeletontheme 7.x-1.4\";s:7:\"version\";s:7:\"7.x-1.4\";s:3:\"tag\";s:7:\"7.x-1.4\";s:13:\"version_major\";s:1:\"1\";s:13:\"version_patch\";s:1:\"4\";s:6:\"status\";s:9:\"published\";s:12:\"release_link\";s:31:\"https://drupal.org/node/2236259\";s:13:\"download_link\";s:65:\"http://ftp.drupal.org/files/projects/skeletontheme-7.x-1.4.tar.gz\";s:4:\"date\";s:10:\"1396987451\";s:6:\"mdhash\";s:32:\"9aef6b609e72a6cc015404ac8ae682c5\";s:8:\"filesize\";s:6:\"414759\";s:5:\"files\";s:11:\"\n   \n   \n  \";s:5:\"terms\";a:1:{s:12:\"Release type\";a:1:{i:0;s:15:\"Security update\";}}}}s:11:\"recommended\";s:7:\"7.x-1.4\";s:16:\"security updates\";a:1:{i:0;a:13:{s:4:\"name\";s:21:\"skeletontheme 7.x-1.4\";s:7:\"version\";s:7:\"7.x-1.4\";s:3:\"tag\";s:7:\"7.x-1.4\";s:13:\"version_major\";s:1:\"1\";s:13:\"version_patch\";s:1:\"4\";s:6:\"status\";s:9:\"published\";s:12:\"release_link\";s:31:\"https://drupal.org/node/2236259\";s:13:\"download_link\";s:65:\"http://ftp.drupal.org/files/projects/skeletontheme-7.x-1.4.tar.gz\";s:4:\"date\";s:10:\"1396987451\";s:6:\"mdhash\";s:32:\"9aef6b609e72a6cc015404ac8ae682c5\";s:8:\"filesize\";s:6:\"414759\";s:5:\"files\";s:11:\"\n   \n   \n  \";s:5:\"terms\";a:1:{s:12:\"Release type\";a:1:{i:0;s:15:\"Security update\";}}}}s:6:\"status\";i:1;}}',1397218271,1397214671,1),('update_project_projects','a:6:{s:6:\"drupal\";a:8:{s:4:\"name\";s:6:\"drupal\";s:4:\"info\";a:6:{s:4:\"name\";s:5:\"Block\";s:7:\"package\";s:4:\"Core\";s:7:\"version\";s:4:\"7.26\";s:7:\"project\";s:6:\"drupal\";s:9:\"datestamp\";s:10:\"1389815930\";s:16:\"_info_file_ctime\";i:1394385029;}s:9:\"datestamp\";s:10:\"1389815930\";s:8:\"includes\";a:31:{s:5:\"block\";s:5:\"Block\";s:5:\"color\";s:5:\"Color\";s:7:\"comment\";s:7:\"Comment\";s:10:\"contextual\";s:16:\"Contextual links\";s:9:\"dashboard\";s:9:\"Dashboard\";s:5:\"dblog\";s:16:\"Database logging\";s:5:\"field\";s:5:\"Field\";s:17:\"field_sql_storage\";s:17:\"Field SQL storage\";s:8:\"field_ui\";s:8:\"Field UI\";s:4:\"file\";s:4:\"File\";s:6:\"filter\";s:6:\"Filter\";s:4:\"help\";s:4:\"Help\";s:5:\"image\";s:5:\"Image\";s:4:\"list\";s:4:\"List\";s:4:\"menu\";s:4:\"Menu\";s:4:\"node\";s:4:\"Node\";s:6:\"number\";s:6:\"Number\";s:7:\"options\";s:7:\"Options\";s:7:\"overlay\";s:7:\"Overlay\";s:4:\"path\";s:4:\"Path\";s:3:\"rdf\";s:3:\"RDF\";s:6:\"search\";s:6:\"Search\";s:8:\"shortcut\";s:8:\"Shortcut\";s:6:\"system\";s:6:\"System\";s:8:\"taxonomy\";s:8:\"Taxonomy\";s:4:\"text\";s:4:\"Text\";s:7:\"toolbar\";s:7:\"Toolbar\";s:6:\"update\";s:14:\"Update manager\";s:4:\"user\";s:4:\"User\";s:6:\"bartik\";s:6:\"Bartik\";s:5:\"seven\";s:5:\"Seven\";}s:12:\"project_type\";s:4:\"core\";s:14:\"project_status\";b:1;s:10:\"sub_themes\";a:0:{}s:11:\"base_themes\";a:0:{}}s:13:\"jquery_update\";a:8:{s:4:\"name\";s:13:\"jquery_update\";s:4:\"info\";a:6:{s:4:\"name\";s:13:\"jQuery Update\";s:7:\"package\";s:14:\"User interface\";s:7:\"version\";s:7:\"7.x-2.4\";s:7:\"project\";s:13:\"jquery_update\";s:9:\"datestamp\";s:10:\"1396482246\";s:16:\"_info_file_ctime\";i:1396624496;}s:9:\"datestamp\";s:10:\"1396482246\";s:8:\"includes\";a:1:{s:13:\"jquery_update\";s:13:\"jQuery Update\";}s:12:\"project_type\";s:6:\"module\";s:14:\"project_status\";b:1;s:10:\"sub_themes\";a:0:{}s:11:\"base_themes\";a:0:{}}s:10:\"menu_block\";a:8:{s:4:\"name\";s:10:\"menu_block\";s:4:\"info\";a:6:{s:4:\"name\";s:10:\"Menu Block\";s:7:\"version\";s:7:\"7.x-2.3\";s:7:\"project\";s:10:\"menu_block\";s:9:\"datestamp\";s:10:\"1328286646\";s:7:\"package\";s:5:\"Other\";s:16:\"_info_file_ctime\";i:1396634822;}s:9:\"datestamp\";s:10:\"1328286646\";s:8:\"includes\";a:1:{s:10:\"menu_block\";s:10:\"Menu Block\";}s:12:\"project_type\";s:6:\"module\";s:14:\"project_status\";b:1;s:10:\"sub_themes\";a:0:{}s:11:\"base_themes\";a:0:{}}s:8:\"academia\";a:8:{s:4:\"name\";s:8:\"academia\";s:4:\"info\";a:5:{s:4:\"name\";s:8:\"Academia\";s:7:\"version\";s:13:\"7.x-1.0-beta2\";s:7:\"project\";s:8:\"academia\";s:9:\"datestamp\";s:10:\"1319618729\";s:16:\"_info_file_ctime\";i:1396623593;}s:9:\"datestamp\";s:10:\"1319618729\";s:8:\"includes\";a:1:{s:8:\"academia\";s:8:\"Academia\";}s:12:\"project_type\";s:5:\"theme\";s:14:\"project_status\";b:1;s:10:\"sub_themes\";a:0:{}s:11:\"base_themes\";a:0:{}}s:9:\"bootstrap\";a:8:{s:4:\"name\";s:9:\"bootstrap\";s:4:\"info\";a:5:{s:4:\"name\";s:9:\"Bootstrap\";s:7:\"version\";s:7:\"7.x-3.0\";s:7:\"project\";s:9:\"bootstrap\";s:9:\"datestamp\";s:10:\"1384678107\";s:16:\"_info_file_ctime\";i:1396624280;}s:9:\"datestamp\";s:10:\"1384678107\";s:8:\"includes\";a:1:{s:9:\"bootstrap\";s:9:\"Bootstrap\";}s:12:\"project_type\";s:5:\"theme\";s:14:\"project_status\";b:1;s:10:\"sub_themes\";a:0:{}s:11:\"base_themes\";a:0:{}}s:13:\"skeletontheme\";a:8:{s:4:\"name\";s:13:\"skeletontheme\";s:4:\"info\";a:5:{s:4:\"name\";s:8:\"Skeleton\";s:7:\"version\";s:7:\"7.x-1.3\";s:7:\"project\";s:13:\"skeletontheme\";s:9:\"datestamp\";s:10:\"1372878953\";s:16:\"_info_file_ctime\";i:1396625353;}s:9:\"datestamp\";s:10:\"1372878953\";s:8:\"includes\";a:1:{s:13:\"skeletontheme\";s:8:\"Skeleton\";}s:12:\"project_type\";s:5:\"theme\";s:14:\"project_status\";b:1;s:10:\"sub_themes\";a:0:{}s:11:\"base_themes\";a:0:{}}}',1397218271,1397214671,1);

--
-- Table structure for table `comment`
--

CREATE TABLE `comment` (
  `cid` int(11) NOT NULL AUTO_INCREMENT COMMENT 'Primary Key: Unique comment ID.',
  `pid` int(11) NOT NULL DEFAULT '0' COMMENT 'The comment.cid to which this comment is a reply. If set to 0, this comment is not a reply to an existing comment.',
  `nid` int(11) NOT NULL DEFAULT '0' COMMENT 'The node.nid to which this comment is a reply.',
  `uid` int(11) NOT NULL DEFAULT '0' COMMENT 'The users.uid who authored the comment. If set to 0, this comment was created by an anonymous user.',
  `subject` varchar(64) NOT NULL DEFAULT '' COMMENT 'The comment title.',
  `hostname` varchar(128) NOT NULL DEFAULT '' COMMENT 'The author’s host name.',
  `created` int(11) NOT NULL DEFAULT '0' COMMENT 'The time that the comment was created, as a Unix timestamp.',
  `changed` int(11) NOT NULL DEFAULT '0' COMMENT 'The time that the comment was last edited, as a Unix timestamp.',
  `status` tinyint(3) unsigned NOT NULL DEFAULT '1' COMMENT 'The published status of a comment. (0 = Not Published, 1 = Published)',
  `thread` varchar(255) NOT NULL COMMENT 'The vancode representation of the comment’s place in a thread.',
  `name` varchar(60) DEFAULT NULL COMMENT 'The comment author’s name. Uses users.name if the user is logged in, otherwise uses the value typed into the comment form.',
  `mail` varchar(64) DEFAULT NULL COMMENT 'The comment author’s e-mail address from the comment form, if user is anonymous, and the ’Anonymous users may/must leave their contact information’ setting is turned on.',
  `homepage` varchar(255) DEFAULT NULL COMMENT 'The comment author’s home page address from the comment form, if user is anonymous, and the ’Anonymous users may/must leave their contact information’ setting is turned on.',
  `language` varchar(12) NOT NULL DEFAULT '' COMMENT 'The languages.language of this comment.',
  PRIMARY KEY (`cid`),
  KEY `comment_status_pid` (`pid`,`status`),
  KEY `comment_num_new` (`nid`,`status`,`created`,`cid`,`thread`),
  KEY `comment_uid` (`uid`),
  KEY `comment_nid_language` (`nid`,`language`),
  KEY `comment_created` (`created`)
) ENGINE=InnoDB DEFAULT CHARSET=utf8 COMMENT='Stores comments and associated data.';

--
-- Dumping data for table `comment`
--


--
-- Table structure for table `date_format_locale`
--

CREATE TABLE `date_format_locale` (
  `format` varchar(100) NOT NULL COMMENT 'The date format string.',
  `type` varchar(64) NOT NULL COMMENT 'The date format type, e.g. medium.',
  `language` varchar(12) NOT NULL COMMENT 'A languages.language for this format to be used with.',
  PRIMARY KEY (`type`,`language`)
) ENGINE=InnoDB DEFAULT CHARSET=utf8 COMMENT='Stores configured date formats for each locale.';

--
-- Dumping data for table `date_format_locale`
--


--
-- Table structure for table `date_format_type`
--

CREATE TABLE `date_format_type` (
  `type` varchar(64) NOT NULL COMMENT 'The date format type, e.g. medium.',
  `title` varchar(255) NOT NULL COMMENT 'The human readable name of the format type.',
  `locked` tinyint(4) NOT NULL DEFAULT '0' COMMENT 'Whether or not this is a system provided format.',
  PRIMARY KEY (`type`),
  KEY `title` (`title`)
) ENGINE=InnoDB DEFAULT CHARSET=utf8 COMMENT='Stores configured date format types.';

--
-- Dumping data for table `date_format_type`
--

INSERT INTO `date_format_type` VALUES ('long','Long',1),('medium','Medium',1),('short','Short',1);

--
-- Table structure for table `date_formats`
--

CREATE TABLE `date_formats` (
  `dfid` int(10) unsigned NOT NULL AUTO_INCREMENT COMMENT 'The date format identifier.',
  `format` varchar(100) CHARACTER SET utf8 COLLATE utf8_bin NOT NULL COMMENT 'The date format string.',
  `type` varchar(64) NOT NULL COMMENT 'The date format type, e.g. medium.',
  `locked` tinyint(4) NOT NULL DEFAULT '0' COMMENT 'Whether or not this format can be modified.',
  PRIMARY KEY (`dfid`),
  UNIQUE KEY `formats` (`format`,`type`)
) ENGINE=InnoDB AUTO_INCREMENT=36 DEFAULT CHARSET=utf8 COMMENT='Stores configured date formats.';

--
-- Dumping data for table `date_formats`
--

INSERT INTO `date_formats` VALUES (1,'Y-m-d H:i','short',1),(2,'m/d/Y - H:i','short',1),(3,'d/m/Y - H:i','short',1),(4,'Y/m/d - H:i','short',1),(5,'d.m.Y - H:i','short',1),(6,'m/d/Y - g:ia','short',1),(7,'d/m/Y - g:ia','short',1),(8,'Y/m/d - g:ia','short',1),(9,'M j Y - H:i','short',1),(10,'j M Y - H:i','short',1),(11,'Y M j - H:i','short',1),(12,'M j Y - g:ia','short',1),(13,'j M Y - g:ia','short',1),(14,'Y M j - g:ia','short',1),(15,'D, Y-m-d H:i','medium',1),(16,'D, m/d/Y - H:i','medium',1),(17,'D, d/m/Y - H:i','medium',1),(18,'D, Y/m/d - H:i','medium',1),(19,'F j, Y - H:i','medium',1),(20,'j F, Y - H:i','medium',1),(21,'Y, F j - H:i','medium',1),(22,'D, m/d/Y - g:ia','medium',1),(23,'D, d/m/Y - g:ia','medium',1),(24,'D, Y/m/d - g:ia','medium',1),(25,'F j, Y - g:ia','medium',1),(26,'j F Y - g:ia','medium',1),(27,'Y, F j - g:ia','medium',1),(28,'j. F Y - G:i','medium',1),(29,'l, F j, Y - H:i','long',1),(30,'l, j F, Y - H:i','long',1),(31,'l, Y,  F j - H:i','long',1),(32,'l, F j, Y - g:ia','long',1),(33,'l, j F Y - g:ia','long',1),(34,'l, Y,  F j - g:ia','long',1),(35,'l, j. F Y - G:i','long',1);

--
-- Table structure for table `field_config`
--

CREATE TABLE `field_config` (
  `id` int(11) NOT NULL AUTO_INCREMENT COMMENT 'The primary identifier for a field',
  `field_name` varchar(32) NOT NULL COMMENT 'The name of this field. Non-deleted field names are unique, but multiple deleted fields can have the same name.',
  `type` varchar(128) NOT NULL COMMENT 'The type of this field.',
  `module` varchar(128) NOT NULL DEFAULT '' COMMENT 'The module that implements the field type.',
  `active` tinyint(4) NOT NULL DEFAULT '0' COMMENT 'Boolean indicating whether the module that implements the field type is enabled.',
  `storage_type` varchar(128) NOT NULL COMMENT 'The storage backend for the field.',
  `storage_module` varchar(128) NOT NULL DEFAULT '' COMMENT 'The module that implements the storage backend.',
  `storage_active` tinyint(4) NOT NULL DEFAULT '0' COMMENT 'Boolean indicating whether the module that implements the storage backend is enabled.',
  `locked` tinyint(4) NOT NULL DEFAULT '0' COMMENT '@TODO',
  `data` longblob NOT NULL COMMENT 'Serialized data containing the field properties that do not warrant a dedicated column.',
  `cardinality` tinyint(4) NOT NULL DEFAULT '0',
  `translatable` tinyint(4) NOT NULL DEFAULT '0',
  `deleted` tinyint(4) NOT NULL DEFAULT '0',
  PRIMARY KEY (`id`),
  KEY `field_name` (`field_name`),
  KEY `active` (`active`),
  KEY `storage_active` (`storage_active`),
  KEY `deleted` (`deleted`),
  KEY `module` (`module`),
  KEY `storage_module` (`storage_module`),
  KEY `type` (`type`),
  KEY `storage_type` (`storage_type`)
) ENGINE=InnoDB AUTO_INCREMENT=5 DEFAULT CHARSET=utf8;

--
-- Dumping data for table `field_config`
--

INSERT INTO `field_config` VALUES (1,'comment_body','text_long','text',1,'field_sql_storage','field_sql_storage',1,0,'a:6:{s:12:\"entity_types\";a:1:{i:0;s:7:\"comment\";}s:12:\"translatable\";b:0;s:8:\"settings\";a:0:{}s:7:\"storage\";a:4:{s:4:\"type\";s:17:\"field_sql_storage\";s:8:\"settings\";a:0:{}s:6:\"module\";s:17:\"field_sql_storage\";s:6:\"active\";i:1;}s:12:\"foreign keys\";a:1:{s:6:\"format\";a:2:{s:5:\"table\";s:13:\"filter_format\";s:7:\"columns\";a:1:{s:6:\"format\";s:6:\"format\";}}}s:7:\"indexes\";a:1:{s:6:\"format\";a:1:{i:0;s:6:\"format\";}}}',1,0,0),(2,'body','text_with_summary','text',1,'field_sql_storage','field_sql_storage',1,0,'a:6:{s:12:\"entity_types\";a:1:{i:0;s:4:\"node\";}s:12:\"translatable\";b:0;s:8:\"settings\";a:0:{}s:7:\"storage\";a:4:{s:4:\"type\";s:17:\"field_sql_storage\";s:8:\"settings\";a:0:{}s:6:\"module\";s:17:\"field_sql_storage\";s:6:\"active\";i:1;}s:12:\"foreign keys\";a:1:{s:6:\"format\";a:2:{s:5:\"table\";s:13:\"filter_format\";s:7:\"columns\";a:1:{s:6:\"format\";s:6:\"format\";}}}s:7:\"indexes\";a:1:{s:6:\"format\";a:1:{i:0;s:6:\"format\";}}}',1,0,0),(3,'field_tags','taxonomy_term_reference','taxonomy',1,'field_sql_storage','field_sql_storage',1,0,'a:6:{s:8:\"settings\";a:1:{s:14:\"allowed_values\";a:1:{i:0;a:2:{s:10:\"vocabulary\";s:4:\"tags\";s:6:\"parent\";i:0;}}}s:12:\"entity_types\";a:0:{}s:12:\"translatable\";b:0;s:7:\"storage\";a:4:{s:4:\"type\";s:17:\"field_sql_storage\";s:8:\"settings\";a:0:{}s:6:\"module\";s:17:\"field_sql_storage\";s:6:\"active\";i:1;}s:12:\"foreign keys\";a:1:{s:3:\"tid\";a:2:{s:5:\"table\";s:18:\"taxonomy_term_data\";s:7:\"columns\";a:1:{s:3:\"tid\";s:3:\"tid\";}}}s:7:\"indexes\";a:1:{s:3:\"tid\";a:1:{i:0;s:3:\"tid\";}}}',-1,0,0),(4,'field_image','image','image',1,'field_sql_storage','field_sql_storage',1,0,'a:6:{s:7:\"indexes\";a:1:{s:3:\"fid\";a:1:{i:0;s:3:\"fid\";}}s:8:\"settings\";a:2:{s:10:\"uri_scheme\";s:6:\"public\";s:13:\"default_image\";b:0;}s:7:\"storage\";a:4:{s:4:\"type\";s:17:\"field_sql_storage\";s:8:\"settings\";a:0:{}s:6:\"module\";s:17:\"field_sql_storage\";s:6:\"active\";i:1;}s:12:\"entity_types\";a:0:{}s:12:\"translatable\";b:0;s:12:\"foreign keys\";a:1:{s:3:\"fid\";a:2:{s:5:\"table\";s:12:\"file_managed\";s:7:\"columns\";a:1:{s:3:\"fid\";s:3:\"fid\";}}}}',1,0,0);

--
-- Table structure for table `field_config_instance`
--

CREATE TABLE `field_config_instance` (
  `id` int(11) NOT NULL AUTO_INCREMENT COMMENT 'The primary identifier for a field instance',
  `field_id` int(11) NOT NULL COMMENT 'The identifier of the field attached by this instance',
  `field_name` varchar(32) NOT NULL DEFAULT '',
  `entity_type` varchar(32) NOT NULL DEFAULT '',
  `bundle` varchar(128) NOT NULL DEFAULT '',
  `data` longblob NOT NULL,
  `deleted` tinyint(4) NOT NULL DEFAULT '0',
  PRIMARY KEY (`id`),
  KEY `field_name_bundle` (`field_name`,`entity_type`,`bundle`),
  KEY `deleted` (`deleted`)
) ENGINE=InnoDB AUTO_INCREMENT=7 DEFAULT CHARSET=utf8;

--
-- Dumping data for table `field_config_instance`
--

INSERT INTO `field_config_instance` VALUES (1,1,'comment_body','comment','comment_node_page','a:6:{s:5:\"label\";s:7:\"Comment\";s:8:\"settings\";a:2:{s:15:\"text_processing\";i:1;s:18:\"user_register_form\";b:0;}s:8:\"required\";b:1;s:7:\"display\";a:1:{s:7:\"default\";a:5:{s:5:\"label\";s:6:\"hidden\";s:4:\"type\";s:12:\"text_default\";s:6:\"weight\";i:0;s:8:\"settings\";a:0:{}s:6:\"module\";s:4:\"text\";}}s:6:\"widget\";a:4:{s:4:\"type\";s:13:\"text_textarea\";s:8:\"settings\";a:1:{s:4:\"rows\";i:5;}s:6:\"weight\";i:0;s:6:\"module\";s:4:\"text\";}s:11:\"description\";s:0:\"\";}',0),(2,2,'body','node','page','a:6:{s:5:\"label\";s:4:\"Body\";s:6:\"widget\";a:4:{s:4:\"type\";s:26:\"text_textarea_with_summary\";s:8:\"settings\";a:2:{s:4:\"rows\";i:20;s:12:\"summary_rows\";i:5;}s:6:\"weight\";i:-4;s:6:\"module\";s:4:\"text\";}s:8:\"settings\";a:3:{s:15:\"display_summary\";b:1;s:15:\"text_processing\";i:1;s:18:\"user_register_form\";b:0;}s:7:\"display\";a:2:{s:7:\"default\";a:5:{s:5:\"label\";s:6:\"hidden\";s:4:\"type\";s:12:\"text_default\";s:8:\"settings\";a:0:{}s:6:\"module\";s:4:\"text\";s:6:\"weight\";i:0;}s:6:\"teaser\";a:5:{s:5:\"label\";s:6:\"hidden\";s:4:\"type\";s:23:\"text_summary_or_trimmed\";s:8:\"settings\";a:1:{s:11:\"trim_length\";i:600;}s:6:\"module\";s:4:\"text\";s:6:\"weight\";i:0;}}s:8:\"required\";b:0;s:11:\"description\";s:0:\"\";}',0),(3,1,'comment_body','comment','comment_node_article','a:6:{s:5:\"label\";s:7:\"Comment\";s:8:\"settings\";a:2:{s:15:\"text_processing\";i:1;s:18:\"user_register_form\";b:0;}s:8:\"required\";b:1;s:7:\"display\";a:1:{s:7:\"default\";a:5:{s:5:\"label\";s:6:\"hidden\";s:4:\"type\";s:12:\"text_default\";s:6:\"weight\";i:0;s:8:\"settings\";a:0:{}s:6:\"module\";s:4:\"text\";}}s:6:\"widget\";a:4:{s:4:\"type\";s:13:\"text_textarea\";s:8:\"settings\";a:1:{s:4:\"rows\";i:5;}s:6:\"weight\";i:0;s:6:\"module\";s:4:\"text\";}s:11:\"description\";s:0:\"\";}',0),(4,2,'body','node','article','a:6:{s:5:\"label\";s:4:\"Body\";s:6:\"widget\";a:4:{s:4:\"type\";s:26:\"text_textarea_with_summary\";s:8:\"settings\";a:2:{s:4:\"rows\";i:20;s:12:\"summary_rows\";i:5;}s:6:\"weight\";i:-4;s:6:\"module\";s:4:\"text\";}s:8:\"settings\";a:3:{s:15:\"display_summary\";b:1;s:15:\"text_processing\";i:1;s:18:\"user_register_form\";b:0;}s:7:\"display\";a:2:{s:7:\"default\";a:5:{s:5:\"label\";s:6:\"hidden\";s:4:\"type\";s:12:\"text_default\";s:8:\"settings\";a:0:{}s:6:\"module\";s:4:\"text\";s:6:\"weight\";i:0;}s:6:\"teaser\";a:5:{s:5:\"label\";s:6:\"hidden\";s:4:\"type\";s:23:\"text_summary_or_trimmed\";s:8:\"settings\";a:1:{s:11:\"trim_length\";i:600;}s:6:\"module\";s:4:\"text\";s:6:\"weight\";i:0;}}s:8:\"required\";b:0;s:11:\"description\";s:0:\"\";}',0),(5,3,'field_tags','node','article','a:6:{s:5:\"label\";s:4:\"Tags\";s:11:\"description\";s:63:\"Enter a comma-separated list of words to describe your content.\";s:6:\"widget\";a:4:{s:4:\"type\";s:21:\"taxonomy_autocomplete\";s:6:\"weight\";i:-4;s:8:\"settings\";a:2:{s:4:\"size\";i:60;s:17:\"autocomplete_path\";s:21:\"taxonomy/autocomplete\";}s:6:\"module\";s:8:\"taxonomy\";}s:7:\"display\";a:2:{s:7:\"default\";a:5:{s:4:\"type\";s:28:\"taxonomy_term_reference_link\";s:6:\"weight\";i:10;s:5:\"label\";s:5:\"above\";s:8:\"settings\";a:0:{}s:6:\"module\";s:8:\"taxonomy\";}s:6:\"teaser\";a:5:{s:4:\"type\";s:28:\"taxonomy_term_reference_link\";s:6:\"weight\";i:10;s:5:\"label\";s:5:\"above\";s:8:\"settings\";a:0:{}s:6:\"module\";s:8:\"taxonomy\";}}s:8:\"settings\";a:1:{s:18:\"user_register_form\";b:0;}s:8:\"required\";b:0;}',0),(6,4,'field_image','node','article','a:6:{s:5:\"label\";s:5:\"Image\";s:11:\"description\";s:40:\"Upload an image to go with this article.\";s:8:\"required\";b:0;s:8:\"settings\";a:9:{s:14:\"file_directory\";s:11:\"field/image\";s:15:\"file_extensions\";s:16:\"png gif jpg jpeg\";s:12:\"max_filesize\";s:0:\"\";s:14:\"max_resolution\";s:0:\"\";s:14:\"min_resolution\";s:0:\"\";s:9:\"alt_field\";b:1;s:11:\"title_field\";s:0:\"\";s:13:\"default_image\";i:0;s:18:\"user_register_form\";b:0;}s:6:\"widget\";a:4:{s:4:\"type\";s:11:\"image_image\";s:8:\"settings\";a:2:{s:18:\"progress_indicator\";s:8:\"throbber\";s:19:\"preview_image_style\";s:9:\"thumbnail\";}s:6:\"weight\";i:-1;s:6:\"module\";s:5:\"image\";}s:7:\"display\";a:2:{s:7:\"default\";a:5:{s:5:\"label\";s:6:\"hidden\";s:4:\"type\";s:5:\"image\";s:8:\"settings\";a:2:{s:11:\"image_style\";s:5:\"large\";s:10:\"image_link\";s:0:\"\";}s:6:\"weight\";i:-1;s:6:\"module\";s:5:\"image\";}s:6:\"teaser\";a:5:{s:5:\"label\";s:6:\"hidden\";s:4:\"type\";s:5:\"image\";s:8:\"settings\";a:2:{s:11:\"image_style\";s:6:\"medium\";s:10:\"image_link\";s:7:\"content\";}s:6:\"weight\";i:-1;s:6:\"module\";s:5:\"image\";}}}',0);

--
-- Table structure for table `field_data_body`
--

CREATE TABLE `field_data_body` (
  `entity_type` varchar(128) NOT NULL DEFAULT '' COMMENT 'The entity type this data is attached to',
  `bundle` varchar(128) NOT NULL DEFAULT '' COMMENT 'The field instance bundle to which this row belongs, used when deleting a field instance',
  `deleted` tinyint(4) NOT NULL DEFAULT '0' COMMENT 'A boolean indicating whether this data item has been deleted',
  `entity_id` int(10) unsigned NOT NULL COMMENT 'The entity id this data is attached to',
  `revision_id` int(10) unsigned DEFAULT NULL COMMENT 'The entity revision id this data is attached to, or NULL if the entity type is not versioned',
  `language` varchar(32) NOT NULL DEFAULT '' COMMENT 'The language for this data item.',
  `delta` int(10) unsigned NOT NULL COMMENT 'The sequence number for this data item, used for multi-value fields',
  `body_value` longtext,
  `body_summary` longtext,
  `body_format` varchar(255) DEFAULT NULL,
  PRIMARY KEY (`entity_type`,`entity_id`,`deleted`,`delta`,`language`),
  KEY `entity_type` (`entity_type`),
  KEY `bundle` (`bundle`),
  KEY `deleted` (`deleted`),
  KEY `entity_id` (`entity_id`),
  KEY `revision_id` (`revision_id`),
  KEY `language` (`language`),
  KEY `body_format` (`body_format`)
) ENGINE=InnoDB DEFAULT CHARSET=utf8 COMMENT='Data storage for field 2 (body)';

--
-- Dumping data for table `field_data_body`
--

INSERT INTO `field_data_body` VALUES ('node','page',0,2,2,'und',0,'<p>The School of Information Science and Informatics is located in the center of Corfu Town. The School is a graduate research and education community committed to expanding access to information and to improving its usability, reliability, and credibility. This requires the insights of scholars from diverse fields — Information Science and Informatics. The \'Information Science\' revolves around the sciences and specifically in the interdisciplinary study of the processing, management and retrieval of information. The \'Informatics\' covers both theoretical and practical aspects on the computing technologies and algorithms.</p>\r\n<p>The aim of the School is to enable (under)post-graduate students involvement in issues and to offer a suitable extra skills towards shaping a successful researcher, a competitive employee. The mission of the School is to support and advance the broader education, research and service mission of the Ionian University by educating students, furthering knowledge, and contributing our know-how to advance humankind\'s improvement through information.</p>\r\n<!--break-->\r\n<p>This mission is achieved through specific actions:</p>.\r\n<ul>\r\n<li>Providing a high-quality undergraduate program in Information Science and Informatics</li>\r\n<li>Offering superior graduate programs in Information Science and Informatics</li>\r\n<li>Engaging in research and scholarly activities that advance learning through the extension of the frontiers of knowledge and creative endeavor</li>\r\n<li>Cooperating with industry and public sector to transfer knowledge</li>\r\n<li>Extending our expertise to local communities and public agencies to contribute to social, intellectual and the community</li>\r\n</ul>\r\n<p>The School is comprised of two departments: The <a href=\"http://tab.ionio.gr\" target=\"_blank\">Department of Archives, Library Science and Museology </a> and the <a href=\"http://di.ionio.gr\" target=\"_blank\">Department of Informatics</a>. The two Departments offer both undergraduate and post-graduate degrees. The undergraduate programs lead to initial certifications with 240 ECTS credits over four academic years. Also, the post-graduate programs lead to masters and doctoral degrees in specific fields of Information science and Informatics.</p>\r\n','','filtered_html');

--
-- Table structure for table `field_data_comment_body`
--

CREATE TABLE `field_data_comment_body` (
  `entity_type` varchar(128) NOT NULL DEFAULT '' COMMENT 'The entity type this data is attached to',
  `bundle` varchar(128) NOT NULL DEFAULT '' COMMENT 'The field instance bundle to which this row belongs, used when deleting a field instance',
  `deleted` tinyint(4) NOT NULL DEFAULT '0' COMMENT 'A boolean indicating whether this data item has been deleted',
  `entity_id` int(10) unsigned NOT NULL COMMENT 'The entity id this data is attached to',
  `revision_id` int(10) unsigned DEFAULT NULL COMMENT 'The entity revision id this data is attached to, or NULL if the entity type is not versioned',
  `language` varchar(32) NOT NULL DEFAULT '' COMMENT 'The language for this data item.',
  `delta` int(10) unsigned NOT NULL COMMENT 'The sequence number for this data item, used for multi-value fields',
  `comment_body_value` longtext,
  `comment_body_format` varchar(255) DEFAULT NULL,
  PRIMARY KEY (`entity_type`,`entity_id`,`deleted`,`delta`,`language`),
  KEY `entity_type` (`entity_type`),
  KEY `bundle` (`bundle`),
  KEY `deleted` (`deleted`),
  KEY `entity_id` (`entity_id`),
  KEY `revision_id` (`revision_id`),
  KEY `language` (`language`),
  KEY `comment_body_format` (`comment_body_format`)
) ENGINE=InnoDB DEFAULT CHARSET=utf8 COMMENT='Data storage for field 1 (comment_body)';

--
-- Dumping data for table `field_data_comment_body`
--


--
-- Table structure for table `field_data_field_image`
--

CREATE TABLE `field_data_field_image` (
  `entity_type` varchar(128) NOT NULL DEFAULT '' COMMENT 'The entity type this data is attached to',
  `bundle` varchar(128) NOT NULL DEFAULT '' COMMENT 'The field instance bundle to which this row belongs, used when deleting a field instance',
  `deleted` tinyint(4) NOT NULL DEFAULT '0' COMMENT 'A boolean indicating whether this data item has been deleted',
  `entity_id` int(10) unsigned NOT NULL COMMENT 'The entity id this data is attached to',
  `revision_id` int(10) unsigned DEFAULT NULL COMMENT 'The entity revision id this data is attached to, or NULL if the entity type is not versioned',
  `language` varchar(32) NOT NULL DEFAULT '' COMMENT 'The language for this data item.',
  `delta` int(10) unsigned NOT NULL COMMENT 'The sequence number for this data item, used for multi-value fields',
  `field_image_fid` int(10) unsigned DEFAULT NULL COMMENT 'The file_managed.fid being referenced in this field.',
  `field_image_alt` varchar(512) DEFAULT NULL COMMENT 'Alternative image text, for the image’s ’alt’ attribute.',
  `field_image_title` varchar(1024) DEFAULT NULL COMMENT 'Image title text, for the image’s ’title’ attribute.',
  `field_image_width` int(10) unsigned DEFAULT NULL COMMENT 'The width of the image in pixels.',
  `field_image_height` int(10) unsigned DEFAULT NULL COMMENT 'The height of the image in pixels.',
  PRIMARY KEY (`entity_type`,`entity_id`,`deleted`,`delta`,`language`),
  KEY `entity_type` (`entity_type`),
  KEY `bundle` (`bundle`),
  KEY `deleted` (`deleted`),
  KEY `entity_id` (`entity_id`),
  KEY `revision_id` (`revision_id`),
  KEY `language` (`language`),
  KEY `field_image_fid` (`field_image_fid`)
) ENGINE=InnoDB DEFAULT CHARSET=utf8 COMMENT='Data storage for field 4 (field_image)';

--
-- Dumping data for table `field_data_field_image`
--


--
-- Table structure for table `field_data_field_tags`
--

CREATE TABLE `field_data_field_tags` (
  `entity_type` varchar(128) NOT NULL DEFAULT '' COMMENT 'The entity type this data is attached to',
  `bundle` varchar(128) NOT NULL DEFAULT '' COMMENT 'The field instance bundle to which this row belongs, used when deleting a field instance',
  `deleted` tinyint(4) NOT NULL DEFAULT '0' COMMENT 'A boolean indicating whether this data item has been deleted',
  `entity_id` int(10) unsigned NOT NULL COMMENT 'The entity id this data is attached to',
  `revision_id` int(10) unsigned DEFAULT NULL COMMENT 'The entity revision id this data is attached to, or NULL if the entity type is not versioned',
  `language` varchar(32) NOT NULL DEFAULT '' COMMENT 'The language for this data item.',
  `delta` int(10) unsigned NOT NULL COMMENT 'The sequence number for this data item, used for multi-value fields',
  `field_tags_tid` int(10) unsigned DEFAULT NULL,
  PRIMARY KEY (`entity_type`,`entity_id`,`deleted`,`delta`,`language`),
  KEY `entity_type` (`entity_type`),
  KEY `bundle` (`bundle`),
  KEY `deleted` (`deleted`),
  KEY `entity_id` (`entity_id`),
  KEY `revision_id` (`revision_id`),
  KEY `language` (`language`),
  KEY `field_tags_tid` (`field_tags_tid`)
) ENGINE=InnoDB DEFAULT CHARSET=utf8 COMMENT='Data storage for field 3 (field_tags)';

--
-- Dumping data for table `field_data_field_tags`
--


--
-- Table structure for table `field_revision_body`
--

CREATE TABLE `field_revision_body` (
  `entity_type` varchar(128) NOT NULL DEFAULT '' COMMENT 'The entity type this data is attached to',
  `bundle` varchar(128) NOT NULL DEFAULT '' COMMENT 'The field instance bundle to which this row belongs, used when deleting a field instance',
  `deleted` tinyint(4) NOT NULL DEFAULT '0' COMMENT 'A boolean indicating whether this data item has been deleted',
  `entity_id` int(10) unsigned NOT NULL COMMENT 'The entity id this data is attached to',
  `revision_id` int(10) unsigned NOT NULL COMMENT 'The entity revision id this data is attached to',
  `language` varchar(32) NOT NULL DEFAULT '' COMMENT 'The language for this data item.',
  `delta` int(10) unsigned NOT NULL COMMENT 'The sequence number for this data item, used for multi-value fields',
  `body_value` longtext,
  `body_summary` longtext,
  `body_format` varchar(255) DEFAULT NULL,
  PRIMARY KEY (`entity_type`,`entity_id`,`revision_id`,`deleted`,`delta`,`language`),
  KEY `entity_type` (`entity_type`),
  KEY `bundle` (`bundle`),
  KEY `deleted` (`deleted`),
  KEY `entity_id` (`entity_id`),
  KEY `revision_id` (`revision_id`),
  KEY `language` (`language`),
  KEY `body_format` (`body_format`)
) ENGINE=InnoDB DEFAULT CHARSET=utf8 COMMENT='Revision archive storage for field 2 (body)';

--
-- Dumping data for table `field_revision_body`
--

INSERT INTO `field_revision_body` VALUES ('node','page',0,2,2,'und',0,'<p>The School of Information Science and Informatics is located in the center of Corfu Town. The School is a graduate research and education community committed to expanding access to information and to improving its usability, reliability, and credibility. This requires the insights of scholars from diverse fields — Information Science and Informatics. The \'Information Science\' revolves around the sciences and specifically in the interdisciplinary study of the processing, management and retrieval of information. The \'Informatics\' covers both theoretical and practical aspects on the computing technologies and algorithms.</p>\r\n<p>The aim of the School is to enable (under)post-graduate students involvement in issues and to offer a suitable extra skills towards shaping a successful researcher, a competitive employee. The mission of the School is to support and advance the broader education, research and service mission of the Ionian University by educating students, furthering knowledge, and contributing our know-how to advance humankind\'s improvement through information.</p>\r\n<!--break-->\r\n<p>This mission is achieved through specific actions:</p>.\r\n<ul>\r\n<li>Providing a high-quality undergraduate program in Information Science and Informatics</li>\r\n<li>Offering superior graduate programs in Information Science and Informatics</li>\r\n<li>Engaging in research and scholarly activities that advance learning through the extension of the frontiers of knowledge and creative endeavor</li>\r\n<li>Cooperating with industry and public sector to transfer knowledge</li>\r\n<li>Extending our expertise to local communities and public agencies to contribute to social, intellectual and the community</li>\r\n</ul>\r\n<p>The School is comprised of two departments: The <a href=\"http://tab.ionio.gr\" target=\"_blank\">Department of Archives, Library Science and Museology </a> and the <a href=\"http://di.ionio.gr\" target=\"_blank\">Department of Informatics</a>. The two Departments offer both undergraduate and post-graduate degrees. The undergraduate programs lead to initial certifications with 240 ECTS credits over four academic years. Also, the post-graduate programs lead to masters and doctoral degrees in specific fields of Information science and Informatics.</p>\r\n','','filtered_html');

--
-- Table structure for table `field_revision_comment_body`
--

CREATE TABLE `field_revision_comment_body` (
  `entity_type` varchar(128) NOT NULL DEFAULT '' COMMENT 'The entity type this data is attached to',
  `bundle` varchar(128) NOT NULL DEFAULT '' COMMENT 'The field instance bundle to which this row belongs, used when deleting a field instance',
  `deleted` tinyint(4) NOT NULL DEFAULT '0' COMMENT 'A boolean indicating whether this data item has been deleted',
  `entity_id` int(10) unsigned NOT NULL COMMENT 'The entity id this data is attached to',
  `revision_id` int(10) unsigned NOT NULL COMMENT 'The entity revision id this data is attached to',
  `language` varchar(32) NOT NULL DEFAULT '' COMMENT 'The language for this data item.',
  `delta` int(10) unsigned NOT NULL COMMENT 'The sequence number for this data item, used for multi-value fields',
  `comment_body_value` longtext,
  `comment_body_format` varchar(255) DEFAULT NULL,
  PRIMARY KEY (`entity_type`,`entity_id`,`revision_id`,`deleted`,`delta`,`language`),
  KEY `entity_type` (`entity_type`),
  KEY `bundle` (`bundle`),
  KEY `deleted` (`deleted`),
  KEY `entity_id` (`entity_id`),
  KEY `revision_id` (`revision_id`),
  KEY `language` (`language`),
  KEY `comment_body_format` (`comment_body_format`)
) ENGINE=InnoDB DEFAULT CHARSET=utf8 COMMENT='Revision archive storage for field 1 (comment_body)';

--
-- Dumping data for table `field_revision_comment_body`
--


--
-- Table structure for table `field_revision_field_image`
--

CREATE TABLE `field_revision_field_image` (
  `entity_type` varchar(128) NOT NULL DEFAULT '' COMMENT 'The entity type this data is attached to',
  `bundle` varchar(128) NOT NULL DEFAULT '' COMMENT 'The field instance bundle to which this row belongs, used when deleting a field instance',
  `deleted` tinyint(4) NOT NULL DEFAULT '0' COMMENT 'A boolean indicating whether this data item has been deleted',
  `entity_id` int(10) unsigned NOT NULL COMMENT 'The entity id this data is attached to',
  `revision_id` int(10) unsigned NOT NULL COMMENT 'The entity revision id this data is attached to',
  `language` varchar(32) NOT NULL DEFAULT '' COMMENT 'The language for this data item.',
  `delta` int(10) unsigned NOT NULL COMMENT 'The sequence number for this data item, used for multi-value fields',
  `field_image_fid` int(10) unsigned DEFAULT NULL COMMENT 'The file_managed.fid being referenced in this field.',
  `field_image_alt` varchar(512) DEFAULT NULL COMMENT 'Alternative image text, for the image’s ’alt’ attribute.',
  `field_image_title` varchar(1024) DEFAULT NULL COMMENT 'Image title text, for the image’s ’title’ attribute.',
  `field_image_width` int(10) unsigned DEFAULT NULL COMMENT 'The width of the image in pixels.',
  `field_image_height` int(10) unsigned DEFAULT NULL COMMENT 'The height of the image in pixels.',
  PRIMARY KEY (`entity_type`,`entity_id`,`revision_id`,`deleted`,`delta`,`language`),
  KEY `entity_type` (`entity_type`),
  KEY `bundle` (`bundle`),
  KEY `deleted` (`deleted`),
  KEY `entity_id` (`entity_id`),
  KEY `revision_id` (`revision_id`),
  KEY `language` (`language`),
  KEY `field_image_fid` (`field_image_fid`)
) ENGINE=InnoDB DEFAULT CHARSET=utf8 COMMENT='Revision archive storage for field 4 (field_image)';

--
-- Dumping data for table `field_revision_field_image`
--


--
-- Table structure for table `field_revision_field_tags`
--

CREATE TABLE `field_revision_field_tags` (
  `entity_type` varchar(128) NOT NULL DEFAULT '' COMMENT 'The entity type this data is attached to',
  `bundle` varchar(128) NOT NULL DEFAULT '' COMMENT 'The field instance bundle to which this row belongs, used when deleting a field instance',
  `deleted` tinyint(4) NOT NULL DEFAULT '0' COMMENT 'A boolean indicating whether this data item has been deleted',
  `entity_id` int(10) unsigned NOT NULL COMMENT 'The entity id this data is attached to',
  `revision_id` int(10) unsigned NOT NULL COMMENT 'The entity revision id this data is attached to',
  `language` varchar(32) NOT NULL DEFAULT '' COMMENT 'The language for this data item.',
  `delta` int(10) unsigned NOT NULL COMMENT 'The sequence number for this data item, used for multi-value fields',
  `field_tags_tid` int(10) unsigned DEFAULT NULL,
  PRIMARY KEY (`entity_type`,`entity_id`,`revision_id`,`deleted`,`delta`,`language`),
  KEY `entity_type` (`entity_type`),
  KEY `bundle` (`bundle`),
  KEY `deleted` (`deleted`),
  KEY `entity_id` (`entity_id`),
  KEY `revision_id` (`revision_id`),
  KEY `language` (`language`),
  KEY `field_tags_tid` (`field_tags_tid`)
) ENGINE=InnoDB DEFAULT CHARSET=utf8 COMMENT='Revision archive storage for field 3 (field_tags)';

--
-- Dumping data for table `field_revision_field_tags`
--


--
-- Table structure for table `file_managed`
--

CREATE TABLE `file_managed` (
  `fid` int(10) unsigned NOT NULL AUTO_INCREMENT COMMENT 'File ID.',
  `uid` int(10) unsigned NOT NULL DEFAULT '0' COMMENT 'The users.uid of the user who is associated with the file.',
  `filename` varchar(255) NOT NULL DEFAULT '' COMMENT 'Name of the file with no path components. This may differ from the basename of the URI if the file is renamed to avoid overwriting an existing file.',
  `uri` varchar(255) CHARACTER SET utf8 COLLATE utf8_bin NOT NULL DEFAULT '' COMMENT 'The URI to access the file (either local or remote).',
  `filemime` varchar(255) NOT NULL DEFAULT '' COMMENT 'The file’s MIME type.',
  `filesize` bigint(20) unsigned NOT NULL DEFAULT '0' COMMENT 'The size of the file in bytes.',
  `status` tinyint(4) NOT NULL DEFAULT '0' COMMENT 'A field indicating the status of the file. Two status are defined in core: temporary (0) and permanent (1). Temporary files older than DRUPAL_MAXIMUM_TEMP_FILE_AGE will be removed during a cron run.',
  `timestamp` int(10) unsigned NOT NULL DEFAULT '0' COMMENT 'UNIX timestamp for when the file was added.',
  PRIMARY KEY (`fid`),
  UNIQUE KEY `uri` (`uri`),
  KEY `uid` (`uid`),
  KEY `status` (`status`),
  KEY `timestamp` (`timestamp`)
) ENGINE=InnoDB DEFAULT CHARSET=utf8 COMMENT='Stores information for uploaded files.';

--
-- Dumping data for table `file_managed`
--


--
-- Table structure for table `file_usage`
--

CREATE TABLE `file_usage` (
  `fid` int(10) unsigned NOT NULL COMMENT 'File ID.',
  `module` varchar(255) NOT NULL DEFAULT '' COMMENT 'The name of the module that is using the file.',
  `type` varchar(64) NOT NULL DEFAULT '' COMMENT 'The name of the object type in which the file is used.',
  `id` int(10) unsigned NOT NULL DEFAULT '0' COMMENT 'The primary key of the object using the file.',
  `count` int(10) unsigned NOT NULL DEFAULT '0' COMMENT 'The number of times this file is used by this object.',
  PRIMARY KEY (`fid`,`type`,`id`,`module`),
  KEY `type_id` (`type`,`id`),
  KEY `fid_count` (`fid`,`count`),
  KEY `fid_module` (`fid`,`module`)
) ENGINE=InnoDB DEFAULT CHARSET=utf8 COMMENT='Track where a file is used.';

--
-- Dumping data for table `file_usage`
--


--
-- Table structure for table `filter`
--

CREATE TABLE `filter` (
  `format` varchar(255) NOT NULL COMMENT 'Foreign key: The filter_format.format to which this filter is assigned.',
  `module` varchar(64) NOT NULL DEFAULT '' COMMENT 'The origin module of the filter.',
  `name` varchar(32) NOT NULL DEFAULT '' COMMENT 'Name of the filter being referenced.',
  `weight` int(11) NOT NULL DEFAULT '0' COMMENT 'Weight of filter within format.',
  `status` int(11) NOT NULL DEFAULT '0' COMMENT 'Filter enabled status. (1 = enabled, 0 = disabled)',
  `settings` longblob COMMENT 'A serialized array of name value pairs that store the filter settings for the specific format.',
  PRIMARY KEY (`format`,`name`),
  KEY `list` (`weight`,`module`,`name`)
) ENGINE=InnoDB DEFAULT CHARSET=utf8 COMMENT='Table that maps filters (HTML corrector) to text formats ...';

--
-- Dumping data for table `filter`
--

INSERT INTO `filter` VALUES ('filtered_html','filter','filter_autop',2,1,'a:0:{}'),('filtered_html','filter','filter_html',1,1,'a:3:{s:12:\"allowed_html\";s:74:\"<a> <em> <strong> <cite> <blockquote> <code> <ul> <ol> <li> <dl> <dt> <dd>\";s:16:\"filter_html_help\";i:1;s:20:\"filter_html_nofollow\";i:0;}'),('filtered_html','filter','filter_htmlcorrector',10,1,'a:0:{}'),('filtered_html','filter','filter_html_escape',-10,0,'a:0:{}'),('filtered_html','filter','filter_url',0,1,'a:1:{s:17:\"filter_url_length\";i:72;}'),('full_html','filter','filter_autop',1,1,'a:0:{}'),('full_html','filter','filter_html',-10,0,'a:3:{s:12:\"allowed_html\";s:74:\"<a> <em> <strong> <cite> <blockquote> <code> <ul> <ol> <li> <dl> <dt> <dd>\";s:16:\"filter_html_help\";i:1;s:20:\"filter_html_nofollow\";i:0;}'),('full_html','filter','filter_htmlcorrector',10,1,'a:0:{}'),('full_html','filter','filter_html_escape',-10,0,'a:0:{}'),('full_html','filter','filter_url',0,1,'a:1:{s:17:\"filter_url_length\";i:72;}'),('plain_text','filter','filter_autop',2,1,'a:0:{}'),('plain_text','filter','filter_html',-10,0,'a:3:{s:12:\"allowed_html\";s:74:\"<a> <em> <strong> <cite> <blockquote> <code> <ul> <ol> <li> <dl> <dt> <dd>\";s:16:\"filter_html_help\";i:1;s:20:\"filter_html_nofollow\";i:0;}'),('plain_text','filter','filter_htmlcorrector',10,0,'a:0:{}'),('plain_text','filter','filter_html_escape',0,1,'a:0:{}'),('plain_text','filter','filter_url',1,1,'a:1:{s:17:\"filter_url_length\";i:72;}');

--
-- Table structure for table `filter_format`
--

CREATE TABLE `filter_format` (
  `format` varchar(255) NOT NULL COMMENT 'Primary Key: Unique machine name of the format.',
  `name` varchar(255) NOT NULL DEFAULT '' COMMENT 'Name of the text format (Filtered HTML).',
  `cache` tinyint(4) NOT NULL DEFAULT '0' COMMENT 'Flag to indicate whether format is cacheable. (1 = cacheable, 0 = not cacheable)',
  `status` tinyint(3) unsigned NOT NULL DEFAULT '1' COMMENT 'The status of the text format. (1 = enabled, 0 = disabled)',
  `weight` int(11) NOT NULL DEFAULT '0' COMMENT 'Weight of text format to use when listing.',
  PRIMARY KEY (`format`),
  UNIQUE KEY `name` (`name`),
  KEY `status_weight` (`status`,`weight`)
) ENGINE=InnoDB DEFAULT CHARSET=utf8 COMMENT='Stores text formats: custom groupings of filters, such as...';

--
-- Dumping data for table `filter_format`
--

INSERT INTO `filter_format` VALUES ('filtered_html','Filtered HTML',1,1,0),('full_html','Full HTML',1,1,1),('plain_text','Plain text',1,1,10);

--
-- Table structure for table `flood`
--

CREATE TABLE `flood` (
  `fid` int(11) NOT NULL AUTO_INCREMENT COMMENT 'Unique flood event ID.',
  `event` varchar(64) NOT NULL DEFAULT '' COMMENT 'Name of event (e.g. contact).',
  `identifier` varchar(128) NOT NULL DEFAULT '' COMMENT 'Identifier of the visitor, such as an IP address or hostname.',
  `timestamp` int(11) NOT NULL DEFAULT '0' COMMENT 'Timestamp of the event.',
  `expiration` int(11) NOT NULL DEFAULT '0' COMMENT 'Expiration timestamp. Expired events are purged on cron run.',
  PRIMARY KEY (`fid`),
  KEY `allow` (`event`,`identifier`,`timestamp`),
  KEY `purge` (`expiration`)
) ENGINE=InnoDB DEFAULT CHARSET=utf8 COMMENT='Flood controls the threshold of events, such as the...';

--
-- Dumping data for table `flood`
--


--
-- Table structure for table `history`
--

CREATE TABLE `history` (
  `uid` int(11) NOT NULL DEFAULT '0' COMMENT 'The users.uid that read the node nid.',
  `nid` int(11) NOT NULL DEFAULT '0' COMMENT 'The node.nid that was read.',
  `timestamp` int(11) NOT NULL DEFAULT '0' COMMENT 'The Unix timestamp at which the read occurred.',
  PRIMARY KEY (`uid`,`nid`),
  KEY `nid` (`nid`)
) ENGINE=InnoDB DEFAULT CHARSET=utf8 COMMENT='A record of which users have read which nodes.';

--
-- Dumping data for table `history`
--

INSERT INTO `history` VALUES (1,2,1397214617);

--
-- Table structure for table `image_effects`
--

CREATE TABLE `image_effects` (
  `ieid` int(10) unsigned NOT NULL AUTO_INCREMENT COMMENT 'The primary identifier for an image effect.',
  `isid` int(10) unsigned NOT NULL DEFAULT '0' COMMENT 'The image_styles.isid for an image style.',
  `weight` int(11) NOT NULL DEFAULT '0' COMMENT 'The weight of the effect in the style.',
  `name` varchar(255) NOT NULL COMMENT 'The unique name of the effect to be executed.',
  `data` longblob NOT NULL COMMENT 'The configuration data for the effect.',
  PRIMARY KEY (`ieid`),
  KEY `isid` (`isid`),
  KEY `weight` (`weight`)
) ENGINE=InnoDB DEFAULT CHARSET=utf8 COMMENT='Stores configuration options for image effects.';

--
-- Dumping data for table `image_effects`
--


--
-- Table structure for table `image_styles`
--

CREATE TABLE `image_styles` (
  `isid` int(10) unsigned NOT NULL AUTO_INCREMENT COMMENT 'The primary identifier for an image style.',
  `name` varchar(255) NOT NULL COMMENT 'The style machine name.',
  `label` varchar(255) NOT NULL DEFAULT '' COMMENT 'The style administrative name.',
  PRIMARY KEY (`isid`),
  UNIQUE KEY `name` (`name`)
) ENGINE=InnoDB DEFAULT CHARSET=utf8 COMMENT='Stores configuration options for image styles.';

--
-- Dumping data for table `image_styles`
--


--
-- Table structure for table `menu_custom`
--

CREATE TABLE `menu_custom` (
  `menu_name` varchar(32) NOT NULL DEFAULT '' COMMENT 'Primary Key: Unique key for menu. This is used as a block delta so length is 32.',
  `title` varchar(255) NOT NULL DEFAULT '' COMMENT 'Menu title; displayed at top of block.',
  `description` text COMMENT 'Menu description.',
  PRIMARY KEY (`menu_name`)
) ENGINE=InnoDB DEFAULT CHARSET=utf8 COMMENT='Holds definitions for top-level custom menus (for example...';

--
-- Dumping data for table `menu_custom`
--

INSERT INTO `menu_custom` VALUES ('main-menu','Main menu','The <em>Main</em> menu is used on many sites to show the major sections of the site, often in a top navigation bar.'),('management','Management','The <em>Management</em> menu contains links for administrative tasks.'),('navigation','Navigation','The <em>Navigation</em> menu contains links intended for site visitors. Links are added to the <em>Navigation</em> menu automatically by some modules.'),('user-menu','User menu','The <em>User</em> menu contains links related to the user\'s account, as well as the \'Log out\' link.');

--
-- Table structure for table `menu_links`
--

CREATE TABLE `menu_links` (
  `menu_name` varchar(32) NOT NULL DEFAULT '' COMMENT 'The menu name. All links with the same menu name (such as ’navigation’) are part of the same menu.',
  `mlid` int(10) unsigned NOT NULL AUTO_INCREMENT COMMENT 'The menu link ID (mlid) is the integer primary key.',
  `plid` int(10) unsigned NOT NULL DEFAULT '0' COMMENT 'The parent link ID (plid) is the mlid of the link above in the hierarchy, or zero if the link is at the top level in its menu.',
  `link_path` varchar(255) NOT NULL DEFAULT '' COMMENT 'The Drupal path or external path this link points to.',
  `router_path` varchar(255) NOT NULL DEFAULT '' COMMENT 'For links corresponding to a Drupal path (external = 0), this connects the link to a menu_router.path for joins.',
  `link_title` varchar(255) NOT NULL DEFAULT '' COMMENT 'The text displayed for the link, which may be modified by a title callback stored in menu_router.',
  `options` blob COMMENT 'A serialized array of options to be passed to the url() or l() function, such as a query string or HTML attributes.',
  `module` varchar(255) NOT NULL DEFAULT 'system' COMMENT 'The name of the module that generated this link.',
  `hidden` smallint(6) NOT NULL DEFAULT '0' COMMENT 'A flag for whether the link should be rendered in menus. (1 = a disabled menu item that may be shown on admin screens, -1 = a menu callback, 0 = a normal, visible link)',
  `external` smallint(6) NOT NULL DEFAULT '0' COMMENT 'A flag to indicate if the link points to a full URL starting with a protocol, like http:// (1 = external, 0 = internal).',
  `has_children` smallint(6) NOT NULL DEFAULT '0' COMMENT 'Flag indicating whether any links have this link as a parent (1 = children exist, 0 = no children).',
  `expanded` smallint(6) NOT NULL DEFAULT '0' COMMENT 'Flag for whether this link should be rendered as expanded in menus - expanded links always have their child links displayed, instead of only when the link is in the active trail (1 = expanded, 0 = not expanded)',
  `weight` int(11) NOT NULL DEFAULT '0' COMMENT 'Link weight among links in the same menu at the same depth.',
  `depth` smallint(6) NOT NULL DEFAULT '0' COMMENT 'The depth relative to the top level. A link with plid == 0 will have depth == 1.',
  `customized` smallint(6) NOT NULL DEFAULT '0' COMMENT 'A flag to indicate that the user has manually created or edited the link (1 = customized, 0 = not customized).',
  `p1` int(10) unsigned NOT NULL DEFAULT '0' COMMENT 'The first mlid in the materialized path. If N = depth, then pN must equal the mlid. If depth > 1 then p(N-1) must equal the plid. All pX where X > depth must equal zero. The columns p1 .. p9 are also called the parents.',
  `p2` int(10) unsigned NOT NULL DEFAULT '0' COMMENT 'The second mlid in the materialized path. See p1.',
  `p3` int(10) unsigned NOT NULL DEFAULT '0' COMMENT 'The third mlid in the materialized path. See p1.',
  `p4` int(10) unsigned NOT NULL DEFAULT '0' COMMENT 'The fourth mlid in the materialized path. See p1.',
  `p5` int(10) unsigned NOT NULL DEFAULT '0' COMMENT 'The fifth mlid in the materialized path. See p1.',
  `p6` int(10) unsigned NOT NULL DEFAULT '0' COMMENT 'The sixth mlid in the materialized path. See p1.',
  `p7` int(10) unsigned NOT NULL DEFAULT '0' COMMENT 'The seventh mlid in the materialized path. See p1.',
  `p8` int(10) unsigned NOT NULL DEFAULT '0' COMMENT 'The eighth mlid in the materialized path. See p1.',
  `p9` int(10) unsigned NOT NULL DEFAULT '0' COMMENT 'The ninth mlid in the materialized path. See p1.',
  `updated` smallint(6) NOT NULL DEFAULT '0' COMMENT 'Flag that indicates that this link was generated during the update from Drupal 5.',
  PRIMARY KEY (`mlid`),
  KEY `path_menu` (`link_path`(128),`menu_name`),
  KEY `menu_plid_expand_child` (`menu_name`,`plid`,`expanded`,`has_children`),
  KEY `menu_parents` (`menu_name`,`p1`,`p2`,`p3`,`p4`,`p5`,`p6`,`p7`,`p8`,`p9`),
  KEY `router_path` (`router_path`(128))
) ENGINE=InnoDB AUTO_INCREMENT=341 DEFAULT CHARSET=utf8 COMMENT='Contains the individual links within a menu.';

--
-- Dumping data for table `menu_links`
--

INSERT INTO `menu_links` VALUES ('management',1,0,'admin','admin','Administration','a:0:{}','system',0,0,1,0,9,1,0,1,0,0,0,0,0,0,0,0,0),('user-menu',2,0,'user','user','User account','a:1:{s:5:\"alter\";b:1;}','system',0,0,0,0,-10,1,0,2,0,0,0,0,0,0,0,0,0),('navigation',3,0,'comment/%','comment/%','Comment permalink','a:0:{}','system',0,0,1,0,0,1,0,3,0,0,0,0,0,0,0,0,0),('navigation',4,0,'filter/tips','filter/tips','Compose tips','a:0:{}','system',1,0,0,0,0,1,0,4,0,0,0,0,0,0,0,0,0),('navigation',5,0,'node/%','node/%','','a:0:{}','system',0,0,0,0,0,1,0,5,0,0,0,0,0,0,0,0,0),('navigation',6,0,'node/add','node/add','Add content','a:0:{}','system',0,0,1,0,0,1,0,6,0,0,0,0,0,0,0,0,0),('management',7,1,'admin/appearance','admin/appearance','Appearance','a:1:{s:10:\"attributes\";a:1:{s:5:\"title\";s:33:\"Select and configure your themes.\";}}','system',0,0,0,0,-6,2,0,1,7,0,0,0,0,0,0,0,0),('management',8,1,'admin/config','admin/config','Configuration','a:1:{s:10:\"attributes\";a:1:{s:5:\"title\";s:20:\"Administer settings.\";}}','system',0,0,1,0,0,2,0,1,8,0,0,0,0,0,0,0,0),('management',9,1,'admin/content','admin/content','Content','a:1:{s:10:\"attributes\";a:1:{s:5:\"title\";s:32:\"Administer content and comments.\";}}','system',0,0,1,0,-10,2,0,1,9,0,0,0,0,0,0,0,0),('user-menu',10,2,'user/register','user/register','Create new account','a:0:{}','system',-1,0,0,0,0,2,0,2,10,0,0,0,0,0,0,0,0),('management',11,1,'admin/dashboard','admin/dashboard','Dashboard','a:1:{s:10:\"attributes\";a:1:{s:5:\"title\";s:34:\"View and customize your dashboard.\";}}','system',0,0,0,0,-15,2,0,1,11,0,0,0,0,0,0,0,0),('management',12,1,'admin/help','admin/help','Help','a:1:{s:10:\"attributes\";a:1:{s:5:\"title\";s:48:\"Reference for usage, configuration, and modules.\";}}','system',0,0,0,0,9,2,0,1,12,0,0,0,0,0,0,0,0),('management',13,1,'admin/index','admin/index','Index','a:0:{}','system',-1,0,0,0,-18,2,0,1,13,0,0,0,0,0,0,0,0),('user-menu',14,2,'user/login','user/login','Log in','a:0:{}','system',-1,0,0,0,0,2,0,2,14,0,0,0,0,0,0,0,0),('user-menu',15,0,'user/logout','user/logout','Log out','a:0:{}','system',0,0,0,0,10,1,0,15,0,0,0,0,0,0,0,0,0),('management',16,1,'admin/modules','admin/modules','Modules','a:1:{s:10:\"attributes\";a:1:{s:5:\"title\";s:26:\"Extend site functionality.\";}}','system',0,0,0,0,-2,2,0,1,16,0,0,0,0,0,0,0,0),('navigation',17,0,'user/%','user/%','My account','a:0:{}','system',0,0,1,0,0,1,0,17,0,0,0,0,0,0,0,0,0),('management',18,1,'admin/people','admin/people','People','a:1:{s:10:\"attributes\";a:1:{s:5:\"title\";s:45:\"Manage user accounts, roles, and permissions.\";}}','system',0,0,0,0,-4,2,0,1,18,0,0,0,0,0,0,0,0),('management',19,1,'admin/reports','admin/reports','Reports','a:1:{s:10:\"attributes\";a:1:{s:5:\"title\";s:34:\"View reports, updates, and errors.\";}}','system',0,0,1,0,5,2,0,1,19,0,0,0,0,0,0,0,0),('user-menu',20,2,'user/password','user/password','Request new password','a:0:{}','system',-1,0,0,0,0,2,0,2,20,0,0,0,0,0,0,0,0),('management',21,1,'admin/structure','admin/structure','Structure','a:1:{s:10:\"attributes\";a:1:{s:5:\"title\";s:45:\"Administer blocks, content types, menus, etc.\";}}','system',0,0,1,0,-8,2,0,1,21,0,0,0,0,0,0,0,0),('management',22,1,'admin/tasks','admin/tasks','Tasks','a:0:{}','system',-1,0,0,0,-20,2,0,1,22,0,0,0,0,0,0,0,0),('navigation',23,0,'comment/reply/%','comment/reply/%','Add new comment','a:0:{}','system',0,0,0,0,0,1,0,23,0,0,0,0,0,0,0,0,0),('navigation',24,3,'comment/%/approve','comment/%/approve','Approve','a:0:{}','system',0,0,0,0,1,2,0,3,24,0,0,0,0,0,0,0,0),('navigation',25,3,'comment/%/delete','comment/%/delete','Delete','a:0:{}','system',-1,0,0,0,2,2,0,3,25,0,0,0,0,0,0,0,0),('navigation',26,3,'comment/%/edit','comment/%/edit','Edit','a:0:{}','system',-1,0,0,0,0,2,0,3,26,0,0,0,0,0,0,0,0),('navigation',27,0,'taxonomy/term/%','taxonomy/term/%','Taxonomy term','a:0:{}','system',0,0,0,0,0,1,0,27,0,0,0,0,0,0,0,0,0),('navigation',28,3,'comment/%/view','comment/%/view','View comment','a:0:{}','system',-1,0,0,0,-10,2,0,3,28,0,0,0,0,0,0,0,0),('management',29,18,'admin/people/create','admin/people/create','Add user','a:0:{}','system',-1,0,0,0,0,3,0,1,18,29,0,0,0,0,0,0,0),('management',30,21,'admin/structure/block','admin/structure/block','Blocks','a:1:{s:10:\"attributes\";a:1:{s:5:\"title\";s:79:\"Configure what block content appears in your site\'s sidebars and other regions.\";}}','system',0,0,1,0,0,3,0,1,21,30,0,0,0,0,0,0,0),('navigation',31,17,'user/%/cancel','user/%/cancel','Cancel account','a:0:{}','system',0,0,1,0,0,2,0,17,31,0,0,0,0,0,0,0,0),('management',32,9,'admin/content/comment','admin/content/comment','Comments','a:1:{s:10:\"attributes\";a:1:{s:5:\"title\";s:59:\"List and edit site comments and the comment approval queue.\";}}','system',0,0,0,0,0,3,0,1,9,32,0,0,0,0,0,0,0),('management',33,11,'admin/dashboard/configure','admin/dashboard/configure','Configure available dashboard blocks','a:1:{s:10:\"attributes\";a:1:{s:5:\"title\";s:53:\"Configure which blocks can be shown on the dashboard.\";}}','system',-1,0,0,0,0,3,0,1,11,33,0,0,0,0,0,0,0),('management',34,9,'admin/content/node','admin/content/node','Content','a:0:{}','system',-1,0,0,0,-10,3,0,1,9,34,0,0,0,0,0,0,0),('management',35,8,'admin/config/content','admin/config/content','Content authoring','a:1:{s:10:\"attributes\";a:1:{s:5:\"title\";s:53:\"Settings related to formatting and authoring content.\";}}','system',0,0,1,0,-15,3,0,1,8,35,0,0,0,0,0,0,0),('management',36,21,'admin/structure/types','admin/structure/types','Content types','a:1:{s:10:\"attributes\";a:1:{s:5:\"title\";s:92:\"Manage content types, including default status, front page promotion, comment settings, etc.\";}}','system',0,0,1,0,0,3,0,1,21,36,0,0,0,0,0,0,0),('management',37,11,'admin/dashboard/customize','admin/dashboard/customize','Customize dashboard','a:1:{s:10:\"attributes\";a:1:{s:5:\"title\";s:25:\"Customize your dashboard.\";}}','system',-1,0,0,0,0,3,0,1,11,37,0,0,0,0,0,0,0),('navigation',38,5,'node/%/delete','node/%/delete','Delete','a:0:{}','system',-1,0,0,0,1,2,0,5,38,0,0,0,0,0,0,0,0),('management',39,8,'admin/config/development','admin/config/development','Development','a:1:{s:10:\"attributes\";a:1:{s:5:\"title\";s:18:\"Development tools.\";}}','system',0,0,1,0,-10,3,0,1,8,39,0,0,0,0,0,0,0),('navigation',40,17,'user/%/edit','user/%/edit','Edit','a:0:{}','system',-1,0,0,0,0,2,0,17,40,0,0,0,0,0,0,0,0),('navigation',41,5,'node/%/edit','node/%/edit','Edit','a:0:{}','system',-1,0,0,0,0,2,0,5,41,0,0,0,0,0,0,0,0),('management',42,19,'admin/reports/fields','admin/reports/fields','Field list','a:1:{s:10:\"attributes\";a:1:{s:5:\"title\";s:39:\"Overview of fields on all entity types.\";}}','system',0,0,0,0,0,3,0,1,19,42,0,0,0,0,0,0,0),('management',43,7,'admin/appearance/list','admin/appearance/list','List','a:1:{s:10:\"attributes\";a:1:{s:5:\"title\";s:31:\"Select and configure your theme\";}}','system',-1,0,0,0,-1,3,0,1,7,43,0,0,0,0,0,0,0),('management',44,16,'admin/modules/list','admin/modules/list','List','a:0:{}','system',-1,0,0,0,0,3,0,1,16,44,0,0,0,0,0,0,0),('management',45,18,'admin/people/people','admin/people/people','List','a:1:{s:10:\"attributes\";a:1:{s:5:\"title\";s:50:\"Find and manage people interacting with your site.\";}}','system',-1,0,0,0,-10,3,0,1,18,45,0,0,0,0,0,0,0),('management',46,8,'admin/config/media','admin/config/media','Media','a:1:{s:10:\"attributes\";a:1:{s:5:\"title\";s:12:\"Media tools.\";}}','system',0,0,1,0,-10,3,0,1,8,46,0,0,0,0,0,0,0),('management',47,21,'admin/structure/menu','admin/structure/menu','Menus','a:1:{s:10:\"attributes\";a:1:{s:5:\"title\";s:86:\"Add new menus to your site, edit existing menus, and rename and reorganize menu links.\";}}','system',0,0,1,0,0,3,0,1,21,47,0,0,0,0,0,0,0),('management',48,8,'admin/config/people','admin/config/people','People','a:1:{s:10:\"attributes\";a:1:{s:5:\"title\";s:24:\"Configure user accounts.\";}}','system',0,0,1,0,-20,3,0,1,8,48,0,0,0,0,0,0,0),('management',49,18,'admin/people/permissions','admin/people/permissions','Permissions','a:1:{s:10:\"attributes\";a:1:{s:5:\"title\";s:64:\"Determine access to features by selecting permissions for roles.\";}}','system',-1,0,0,0,0,3,0,1,18,49,0,0,0,0,0,0,0),('management',50,19,'admin/reports/dblog','admin/reports/dblog','Recent log messages','a:1:{s:10:\"attributes\";a:1:{s:5:\"title\";s:43:\"View events that have recently been logged.\";}}','system',0,0,0,0,-1,3,0,1,19,50,0,0,0,0,0,0,0),('management',51,8,'admin/config/regional','admin/config/regional','Regional and language','a:1:{s:10:\"attributes\";a:1:{s:5:\"title\";s:48:\"Regional settings, localization and translation.\";}}','system',0,0,1,0,-5,3,0,1,8,51,0,0,0,0,0,0,0),('navigation',52,5,'node/%/revisions','node/%/revisions','Revisions','a:0:{}','system',-1,0,1,0,2,2,0,5,52,0,0,0,0,0,0,0,0),('management',53,8,'admin/config/search','admin/config/search','Search and metadata','a:1:{s:10:\"attributes\";a:1:{s:5:\"title\";s:36:\"Local site search, metadata and SEO.\";}}','system',0,0,1,0,-10,3,0,1,8,53,0,0,0,0,0,0,0),('management',54,7,'admin/appearance/settings','admin/appearance/settings','Settings','a:1:{s:10:\"attributes\";a:1:{s:5:\"title\";s:46:\"Configure default and theme specific settings.\";}}','system',-1,0,0,0,20,3,0,1,7,54,0,0,0,0,0,0,0),('management',55,19,'admin/reports/status','admin/reports/status','Status report','a:1:{s:10:\"attributes\";a:1:{s:5:\"title\";s:74:\"Get a status report about your site\'s operation and any detected problems.\";}}','system',0,0,0,0,-60,3,0,1,19,55,0,0,0,0,0,0,0),('management',56,8,'admin/config/system','admin/config/system','System','a:1:{s:10:\"attributes\";a:1:{s:5:\"title\";s:37:\"General system related configuration.\";}}','system',0,0,1,0,-20,3,0,1,8,56,0,0,0,0,0,0,0),('management',57,21,'admin/structure/taxonomy','admin/structure/taxonomy','Taxonomy','a:1:{s:10:\"attributes\";a:1:{s:5:\"title\";s:67:\"Manage tagging, categorization, and classification of your content.\";}}','system',0,0,1,0,0,3,0,1,21,57,0,0,0,0,0,0,0),('management',58,19,'admin/reports/access-denied','admin/reports/access-denied','Top \'access denied\' errors','a:1:{s:10:\"attributes\";a:1:{s:5:\"title\";s:35:\"View \'access denied\' errors (403s).\";}}','system',0,0,0,0,0,3,0,1,19,58,0,0,0,0,0,0,0),('management',59,19,'admin/reports/page-not-found','admin/reports/page-not-found','Top \'page not found\' errors','a:1:{s:10:\"attributes\";a:1:{s:5:\"title\";s:36:\"View \'page not found\' errors (404s).\";}}','system',0,0,0,0,0,3,0,1,19,59,0,0,0,0,0,0,0),('management',60,16,'admin/modules/uninstall','admin/modules/uninstall','Uninstall','a:0:{}','system',-1,0,0,0,20,3,0,1,16,60,0,0,0,0,0,0,0),('management',61,8,'admin/config/user-interface','admin/config/user-interface','User interface','a:1:{s:10:\"attributes\";a:1:{s:5:\"title\";s:38:\"Tools that enhance the user interface.\";}}','system',0,0,1,0,-15,3,0,1,8,61,0,0,0,0,0,0,0),('navigation',62,5,'node/%/view','node/%/view','View','a:0:{}','system',-1,0,0,0,-10,2,0,5,62,0,0,0,0,0,0,0,0),('navigation',63,17,'user/%/view','user/%/view','View','a:0:{}','system',-1,0,0,0,-10,2,0,17,63,0,0,0,0,0,0,0,0),('management',64,8,'admin/config/services','admin/config/services','Web services','a:1:{s:10:\"attributes\";a:1:{s:5:\"title\";s:30:\"Tools related to web services.\";}}','system',0,0,1,0,0,3,0,1,8,64,0,0,0,0,0,0,0),('management',65,8,'admin/config/workflow','admin/config/workflow','Workflow','a:1:{s:10:\"attributes\";a:1:{s:5:\"title\";s:43:\"Content workflow, editorial workflow tools.\";}}','system',0,0,0,0,5,3,0,1,8,65,0,0,0,0,0,0,0),('management',66,12,'admin/help/block','admin/help/block','block','a:0:{}','system',-1,0,0,0,0,3,0,1,12,66,0,0,0,0,0,0,0),('management',67,12,'admin/help/color','admin/help/color','color','a:0:{}','system',-1,0,0,0,0,3,0,1,12,67,0,0,0,0,0,0,0),('management',68,12,'admin/help/comment','admin/help/comment','comment','a:0:{}','system',-1,0,0,0,0,3,0,1,12,68,0,0,0,0,0,0,0),('management',69,12,'admin/help/contextual','admin/help/contextual','contextual','a:0:{}','system',-1,0,0,0,0,3,0,1,12,69,0,0,0,0,0,0,0),('management',70,12,'admin/help/dashboard','admin/help/dashboard','dashboard','a:0:{}','system',-1,0,0,0,0,3,0,1,12,70,0,0,0,0,0,0,0),('management',71,12,'admin/help/dblog','admin/help/dblog','dblog','a:0:{}','system',-1,0,0,0,0,3,0,1,12,71,0,0,0,0,0,0,0),('management',72,12,'admin/help/field','admin/help/field','field','a:0:{}','system',-1,0,0,0,0,3,0,1,12,72,0,0,0,0,0,0,0),('management',73,12,'admin/help/field_sql_storage','admin/help/field_sql_storage','field_sql_storage','a:0:{}','system',-1,0,0,0,0,3,0,1,12,73,0,0,0,0,0,0,0),('management',74,12,'admin/help/field_ui','admin/help/field_ui','field_ui','a:0:{}','system',-1,0,0,0,0,3,0,1,12,74,0,0,0,0,0,0,0),('management',75,12,'admin/help/file','admin/help/file','file','a:0:{}','system',-1,0,0,0,0,3,0,1,12,75,0,0,0,0,0,0,0),('management',76,12,'admin/help/filter','admin/help/filter','filter','a:0:{}','system',-1,0,0,0,0,3,0,1,12,76,0,0,0,0,0,0,0),('management',77,12,'admin/help/help','admin/help/help','help','a:0:{}','system',-1,0,0,0,0,3,0,1,12,77,0,0,0,0,0,0,0),('management',78,12,'admin/help/image','admin/help/image','image','a:0:{}','system',-1,0,0,0,0,3,0,1,12,78,0,0,0,0,0,0,0),('management',79,12,'admin/help/list','admin/help/list','list','a:0:{}','system',-1,0,0,0,0,3,0,1,12,79,0,0,0,0,0,0,0),('management',80,12,'admin/help/menu','admin/help/menu','menu','a:0:{}','system',-1,0,0,0,0,3,0,1,12,80,0,0,0,0,0,0,0),('management',81,12,'admin/help/node','admin/help/node','node','a:0:{}','system',-1,0,0,0,0,3,0,1,12,81,0,0,0,0,0,0,0),('management',82,12,'admin/help/options','admin/help/options','options','a:0:{}','system',-1,0,0,0,0,3,0,1,12,82,0,0,0,0,0,0,0),('management',83,12,'admin/help/system','admin/help/system','system','a:0:{}','system',-1,0,0,0,0,3,0,1,12,83,0,0,0,0,0,0,0),('management',84,12,'admin/help/taxonomy','admin/help/taxonomy','taxonomy','a:0:{}','system',-1,0,0,0,0,3,0,1,12,84,0,0,0,0,0,0,0),('management',85,12,'admin/help/text','admin/help/text','text','a:0:{}','system',-1,0,0,0,0,3,0,1,12,85,0,0,0,0,0,0,0),('management',86,12,'admin/help/user','admin/help/user','user','a:0:{}','system',-1,0,0,0,0,3,0,1,12,86,0,0,0,0,0,0,0),('navigation',87,27,'taxonomy/term/%/edit','taxonomy/term/%/edit','Edit','a:0:{}','system',-1,0,0,0,10,2,0,27,87,0,0,0,0,0,0,0,0),('navigation',88,27,'taxonomy/term/%/view','taxonomy/term/%/view','View','a:0:{}','system',-1,0,0,0,0,2,0,27,88,0,0,0,0,0,0,0,0),('management',89,57,'admin/structure/taxonomy/%','admin/structure/taxonomy/%','','a:0:{}','system',0,0,0,0,0,4,0,1,21,57,89,0,0,0,0,0,0),('management',90,48,'admin/config/people/accounts','admin/config/people/accounts','Account settings','a:1:{s:10:\"attributes\";a:1:{s:5:\"title\";s:109:\"Configure default behavior of users, including registration requirements, e-mails, fields, and user pictures.\";}}','system',0,0,0,0,-10,4,0,1,8,48,90,0,0,0,0,0,0),('management',91,56,'admin/config/system/actions','admin/config/system/actions','Actions','a:1:{s:10:\"attributes\";a:1:{s:5:\"title\";s:41:\"Manage the actions defined for your site.\";}}','system',0,0,1,0,0,4,0,1,8,56,91,0,0,0,0,0,0),('management',92,30,'admin/structure/block/add','admin/structure/block/add','Add block','a:0:{}','system',-1,0,0,0,0,4,0,1,21,30,92,0,0,0,0,0,0),('management',93,36,'admin/structure/types/add','admin/structure/types/add','Add content type','a:0:{}','system',-1,0,0,0,0,4,0,1,21,36,93,0,0,0,0,0,0),('management',94,47,'admin/structure/menu/add','admin/structure/menu/add','Add menu','a:0:{}','system',-1,0,0,0,0,4,0,1,21,47,94,0,0,0,0,0,0),('management',95,57,'admin/structure/taxonomy/add','admin/structure/taxonomy/add','Add vocabulary','a:0:{}','system',-1,0,0,0,0,4,0,1,21,57,95,0,0,0,0,0,0),('management',96,54,'admin/appearance/settings/bartik','admin/appearance/settings/bartik','Bartik','a:0:{}','system',-1,0,0,0,0,4,0,1,7,54,96,0,0,0,0,0,0),('management',97,53,'admin/config/search/clean-urls','admin/config/search/clean-urls','Clean URLs','a:1:{s:10:\"attributes\";a:1:{s:5:\"title\";s:43:\"Enable or disable clean URLs for your site.\";}}','system',0,0,0,0,5,4,0,1,8,53,97,0,0,0,0,0,0),('management',98,56,'admin/config/system/cron','admin/config/system/cron','Cron','a:1:{s:10:\"attributes\";a:1:{s:5:\"title\";s:40:\"Manage automatic site maintenance tasks.\";}}','system',0,0,0,0,20,4,0,1,8,56,98,0,0,0,0,0,0),('management',99,51,'admin/config/regional/date-time','admin/config/regional/date-time','Date and time','a:1:{s:10:\"attributes\";a:1:{s:5:\"title\";s:44:\"Configure display formats for date and time.\";}}','system',0,0,0,0,-15,4,0,1,8,51,99,0,0,0,0,0,0),('management',100,19,'admin/reports/event/%','admin/reports/event/%','Details','a:0:{}','system',0,0,0,0,0,3,0,1,19,100,0,0,0,0,0,0,0),('management',101,46,'admin/config/media/file-system','admin/config/media/file-system','File system','a:1:{s:10:\"attributes\";a:1:{s:5:\"title\";s:68:\"Tell Drupal where to store uploaded files and how they are accessed.\";}}','system',0,0,0,0,-10,4,0,1,8,46,101,0,0,0,0,0,0),('management',102,54,'admin/appearance/settings/garland','admin/appearance/settings/garland','Garland','a:0:{}','system',-1,0,0,0,0,4,0,1,7,54,102,0,0,0,0,0,0),('management',103,54,'admin/appearance/settings/global','admin/appearance/settings/global','Global settings','a:0:{}','system',-1,0,0,0,-1,4,0,1,7,54,103,0,0,0,0,0,0),('management',104,48,'admin/config/people/ip-blocking','admin/config/people/ip-blocking','IP address blocking','a:1:{s:10:\"attributes\";a:1:{s:5:\"title\";s:28:\"Manage blocked IP addresses.\";}}','system',0,0,1,0,10,4,0,1,8,48,104,0,0,0,0,0,0),('management',105,46,'admin/config/media/image-styles','admin/config/media/image-styles','Image styles','a:1:{s:10:\"attributes\";a:1:{s:5:\"title\";s:78:\"Configure styles that can be used for resizing or adjusting images on display.\";}}','system',0,0,1,0,0,4,0,1,8,46,105,0,0,0,0,0,0),('management',106,46,'admin/config/media/image-toolkit','admin/config/media/image-toolkit','Image toolkit','a:1:{s:10:\"attributes\";a:1:{s:5:\"title\";s:74:\"Choose which image toolkit to use if you have installed optional toolkits.\";}}','system',0,0,0,0,20,4,0,1,8,46,106,0,0,0,0,0,0),('management',107,44,'admin/modules/list/confirm','admin/modules/list/confirm','List','a:0:{}','system',-1,0,0,0,0,4,0,1,16,44,107,0,0,0,0,0,0),('management',108,36,'admin/structure/types/list','admin/structure/types/list','List','a:0:{}','system',-1,0,0,0,-10,4,0,1,21,36,108,0,0,0,0,0,0),('management',109,57,'admin/structure/taxonomy/list','admin/structure/taxonomy/list','List','a:0:{}','system',-1,0,0,0,-10,4,0,1,21,57,109,0,0,0,0,0,0),('management',110,47,'admin/structure/menu/list','admin/structure/menu/list','List menus','a:0:{}','system',-1,0,0,0,-10,4,0,1,21,47,110,0,0,0,0,0,0),('management',111,39,'admin/config/development/logging','admin/config/development/logging','Logging and errors','a:1:{s:10:\"attributes\";a:1:{s:5:\"title\";s:154:\"Settings for logging and alerts modules. Various modules can route Drupal\'s system events to different destinations, such as syslog, database, email, etc.\";}}','system',0,0,0,0,-15,4,0,1,8,39,111,0,0,0,0,0,0),('management',112,39,'admin/config/development/maintenance','admin/config/development/maintenance','Maintenance mode','a:1:{s:10:\"attributes\";a:1:{s:5:\"title\";s:62:\"Take the site offline for maintenance or bring it back online.\";}}','system',0,0,0,0,-10,4,0,1,8,39,112,0,0,0,0,0,0),('management',113,39,'admin/config/development/performance','admin/config/development/performance','Performance','a:1:{s:10:\"attributes\";a:1:{s:5:\"title\";s:101:\"Enable or disable page caching for anonymous users and set CSS and JS bandwidth optimization options.\";}}','system',0,0,0,0,-20,4,0,1,8,39,113,0,0,0,0,0,0),('management',114,49,'admin/people/permissions/list','admin/people/permissions/list','Permissions','a:1:{s:10:\"attributes\";a:1:{s:5:\"title\";s:64:\"Determine access to features by selecting permissions for roles.\";}}','system',-1,0,0,0,-8,4,0,1,18,49,114,0,0,0,0,0,0),('management',115,32,'admin/content/comment/new','admin/content/comment/new','Published comments','a:0:{}','system',-1,0,0,0,-10,4,0,1,9,32,115,0,0,0,0,0,0),('management',116,64,'admin/config/services/rss-publishing','admin/config/services/rss-publishing','RSS publishing','a:1:{s:10:\"attributes\";a:1:{s:5:\"title\";s:114:\"Configure the site description, the number of items per feed and whether feeds should be titles/teasers/full-text.\";}}','system',0,0,0,0,0,4,0,1,8,64,116,0,0,0,0,0,0),('management',117,51,'admin/config/regional/settings','admin/config/regional/settings','Regional settings','a:1:{s:10:\"attributes\";a:1:{s:5:\"title\";s:54:\"Settings for the site\'s default time zone and country.\";}}','system',0,0,0,0,-20,4,0,1,8,51,117,0,0,0,0,0,0),('management',118,49,'admin/people/permissions/roles','admin/people/permissions/roles','Roles','a:1:{s:10:\"attributes\";a:1:{s:5:\"title\";s:30:\"List, edit, or add user roles.\";}}','system',-1,0,1,0,-5,4,0,1,18,49,118,0,0,0,0,0,0),('management',119,47,'admin/structure/menu/settings','admin/structure/menu/settings','Settings','a:0:{}','system',-1,0,0,0,5,4,0,1,21,47,119,0,0,0,0,0,0),('management',120,54,'admin/appearance/settings/seven','admin/appearance/settings/seven','Seven','a:0:{}','system',-1,0,0,0,0,4,0,1,7,54,120,0,0,0,0,0,0),('management',121,56,'admin/config/system/site-information','admin/config/system/site-information','Site information','a:1:{s:10:\"attributes\";a:1:{s:5:\"title\";s:104:\"Change site name, e-mail address, slogan, default front page, and number of posts per page, error pages.\";}}','system',0,0,0,0,-20,4,0,1,8,56,121,0,0,0,0,0,0),('management',122,54,'admin/appearance/settings/stark','admin/appearance/settings/stark','Stark','a:0:{}','system',-1,0,0,0,0,4,0,1,7,54,122,0,0,0,0,0,0),('management',123,35,'admin/config/content/formats','admin/config/content/formats','Text formats','a:1:{s:10:\"attributes\";a:1:{s:5:\"title\";s:127:\"Configure how content input by users is filtered, including allowed HTML tags. Also allows enabling of module-provided filters.\";}}','system',0,0,1,0,0,4,0,1,8,35,123,0,0,0,0,0,0),('management',124,32,'admin/content/comment/approval','admin/content/comment/approval','Unapproved comments','a:0:{}','system',-1,0,0,0,0,4,0,1,9,32,124,0,0,0,0,0,0),('management',125,60,'admin/modules/uninstall/confirm','admin/modules/uninstall/confirm','Uninstall','a:0:{}','system',-1,0,0,0,0,4,0,1,16,60,125,0,0,0,0,0,0),('navigation',126,40,'user/%/edit/account','user/%/edit/account','Account','a:0:{}','system',-1,0,0,0,0,3,0,17,40,126,0,0,0,0,0,0,0),('management',127,123,'admin/config/content/formats/%','admin/config/content/formats/%','','a:0:{}','system',0,0,1,0,0,5,0,1,8,35,123,127,0,0,0,0,0),('management',128,105,'admin/config/media/image-styles/add','admin/config/media/image-styles/add','Add style','a:1:{s:10:\"attributes\";a:1:{s:5:\"title\";s:22:\"Add a new image style.\";}}','system',-1,0,0,0,2,5,0,1,8,46,105,128,0,0,0,0,0),('management',129,89,'admin/structure/taxonomy/%/add','admin/structure/taxonomy/%/add','Add term','a:0:{}','system',-1,0,0,0,0,5,0,1,21,57,89,129,0,0,0,0,0),('management',130,123,'admin/config/content/formats/add','admin/config/content/formats/add','Add text format','a:0:{}','system',-1,0,0,0,1,5,0,1,8,35,123,130,0,0,0,0,0),('management',131,30,'admin/structure/block/list/bartik','admin/structure/block/list/bartik','Bartik','a:0:{}','system',-1,0,0,0,0,4,0,1,21,30,131,0,0,0,0,0,0),('management',132,91,'admin/config/system/actions/configure','admin/config/system/actions/configure','Configure an advanced action','a:0:{}','system',-1,0,0,0,0,5,0,1,8,56,91,132,0,0,0,0,0),('management',133,47,'admin/structure/menu/manage/%','admin/structure/menu/manage/%','Customize menu','a:0:{}','system',0,0,1,0,0,4,0,1,21,47,133,0,0,0,0,0,0),('management',134,89,'admin/structure/taxonomy/%/edit','admin/structure/taxonomy/%/edit','Edit','a:0:{}','system',-1,0,0,0,-10,5,0,1,21,57,89,134,0,0,0,0,0),('management',135,36,'admin/structure/types/manage/%','admin/structure/types/manage/%','Edit content type','a:0:{}','system',0,0,1,0,0,4,0,1,21,36,135,0,0,0,0,0,0),('management',136,99,'admin/config/regional/date-time/formats','admin/config/regional/date-time/formats','Formats','a:1:{s:10:\"attributes\";a:1:{s:5:\"title\";s:51:\"Configure display format strings for date and time.\";}}','system',-1,0,1,0,-9,5,0,1,8,51,99,136,0,0,0,0,0),('management',137,30,'admin/structure/block/list/garland','admin/structure/block/list/garland','Garland','a:0:{}','system',-1,0,0,0,0,4,0,1,21,30,137,0,0,0,0,0,0),('management',138,123,'admin/config/content/formats/list','admin/config/content/formats/list','List','a:0:{}','system',-1,0,0,0,0,5,0,1,8,35,123,138,0,0,0,0,0),('management',139,89,'admin/structure/taxonomy/%/list','admin/structure/taxonomy/%/list','List','a:0:{}','system',-1,0,0,0,-20,5,0,1,21,57,89,139,0,0,0,0,0),('management',140,105,'admin/config/media/image-styles/list','admin/config/media/image-styles/list','List','a:1:{s:10:\"attributes\";a:1:{s:5:\"title\";s:42:\"List the current image styles on the site.\";}}','system',-1,0,0,0,1,5,0,1,8,46,105,140,0,0,0,0,0),('management',141,91,'admin/config/system/actions/manage','admin/config/system/actions/manage','Manage actions','a:1:{s:10:\"attributes\";a:1:{s:5:\"title\";s:41:\"Manage the actions defined for your site.\";}}','system',-1,0,0,0,-2,5,0,1,8,56,91,141,0,0,0,0,0),('management',142,90,'admin/config/people/accounts/settings','admin/config/people/accounts/settings','Settings','a:0:{}','system',-1,0,0,0,-10,5,0,1,8,48,90,142,0,0,0,0,0),('management',143,30,'admin/structure/block/list/seven','admin/structure/block/list/seven','Seven','a:0:{}','system',-1,0,0,0,0,4,0,1,21,30,143,0,0,0,0,0,0),('management',144,30,'admin/structure/block/list/stark','admin/structure/block/list/stark','Stark','a:0:{}','system',-1,0,0,0,0,4,0,1,21,30,144,0,0,0,0,0,0),('management',145,99,'admin/config/regional/date-time/types','admin/config/regional/date-time/types','Types','a:1:{s:10:\"attributes\";a:1:{s:5:\"title\";s:44:\"Configure display formats for date and time.\";}}','system',-1,0,1,0,-10,5,0,1,8,51,99,145,0,0,0,0,0),('navigation',146,52,'node/%/revisions/%/delete','node/%/revisions/%/delete','Delete earlier revision','a:0:{}','system',0,0,0,0,0,3,0,5,52,146,0,0,0,0,0,0,0),('navigation',147,52,'node/%/revisions/%/revert','node/%/revisions/%/revert','Revert to earlier revision','a:0:{}','system',0,0,0,0,0,3,0,5,52,147,0,0,0,0,0,0,0),('navigation',148,52,'node/%/revisions/%/view','node/%/revisions/%/view','Revisions','a:0:{}','system',0,0,0,0,0,3,0,5,52,148,0,0,0,0,0,0,0),('management',149,137,'admin/structure/block/list/garland/add','admin/structure/block/list/garland/add','Add block','a:0:{}','system',-1,0,0,0,0,5,0,1,21,30,137,149,0,0,0,0,0),('management',151,144,'admin/structure/block/list/stark/add','admin/structure/block/list/stark/add','Add block','a:0:{}','system',-1,0,0,0,0,5,0,1,21,30,144,151,0,0,0,0,0),('management',152,145,'admin/config/regional/date-time/types/add','admin/config/regional/date-time/types/add','Add date type','a:1:{s:10:\"attributes\";a:1:{s:5:\"title\";s:18:\"Add new date type.\";}}','system',-1,0,0,0,-10,6,0,1,8,51,99,145,152,0,0,0,0),('management',153,136,'admin/config/regional/date-time/formats/add','admin/config/regional/date-time/formats/add','Add format','a:1:{s:10:\"attributes\";a:1:{s:5:\"title\";s:43:\"Allow users to add additional date formats.\";}}','system',-1,0,0,0,-10,6,0,1,8,51,99,136,153,0,0,0,0),('management',154,133,'admin/structure/menu/manage/%/add','admin/structure/menu/manage/%/add','Add link','a:0:{}','system',-1,0,0,0,0,5,0,1,21,47,133,154,0,0,0,0,0),('management',155,30,'admin/structure/block/manage/%/%','admin/structure/block/manage/%/%','Configure block','a:0:{}','system',0,0,0,0,0,4,0,1,21,30,155,0,0,0,0,0,0),('navigation',156,31,'user/%/cancel/confirm/%/%','user/%/cancel/confirm/%/%','Confirm account cancellation','a:0:{}','system',0,0,0,0,0,3,0,17,31,156,0,0,0,0,0,0,0),('management',157,135,'admin/structure/types/manage/%/delete','admin/structure/types/manage/%/delete','Delete','a:0:{}','system',0,0,0,0,0,5,0,1,21,36,135,157,0,0,0,0,0),('management',158,104,'admin/config/people/ip-blocking/delete/%','admin/config/people/ip-blocking/delete/%','Delete IP address','a:0:{}','system',0,0,0,0,0,5,0,1,8,48,104,158,0,0,0,0,0),('management',159,91,'admin/config/system/actions/delete/%','admin/config/system/actions/delete/%','Delete action','a:1:{s:10:\"attributes\";a:1:{s:5:\"title\";s:17:\"Delete an action.\";}}','system',0,0,0,0,0,5,0,1,8,56,91,159,0,0,0,0,0),('management',160,133,'admin/structure/menu/manage/%/delete','admin/structure/menu/manage/%/delete','Delete menu','a:0:{}','system',0,0,0,0,0,5,0,1,21,47,133,160,0,0,0,0,0),('management',161,47,'admin/structure/menu/item/%/delete','admin/structure/menu/item/%/delete','Delete menu link','a:0:{}','system',0,0,0,0,0,4,0,1,21,47,161,0,0,0,0,0,0),('management',162,118,'admin/people/permissions/roles/delete/%','admin/people/permissions/roles/delete/%','Delete role','a:0:{}','system',0,0,0,0,0,5,0,1,18,49,118,162,0,0,0,0,0),('management',163,127,'admin/config/content/formats/%/disable','admin/config/content/formats/%/disable','Disable text format','a:0:{}','system',0,0,0,0,0,6,0,1,8,35,123,127,163,0,0,0,0),('management',164,135,'admin/structure/types/manage/%/edit','admin/structure/types/manage/%/edit','Edit','a:0:{}','system',-1,0,0,0,0,5,0,1,21,36,135,164,0,0,0,0,0),('management',165,133,'admin/structure/menu/manage/%/edit','admin/structure/menu/manage/%/edit','Edit menu','a:0:{}','system',-1,0,0,0,0,5,0,1,21,47,133,165,0,0,0,0,0),('management',166,47,'admin/structure/menu/item/%/edit','admin/structure/menu/item/%/edit','Edit menu link','a:0:{}','system',0,0,0,0,0,4,0,1,21,47,166,0,0,0,0,0,0),('management',167,118,'admin/people/permissions/roles/edit/%','admin/people/permissions/roles/edit/%','Edit role','a:0:{}','system',0,0,0,0,0,5,0,1,18,49,118,167,0,0,0,0,0),('management',168,105,'admin/config/media/image-styles/edit/%','admin/config/media/image-styles/edit/%','Edit style','a:1:{s:10:\"attributes\";a:1:{s:5:\"title\";s:25:\"Configure an image style.\";}}','system',0,0,1,0,0,5,0,1,8,46,105,168,0,0,0,0,0),('management',169,133,'admin/structure/menu/manage/%/list','admin/structure/menu/manage/%/list','List links','a:0:{}','system',-1,0,0,0,-10,5,0,1,21,47,133,169,0,0,0,0,0),('management',170,47,'admin/structure/menu/item/%/reset','admin/structure/menu/item/%/reset','Reset menu link','a:0:{}','system',0,0,0,0,0,4,0,1,21,47,170,0,0,0,0,0,0),('management',171,105,'admin/config/media/image-styles/delete/%','admin/config/media/image-styles/delete/%','Delete style','a:1:{s:10:\"attributes\";a:1:{s:5:\"title\";s:22:\"Delete an image style.\";}}','system',0,0,0,0,0,5,0,1,8,46,105,171,0,0,0,0,0),('management',172,105,'admin/config/media/image-styles/revert/%','admin/config/media/image-styles/revert/%','Revert style','a:1:{s:10:\"attributes\";a:1:{s:5:\"title\";s:22:\"Revert an image style.\";}}','system',0,0,0,0,0,5,0,1,8,46,105,172,0,0,0,0,0),('management',173,135,'admin/structure/types/manage/%/comment/display','admin/structure/types/manage/%/comment/display','Comment display','a:0:{}','system',-1,0,0,0,4,5,0,1,21,36,135,173,0,0,0,0,0),('management',174,135,'admin/structure/types/manage/%/comment/fields','admin/structure/types/manage/%/comment/fields','Comment fields','a:0:{}','system',-1,0,1,0,3,5,0,1,21,36,135,174,0,0,0,0,0),('management',175,155,'admin/structure/block/manage/%/%/configure','admin/structure/block/manage/%/%/configure','Configure block','a:0:{}','system',-1,0,0,0,0,5,0,1,21,30,155,175,0,0,0,0,0),('management',176,155,'admin/structure/block/manage/%/%/delete','admin/structure/block/manage/%/%/delete','Delete block','a:0:{}','system',-1,0,0,0,0,5,0,1,21,30,155,176,0,0,0,0,0),('management',177,136,'admin/config/regional/date-time/formats/%/delete','admin/config/regional/date-time/formats/%/delete','Delete date format','a:1:{s:10:\"attributes\";a:1:{s:5:\"title\";s:47:\"Allow users to delete a configured date format.\";}}','system',0,0,0,0,0,6,0,1,8,51,99,136,177,0,0,0,0),('management',178,145,'admin/config/regional/date-time/types/%/delete','admin/config/regional/date-time/types/%/delete','Delete date type','a:1:{s:10:\"attributes\";a:1:{s:5:\"title\";s:45:\"Allow users to delete a configured date type.\";}}','system',0,0,0,0,0,6,0,1,8,51,99,145,178,0,0,0,0),('management',179,136,'admin/config/regional/date-time/formats/%/edit','admin/config/regional/date-time/formats/%/edit','Edit date format','a:1:{s:10:\"attributes\";a:1:{s:5:\"title\";s:45:\"Allow users to edit a configured date format.\";}}','system',0,0,0,0,0,6,0,1,8,51,99,136,179,0,0,0,0),('management',180,168,'admin/config/media/image-styles/edit/%/add/%','admin/config/media/image-styles/edit/%/add/%','Add image effect','a:1:{s:10:\"attributes\";a:1:{s:5:\"title\";s:28:\"Add a new effect to a style.\";}}','system',0,0,0,0,0,6,0,1,8,46,105,168,180,0,0,0,0),('management',181,168,'admin/config/media/image-styles/edit/%/effects/%','admin/config/media/image-styles/edit/%/effects/%','Edit image effect','a:1:{s:10:\"attributes\";a:1:{s:5:\"title\";s:39:\"Edit an existing effect within a style.\";}}','system',0,0,1,0,0,6,0,1,8,46,105,168,181,0,0,0,0),('management',182,181,'admin/config/media/image-styles/edit/%/effects/%/delete','admin/config/media/image-styles/edit/%/effects/%/delete','Delete image effect','a:1:{s:10:\"attributes\";a:1:{s:5:\"title\";s:39:\"Delete an existing effect from a style.\";}}','system',0,0,0,0,0,7,0,1,8,46,105,168,181,182,0,0,0),('management',183,47,'admin/structure/menu/manage/main-menu','admin/structure/menu/manage/%','Main menu','a:0:{}','menu',0,0,0,0,0,4,0,1,21,47,183,0,0,0,0,0,0),('management',184,47,'admin/structure/menu/manage/management','admin/structure/menu/manage/%','Management','a:0:{}','menu',0,0,0,0,0,4,0,1,21,47,184,0,0,0,0,0,0),('management',185,47,'admin/structure/menu/manage/navigation','admin/structure/menu/manage/%','Navigation','a:0:{}','menu',0,0,0,0,0,4,0,1,21,47,185,0,0,0,0,0,0),('management',186,47,'admin/structure/menu/manage/user-menu','admin/structure/menu/manage/%','User menu','a:0:{}','menu',0,0,0,0,0,4,0,1,21,47,186,0,0,0,0,0,0),('navigation',187,0,'search','search','Search','a:0:{}','system',1,0,0,0,0,1,0,187,0,0,0,0,0,0,0,0,0),('navigation',188,187,'search/node','search/node','Content','a:0:{}','system',-1,0,0,0,-10,2,0,187,188,0,0,0,0,0,0,0,0),('navigation',189,187,'search/user','search/user','Users','a:0:{}','system',-1,0,0,0,0,2,0,187,189,0,0,0,0,0,0,0,0),('navigation',190,188,'search/node/%','search/node/%','Content','a:0:{}','system',-1,0,0,0,0,3,0,187,188,190,0,0,0,0,0,0,0),('navigation',191,17,'user/%/shortcuts','user/%/shortcuts','Shortcuts','a:0:{}','system',-1,0,0,0,0,2,0,17,191,0,0,0,0,0,0,0,0),('management',192,19,'admin/reports/search','admin/reports/search','Top search phrases','a:1:{s:10:\"attributes\";a:1:{s:5:\"title\";s:33:\"View most popular search phrases.\";}}','system',0,0,0,0,0,3,0,1,19,192,0,0,0,0,0,0,0),('navigation',193,189,'search/user/%','search/user/%','Users','a:0:{}','system',-1,0,0,0,0,3,0,187,189,193,0,0,0,0,0,0,0),('management',194,12,'admin/help/number','admin/help/number','number','a:0:{}','system',-1,0,0,0,0,3,0,1,12,194,0,0,0,0,0,0,0),('management',195,12,'admin/help/overlay','admin/help/overlay','overlay','a:0:{}','system',-1,0,0,0,0,3,0,1,12,195,0,0,0,0,0,0,0),('management',196,12,'admin/help/path','admin/help/path','path','a:0:{}','system',-1,0,0,0,0,3,0,1,12,196,0,0,0,0,0,0,0),('management',197,12,'admin/help/rdf','admin/help/rdf','rdf','a:0:{}','system',-1,0,0,0,0,3,0,1,12,197,0,0,0,0,0,0,0),('management',198,12,'admin/help/search','admin/help/search','search','a:0:{}','system',-1,0,0,0,0,3,0,1,12,198,0,0,0,0,0,0,0),('management',199,12,'admin/help/shortcut','admin/help/shortcut','shortcut','a:0:{}','system',-1,0,0,0,0,3,0,1,12,199,0,0,0,0,0,0,0),('management',200,53,'admin/config/search/settings','admin/config/search/settings','Search settings','a:1:{s:10:\"attributes\";a:1:{s:5:\"title\";s:67:\"Configure relevance settings for search and other indexing options.\";}}','system',0,0,0,0,-10,4,0,1,8,53,200,0,0,0,0,0,0),('management',201,61,'admin/config/user-interface/shortcut','admin/config/user-interface/shortcut','Shortcuts','a:1:{s:10:\"attributes\";a:1:{s:5:\"title\";s:29:\"Add and modify shortcut sets.\";}}','system',0,0,1,0,0,4,0,1,8,61,201,0,0,0,0,0,0),('management',202,53,'admin/config/search/path','admin/config/search/path','URL aliases','a:1:{s:10:\"attributes\";a:1:{s:5:\"title\";s:46:\"Change your site\'s URL paths by aliasing them.\";}}','system',0,0,1,0,-5,4,0,1,8,53,202,0,0,0,0,0,0),('management',203,202,'admin/config/search/path/add','admin/config/search/path/add','Add alias','a:0:{}','system',-1,0,0,0,0,5,0,1,8,53,202,203,0,0,0,0,0),('management',204,201,'admin/config/user-interface/shortcut/add-set','admin/config/user-interface/shortcut/add-set','Add shortcut set','a:0:{}','system',-1,0,0,0,0,5,0,1,8,61,201,204,0,0,0,0,0),('management',205,200,'admin/config/search/settings/reindex','admin/config/search/settings/reindex','Clear index','a:0:{}','system',-1,0,0,0,0,5,0,1,8,53,200,205,0,0,0,0,0),('management',206,201,'admin/config/user-interface/shortcut/%','admin/config/user-interface/shortcut/%','Edit shortcuts','a:0:{}','system',0,0,1,0,0,5,0,1,8,61,201,206,0,0,0,0,0),('management',207,202,'admin/config/search/path/list','admin/config/search/path/list','List','a:0:{}','system',-1,0,0,0,-10,5,0,1,8,53,202,207,0,0,0,0,0),('management',208,206,'admin/config/user-interface/shortcut/%/add-link','admin/config/user-interface/shortcut/%/add-link','Add shortcut','a:0:{}','system',-1,0,0,0,0,6,0,1,8,61,201,206,208,0,0,0,0),('management',209,202,'admin/config/search/path/delete/%','admin/config/search/path/delete/%','Delete alias','a:0:{}','system',0,0,0,0,0,5,0,1,8,53,202,209,0,0,0,0,0),('management',210,206,'admin/config/user-interface/shortcut/%/delete','admin/config/user-interface/shortcut/%/delete','Delete shortcut set','a:0:{}','system',0,0,0,0,0,6,0,1,8,61,201,206,210,0,0,0,0),('management',211,202,'admin/config/search/path/edit/%','admin/config/search/path/edit/%','Edit alias','a:0:{}','system',0,0,0,0,0,5,0,1,8,53,202,211,0,0,0,0,0),('management',212,206,'admin/config/user-interface/shortcut/%/edit','admin/config/user-interface/shortcut/%/edit','Edit set name','a:0:{}','system',-1,0,0,0,10,6,0,1,8,61,201,206,212,0,0,0,0),('management',213,201,'admin/config/user-interface/shortcut/link/%','admin/config/user-interface/shortcut/link/%','Edit shortcut','a:0:{}','system',0,0,1,0,0,5,0,1,8,61,201,213,0,0,0,0,0),('management',214,206,'admin/config/user-interface/shortcut/%/links','admin/config/user-interface/shortcut/%/links','List links','a:0:{}','system',-1,0,0,0,0,6,0,1,8,61,201,206,214,0,0,0,0),('management',215,213,'admin/config/user-interface/shortcut/link/%/delete','admin/config/user-interface/shortcut/link/%/delete','Delete shortcut','a:0:{}','system',0,0,0,0,0,6,0,1,8,61,201,213,215,0,0,0,0),('shortcut-set-1',216,0,'node/add','node/add','Add content','a:0:{}','menu',0,0,0,0,-20,1,0,216,0,0,0,0,0,0,0,0,0),('shortcut-set-1',217,0,'admin/content','admin/content','Find content','a:0:{}','menu',0,0,0,0,-19,1,0,217,0,0,0,0,0,0,0,0,0),('navigation',219,6,'node/add/article','node/add/article','Article','a:1:{s:10:\"attributes\";a:1:{s:5:\"title\";s:89:\"Use <em>articles</em> for time-sensitive content like news, press releases or blog posts.\";}}','system',0,0,0,0,0,2,0,6,219,0,0,0,0,0,0,0,0),('navigation',220,6,'node/add/page','node/add/page','Basic page','a:1:{s:10:\"attributes\";a:1:{s:5:\"title\";s:77:\"Use <em>basic pages</em> for your static content, such as an \'About us\' page.\";}}','system',0,0,0,0,0,2,0,6,220,0,0,0,0,0,0,0,0),('management',221,12,'admin/help/toolbar','admin/help/toolbar','toolbar','a:0:{}','system',-1,0,0,0,0,3,0,1,12,221,0,0,0,0,0,0,0),('management',260,19,'admin/reports/updates','admin/reports/updates','Available updates','a:1:{s:10:\"attributes\";a:1:{s:5:\"title\";s:82:\"Get a status report about available updates for your installed modules and themes.\";}}','system',0,0,0,0,-50,3,0,1,19,260,0,0,0,0,0,0,0),('management',261,7,'admin/appearance/install','admin/appearance/install','Install new theme','a:0:{}','system',-1,0,0,0,25,3,0,1,7,261,0,0,0,0,0,0,0),('management',262,16,'admin/modules/update','admin/modules/update','Update','a:0:{}','system',-1,0,0,0,10,3,0,1,16,262,0,0,0,0,0,0,0),('management',263,16,'admin/modules/install','admin/modules/install','Install new module','a:0:{}','system',-1,0,0,0,25,3,0,1,16,263,0,0,0,0,0,0,0),('management',264,7,'admin/appearance/update','admin/appearance/update','Update','a:0:{}','system',-1,0,0,0,10,3,0,1,7,264,0,0,0,0,0,0,0),('management',265,12,'admin/help/update','admin/help/update','update','a:0:{}','system',-1,0,0,0,0,3,0,1,12,265,0,0,0,0,0,0,0),('management',266,260,'admin/reports/updates/install','admin/reports/updates/install','Install new module or theme','a:0:{}','system',-1,0,0,0,25,4,0,1,19,260,266,0,0,0,0,0,0),('management',267,260,'admin/reports/updates/update','admin/reports/updates/update','Update','a:0:{}','system',-1,0,0,0,10,4,0,1,19,260,267,0,0,0,0,0,0),('management',268,260,'admin/reports/updates/list','admin/reports/updates/list','List','a:0:{}','system',-1,0,0,0,0,4,0,1,19,260,268,0,0,0,0,0,0),('management',269,260,'admin/reports/updates/settings','admin/reports/updates/settings','Settings','a:0:{}','system',-1,0,0,0,50,4,0,1,19,260,269,0,0,0,0,0,0),('management',270,89,'admin/structure/taxonomy/%/display','admin/structure/taxonomy/%/display','Manage display','a:0:{}','system',-1,0,0,0,2,5,0,1,21,57,89,270,0,0,0,0,0),('management',271,90,'admin/config/people/accounts/display','admin/config/people/accounts/display','Manage display','a:0:{}','system',-1,0,0,0,2,5,0,1,8,48,90,271,0,0,0,0,0),('management',272,89,'admin/structure/taxonomy/%/fields','admin/structure/taxonomy/%/fields','Manage fields','a:0:{}','system',-1,0,1,0,1,5,0,1,21,57,89,272,0,0,0,0,0),('management',273,90,'admin/config/people/accounts/fields','admin/config/people/accounts/fields','Manage fields','a:0:{}','system',-1,0,1,0,1,5,0,1,8,48,90,273,0,0,0,0,0),('management',274,270,'admin/structure/taxonomy/%/display/default','admin/structure/taxonomy/%/display/default','Default','a:0:{}','system',-1,0,0,0,-10,6,0,1,21,57,89,270,274,0,0,0,0),('management',275,271,'admin/config/people/accounts/display/default','admin/config/people/accounts/display/default','Default','a:0:{}','system',-1,0,0,0,-10,6,0,1,8,48,90,271,275,0,0,0,0),('management',276,135,'admin/structure/types/manage/%/display','admin/structure/types/manage/%/display','Manage display','a:0:{}','system',-1,0,0,0,2,5,0,1,21,36,135,276,0,0,0,0,0),('management',277,135,'admin/structure/types/manage/%/fields','admin/structure/types/manage/%/fields','Manage fields','a:0:{}','system',-1,0,1,0,1,5,0,1,21,36,135,277,0,0,0,0,0),('management',278,270,'admin/structure/taxonomy/%/display/full','admin/structure/taxonomy/%/display/full','Taxonomy term page','a:0:{}','system',-1,0,0,0,0,6,0,1,21,57,89,270,278,0,0,0,0),('management',279,271,'admin/config/people/accounts/display/full','admin/config/people/accounts/display/full','User account','a:0:{}','system',-1,0,0,0,0,6,0,1,8,48,90,271,279,0,0,0,0),('management',280,272,'admin/structure/taxonomy/%/fields/%','admin/structure/taxonomy/%/fields/%','','a:0:{}','system',0,0,0,0,0,6,0,1,21,57,89,272,280,0,0,0,0),('management',281,273,'admin/config/people/accounts/fields/%','admin/config/people/accounts/fields/%','','a:0:{}','system',0,0,0,0,0,6,0,1,8,48,90,273,281,0,0,0,0),('management',282,276,'admin/structure/types/manage/%/display/default','admin/structure/types/manage/%/display/default','Default','a:0:{}','system',-1,0,0,0,-10,6,0,1,21,36,135,276,282,0,0,0,0),('management',283,276,'admin/structure/types/manage/%/display/full','admin/structure/types/manage/%/display/full','Full content','a:0:{}','system',-1,0,0,0,0,6,0,1,21,36,135,276,283,0,0,0,0),('management',284,276,'admin/structure/types/manage/%/display/rss','admin/structure/types/manage/%/display/rss','RSS','a:0:{}','system',-1,0,0,0,2,6,0,1,21,36,135,276,284,0,0,0,0),('management',285,276,'admin/structure/types/manage/%/display/search_index','admin/structure/types/manage/%/display/search_index','Search index','a:0:{}','system',-1,0,0,0,3,6,0,1,21,36,135,276,285,0,0,0,0),('management',286,276,'admin/structure/types/manage/%/display/search_result','admin/structure/types/manage/%/display/search_result','Search result','a:0:{}','system',-1,0,0,0,4,6,0,1,21,36,135,276,286,0,0,0,0),('management',287,276,'admin/structure/types/manage/%/display/teaser','admin/structure/types/manage/%/display/teaser','Teaser','a:0:{}','system',-1,0,0,0,1,6,0,1,21,36,135,276,287,0,0,0,0),('management',288,277,'admin/structure/types/manage/%/fields/%','admin/structure/types/manage/%/fields/%','','a:0:{}','system',0,0,0,0,0,6,0,1,21,36,135,277,288,0,0,0,0),('management',289,280,'admin/structure/taxonomy/%/fields/%/delete','admin/structure/taxonomy/%/fields/%/delete','Delete','a:0:{}','system',-1,0,0,0,10,7,0,1,21,57,89,272,280,289,0,0,0),('management',290,280,'admin/structure/taxonomy/%/fields/%/edit','admin/structure/taxonomy/%/fields/%/edit','Edit','a:0:{}','system',-1,0,0,0,0,7,0,1,21,57,89,272,280,290,0,0,0),('management',291,280,'admin/structure/taxonomy/%/fields/%/field-settings','admin/structure/taxonomy/%/fields/%/field-settings','Field settings','a:0:{}','system',-1,0,0,0,0,7,0,1,21,57,89,272,280,291,0,0,0),('management',292,280,'admin/structure/taxonomy/%/fields/%/widget-type','admin/structure/taxonomy/%/fields/%/widget-type','Widget type','a:0:{}','system',-1,0,0,0,0,7,0,1,21,57,89,272,280,292,0,0,0),('management',293,281,'admin/config/people/accounts/fields/%/delete','admin/config/people/accounts/fields/%/delete','Delete','a:0:{}','system',-1,0,0,0,10,7,0,1,8,48,90,273,281,293,0,0,0),('management',294,281,'admin/config/people/accounts/fields/%/edit','admin/config/people/accounts/fields/%/edit','Edit','a:0:{}','system',-1,0,0,0,0,7,0,1,8,48,90,273,281,294,0,0,0),('management',295,281,'admin/config/people/accounts/fields/%/field-settings','admin/config/people/accounts/fields/%/field-settings','Field settings','a:0:{}','system',-1,0,0,0,0,7,0,1,8,48,90,273,281,295,0,0,0),('management',296,281,'admin/config/people/accounts/fields/%/widget-type','admin/config/people/accounts/fields/%/widget-type','Widget type','a:0:{}','system',-1,0,0,0,0,7,0,1,8,48,90,273,281,296,0,0,0),('management',297,173,'admin/structure/types/manage/%/comment/display/default','admin/structure/types/manage/%/comment/display/default','Default','a:0:{}','system',-1,0,0,0,-10,6,0,1,21,36,135,173,297,0,0,0,0),('management',298,173,'admin/structure/types/manage/%/comment/display/full','admin/structure/types/manage/%/comment/display/full','Full comment','a:0:{}','system',-1,0,0,0,0,6,0,1,21,36,135,173,298,0,0,0,0),('management',299,288,'admin/structure/types/manage/%/fields/%/delete','admin/structure/types/manage/%/fields/%/delete','Delete','a:0:{}','system',-1,0,0,0,10,7,0,1,21,36,135,277,288,299,0,0,0),('management',300,174,'admin/structure/types/manage/%/comment/fields/%','admin/structure/types/manage/%/comment/fields/%','','a:0:{}','system',0,0,0,0,0,6,0,1,21,36,135,174,300,0,0,0,0),('management',301,288,'admin/structure/types/manage/%/fields/%/edit','admin/structure/types/manage/%/fields/%/edit','Edit','a:0:{}','system',-1,0,0,0,0,7,0,1,21,36,135,277,288,301,0,0,0),('management',302,288,'admin/structure/types/manage/%/fields/%/field-settings','admin/structure/types/manage/%/fields/%/field-settings','Field settings','a:0:{}','system',-1,0,0,0,0,7,0,1,21,36,135,277,288,302,0,0,0),('management',303,288,'admin/structure/types/manage/%/fields/%/widget-type','admin/structure/types/manage/%/fields/%/widget-type','Widget type','a:0:{}','system',-1,0,0,0,0,7,0,1,21,36,135,277,288,303,0,0,0),('management',304,300,'admin/structure/types/manage/%/comment/fields/%/delete','admin/structure/types/manage/%/comment/fields/%/delete','Delete','a:0:{}','system',-1,0,0,0,10,7,0,1,21,36,135,174,300,304,0,0,0),('management',305,300,'admin/structure/types/manage/%/comment/fields/%/edit','admin/structure/types/manage/%/comment/fields/%/edit','Edit','a:0:{}','system',-1,0,0,0,0,7,0,1,21,36,135,174,300,305,0,0,0),('management',306,300,'admin/structure/types/manage/%/comment/fields/%/field-settings','admin/structure/types/manage/%/comment/fields/%/field-settings','Field settings','a:0:{}','system',-1,0,0,0,0,7,0,1,21,36,135,174,300,306,0,0,0),('management',307,300,'admin/structure/types/manage/%/comment/fields/%/widget-type','admin/structure/types/manage/%/comment/fields/%/widget-type','Widget type','a:0:{}','system',-1,0,0,0,0,7,0,1,21,36,135,174,300,307,0,0,0),('management',309,131,'admin/structure/block/list/bartik/add','admin/structure/block/list/bartik/add','Add block','a:0:{}','system',-1,0,0,0,0,5,0,1,21,30,131,309,0,0,0,0,0),('management',310,54,'admin/appearance/settings/academia','admin/appearance/settings/academia','Academia','a:0:{}','system',-1,0,0,0,0,4,0,1,7,54,310,0,0,0,0,0,0),('management',311,30,'admin/structure/block/list/academia','admin/structure/block/list/academia','Academia','a:0:{}','system',-1,0,0,0,0,4,0,1,21,30,311,0,0,0,0,0,0),('management',313,143,'admin/structure/block/list/seven/add','admin/structure/block/list/seven/add','Add block','a:0:{}','system',-1,0,0,0,0,5,0,1,21,30,143,313,0,0,0,0,0),('management',314,54,'admin/appearance/settings/bootstrap','admin/appearance/settings/bootstrap','Bootstrap','a:0:{}','system',-1,0,0,0,0,4,0,1,7,54,314,0,0,0,0,0,0),('management',315,30,'admin/structure/block/list/bootstrap','admin/structure/block/list/bootstrap','Bootstrap','a:0:{}','system',-1,0,0,0,0,4,0,1,21,30,315,0,0,0,0,0,0),('management',317,311,'admin/structure/block/list/academia/add','admin/structure/block/list/academia/add','Add block','a:0:{}','system',-1,0,0,0,0,5,0,1,21,30,311,317,0,0,0,0,0),('management',318,12,'admin/help/jquery_update','admin/help/jquery_update','jquery_update','a:0:{}','system',-1,0,0,0,0,3,0,1,12,318,0,0,0,0,0,0,0),('management',319,39,'admin/config/development/jquery_update','admin/config/development/jquery_update','jQuery update','a:1:{s:10:\"attributes\";a:1:{s:5:\"title\";s:83:\"Configure settings related to the jQuery upgrade, the library path and compression.\";}}','system',0,0,0,0,0,4,0,1,8,39,319,0,0,0,0,0,0),('management',320,54,'admin/appearance/settings/skeletontheme','admin/appearance/settings/skeletontheme','Skeleton','a:0:{}','system',-1,0,0,0,0,4,0,1,7,54,320,0,0,0,0,0,0),('management',321,30,'admin/structure/block/list/skeletontheme','admin/structure/block/list/skeletontheme','Skeleton','a:0:{}','system',-1,0,0,0,-10,4,0,1,21,30,321,0,0,0,0,0,0),('management',323,315,'admin/structure/block/list/bootstrap/add','admin/structure/block/list/bootstrap/add','Add block','a:0:{}','system',-1,0,0,0,0,5,0,1,21,30,315,323,0,0,0,0,0),('main-menu',325,0,'node/2','node/%','Aim and scope','a:0:{}','menu',0,0,0,0,0,1,0,325,0,0,0,0,0,0,0,0,0),('management',326,12,'admin/help/menu_block','admin/help/menu_block','menu_block','a:0:{}','system',-1,0,0,0,0,3,0,1,12,326,0,0,0,0,0,0,0),('management',327,30,'admin/structure/block/add-menu-block','admin/structure/block/add-menu-block','Add menu block','a:1:{s:10:\"attributes\";a:1:{s:5:\"title\";s:21:\"Add a new menu block.\";}}','system',-1,0,0,0,0,4,0,1,21,30,327,0,0,0,0,0,0),('management',328,9,'admin/content/book/%','admin/content/book/%','Edit book outline','a:0:{}','system',-1,0,0,0,0,3,0,1,9,328,0,0,0,0,0,0,0),('management',329,61,'admin/config/user-interface/menu-block','admin/config/user-interface/menu-block','Menu block','a:1:{s:10:\"attributes\";a:1:{s:5:\"title\";s:21:\"Configure menu block.\";}}','system',0,0,0,0,0,4,0,1,8,61,329,0,0,0,0,0,0),('management',330,311,'admin/structure/block/list/academia/add-menu-block','admin/structure/block/list/academia/add-menu-block','Add menu block','a:1:{s:10:\"attributes\";a:1:{s:5:\"title\";s:21:\"Add a new menu block.\";}}','system',-1,0,0,0,0,5,0,1,21,30,311,330,0,0,0,0,0),('management',331,131,'admin/structure/block/list/bartik/add-menu-block','admin/structure/block/list/bartik/add-menu-block','Add menu block','a:1:{s:10:\"attributes\";a:1:{s:5:\"title\";s:21:\"Add a new menu block.\";}}','system',-1,0,0,0,0,5,0,1,21,30,131,331,0,0,0,0,0),('management',332,315,'admin/structure/block/list/bootstrap/add-menu-block','admin/structure/block/list/bootstrap/add-menu-block','Add menu block','a:1:{s:10:\"attributes\";a:1:{s:5:\"title\";s:21:\"Add a new menu block.\";}}','system',-1,0,0,0,0,5,0,1,21,30,315,332,0,0,0,0,0),('management',333,137,'admin/structure/block/list/garland/add-menu-block','admin/structure/block/list/garland/add-menu-block','Add menu block','a:1:{s:10:\"attributes\";a:1:{s:5:\"title\";s:21:\"Add a new menu block.\";}}','system',-1,0,0,0,0,5,0,1,21,30,137,333,0,0,0,0,0),('management',334,143,'admin/structure/block/list/seven/add-menu-block','admin/structure/block/list/seven/add-menu-block','Add menu block','a:1:{s:10:\"attributes\";a:1:{s:5:\"title\";s:21:\"Add a new menu block.\";}}','system',-1,0,0,0,0,5,0,1,21,30,143,334,0,0,0,0,0),('management',335,144,'admin/structure/block/list/stark/add-menu-block','admin/structure/block/list/stark/add-menu-block','Add menu block','a:1:{s:10:\"attributes\";a:1:{s:5:\"title\";s:21:\"Add a new menu block.\";}}','system',-1,0,0,0,0,5,0,1,21,30,144,335,0,0,0,0,0),('management',336,21,'admin/structure/dba','admin/structure/dba','Database administration','a:1:{s:10:\"attributes\";a:1:{s:5:\"title\";s:44:\"View and edit your site\'s database directly.\";}}','system',0,0,0,0,0,3,0,1,21,336,0,0,0,0,0,0,0),('management',337,19,'admin/reports/databasestats','admin/reports/databasestats','View database statistics report','a:1:{s:10:\"attributes\";a:1:{s:5:\"title\";s:74:\"Generate database statistics by comparing two snapshots of global counters\";}}','system',0,0,0,0,0,3,0,1,19,337,0,0,0,0,0,0,0),('management',338,12,'admin/help/dba','admin/help/dba','dba','a:0:{}','system',-1,0,0,0,0,3,0,1,12,338,0,0,0,0,0,0,0),('management',339,19,'admin/reports/databasereport','admin/reports/databasereport','View database report','a:1:{s:10:\"attributes\";a:1:{s:5:\"title\";s:76:\"View reports about your database, helpful when tuning for better performance\";}}','system',0,0,0,0,0,3,0,1,19,339,0,0,0,0,0,0,0),('management',340,39,'admin/config/development/dba','admin/config/development/dba','Database administration','a:1:{s:10:\"attributes\";a:1:{s:5:\"title\";s:45:\"Configure the database administration module.\";}}','system',0,0,0,0,0,4,0,1,8,39,340,0,0,0,0,0,0);

--
-- Table structure for table `menu_router`
--

CREATE TABLE `menu_router` (
  `path` varchar(255) NOT NULL DEFAULT '' COMMENT 'Primary Key: the Drupal path this entry describes',
  `load_functions` blob NOT NULL COMMENT 'A serialized array of function names (like node_load) to be called to load an object corresponding to a part of the current path.',
  `to_arg_functions` blob NOT NULL COMMENT 'A serialized array of function names (like user_uid_optional_to_arg) to be called to replace a part of the router path with another string.',
  `access_callback` varchar(255) NOT NULL DEFAULT '' COMMENT 'The callback which determines the access to this router path. Defaults to user_access.',
  `access_arguments` blob COMMENT 'A serialized array of arguments for the access callback.',
  `page_callback` varchar(255) NOT NULL DEFAULT '' COMMENT 'The name of the function that renders the page.',
  `page_arguments` blob COMMENT 'A serialized array of arguments for the page callback.',
  `delivery_callback` varchar(255) NOT NULL DEFAULT '' COMMENT 'The name of the function that sends the result of the page_callback function to the browser.',
  `fit` int(11) NOT NULL DEFAULT '0' COMMENT 'A numeric representation of how specific the path is.',
  `number_parts` smallint(6) NOT NULL DEFAULT '0' COMMENT 'Number of parts in this router path.',
  `context` int(11) NOT NULL DEFAULT '0' COMMENT 'Only for local tasks (tabs) - the context of a local task to control its placement.',
  `tab_parent` varchar(255) NOT NULL DEFAULT '' COMMENT 'Only for local tasks (tabs) - the router path of the parent page (which may also be a local task).',
  `tab_root` varchar(255) NOT NULL DEFAULT '' COMMENT 'Router path of the closest non-tab parent page. For pages that are not local tasks, this will be the same as the path.',
  `title` varchar(255) NOT NULL DEFAULT '' COMMENT 'The title for the current page, or the title for the tab if this is a local task.',
  `title_callback` varchar(255) NOT NULL DEFAULT '' COMMENT 'A function which will alter the title. Defaults to t()',
  `title_arguments` varchar(255) NOT NULL DEFAULT '' COMMENT 'A serialized array of arguments for the title callback. If empty, the title will be used as the sole argument for the title callback.',
  `theme_callback` varchar(255) NOT NULL DEFAULT '' COMMENT 'A function which returns the name of the theme that will be used to render this page. If left empty, the default theme will be used.',
  `theme_arguments` varchar(255) NOT NULL DEFAULT '' COMMENT 'A serialized array of arguments for the theme callback.',
  `type` int(11) NOT NULL DEFAULT '0' COMMENT 'Numeric representation of the type of the menu item, like MENU_LOCAL_TASK.',
  `description` text NOT NULL COMMENT 'A description of this item.',
  `position` varchar(255) NOT NULL DEFAULT '' COMMENT 'The position of the block (left or right) on the system administration page for this item.',
  `weight` int(11) NOT NULL DEFAULT '0' COMMENT 'Weight of the element. Lighter weights are higher up, heavier weights go down.',
  `include_file` mediumtext COMMENT 'The file to include for this element, usually the page callback function lives in this file.',
  PRIMARY KEY (`path`),
  KEY `fit` (`fit`),
  KEY `tab_parent` (`tab_parent`(64),`weight`,`title`),
  KEY `tab_root_weight_title` (`tab_root`(64),`weight`,`title`)
) ENGINE=InnoDB DEFAULT CHARSET=utf8 COMMENT='Maps paths to various callbacks (access, page and title)';

--
-- Dumping data for table `menu_router`
--

INSERT INTO `menu_router` VALUES ('admin','','','user_access','a:1:{i:0;s:27:\"access administration pages\";}','system_admin_menu_block_page','a:0:{}','',1,1,0,'','admin','Administration','t','','','a:0:{}',6,'','',9,'modules/system/system.admin.inc'),('admin/appearance','','','user_access','a:1:{i:0;s:17:\"administer themes\";}','system_themes_page','a:0:{}','',3,2,0,'','admin/appearance','Appearance','t','','','a:0:{}',6,'Select and configure your themes.','left',-6,'modules/system/system.admin.inc'),('admin/appearance/default','','','user_access','a:1:{i:0;s:17:\"administer themes\";}','system_theme_default','a:0:{}','',7,3,0,'','admin/appearance/default','Set default theme','t','','','a:0:{}',0,'','',0,'modules/system/system.admin.inc'),('admin/appearance/disable','','','user_access','a:1:{i:0;s:17:\"administer themes\";}','system_theme_disable','a:0:{}','',7,3,0,'','admin/appearance/disable','Disable theme','t','','','a:0:{}',0,'','',0,'modules/system/system.admin.inc'),('admin/appearance/enable','','','user_access','a:1:{i:0;s:17:\"administer themes\";}','system_theme_enable','a:0:{}','',7,3,0,'','admin/appearance/enable','Enable theme','t','','','a:0:{}',0,'','',0,'modules/system/system.admin.inc'),('admin/appearance/install','','','update_manager_access','a:0:{}','drupal_get_form','a:2:{i:0;s:27:\"update_manager_install_form\";i:1;s:5:\"theme\";}','',7,3,1,'admin/appearance','admin/appearance','Install new theme','t','','','a:0:{}',388,'','',25,'modules/update/update.manager.inc'),('admin/appearance/list','','','user_access','a:1:{i:0;s:17:\"administer themes\";}','system_themes_page','a:0:{}','',7,3,1,'admin/appearance','admin/appearance','List','t','','','a:0:{}',140,'Select and configure your theme','',-1,'modules/system/system.admin.inc'),('admin/appearance/settings','','','user_access','a:1:{i:0;s:17:\"administer themes\";}','drupal_get_form','a:1:{i:0;s:21:\"system_theme_settings\";}','',7,3,1,'admin/appearance','admin/appearance','Settings','t','','','a:0:{}',132,'Configure default and theme specific settings.','',20,'modules/system/system.admin.inc'),('admin/appearance/settings/academia','','','_system_themes_access','a:1:{i:0;O:8:\"stdClass\":13:{s:8:\"filename\";s:39:\"sites/all/themes/academia/academia.info\";s:4:\"name\";s:8:\"academia\";s:4:\"type\";s:5:\"theme\";s:5:\"owner\";s:45:\"themes/engines/phptemplate/phptemplate.engine\";s:6:\"status\";s:1:\"1\";s:9:\"bootstrap\";s:1:\"0\";s:14:\"schema_version\";s:2:\"-1\";s:6:\"weight\";s:1:\"0\";s:4:\"info\";a:17:{s:4:\"name\";s:8:\"Academia\";s:11:\"description\";s:146:\"A clean and elegant theme focused on readability and textual content. Suitable for informational sites with lots of text. Multiple colour schemes.\";s:4:\"core\";s:3:\"7.x\";s:11:\"stylesheets\";a:1:{s:3:\"all\";a:3:{s:17:\"html-elements.css\";s:43:\"sites/all/themes/academia/html-elements.css\";s:14:\"suckerfish.css\";s:40:\"sites/all/themes/academia/suckerfish.css\";s:12:\"academia.css\";s:38:\"sites/all/themes/academia/academia.css\";}}s:7:\"scripts\";a:1:{s:13:\"suckerfish.js\";s:39:\"sites/all/themes/academia/suckerfish.js\";}s:7:\"regions\";a:10:{s:6:\"header\";s:6:\"Header\";s:11:\"highlighted\";s:11:\"Highlighted\";s:4:\"help\";s:4:\"Help\";s:7:\"content\";s:7:\"Content\";s:13:\"sidebar_first\";s:13:\"Sidebar first\";s:14:\"sidebar_second\";s:14:\"Sidebar second\";s:6:\"footer\";s:6:\"Footer\";s:14:\"dashboard_main\";s:16:\"Dashboard (main)\";s:17:\"dashboard_sidebar\";s:19:\"Dashboard (sidebar)\";s:18:\"dashboard_inactive\";s:20:\"Dashboard (inactive)\";}s:14:\"regions_hidden\";a:4:{s:8:\"page_top\";s:8:\"Page top\";s:11:\"page_bottom\";s:11:\"Page bottom\";i:0;s:8:\"page_top\";i:1;s:11:\"page_bottom\";}s:8:\"features\";a:8:{i:0;s:4:\"logo\";i:1;s:4:\"name\";i:2;s:6:\"slogan\";i:3;s:17:\"node_user_picture\";i:4;s:20:\"comment_user_picture\";i:5;s:7:\"favicon\";i:6;s:9:\"main_menu\";i:7;s:14:\"secondary_menu\";}s:8:\"settings\";a:3:{s:6:\"colour\";s:7:\"default\";s:14:\"sidebar_layout\";s:2:\"lr\";s:19:\"shrink_two_sidebars\";s:1:\"0\";}s:7:\"version\";s:13:\"7.x-1.0-beta2\";s:7:\"project\";s:8:\"academia\";s:9:\"datestamp\";s:10:\"1319618729\";s:6:\"engine\";s:11:\"phptemplate\";s:10:\"screenshot\";s:40:\"sites/all/themes/academia/screenshot.png\";s:3:\"php\";s:5:\"5.2.4\";s:15:\"overlay_regions\";a:5:{i:0;s:14:\"dashboard_main\";i:1;s:17:\"dashboard_sidebar\";i:2;s:18:\"dashboard_inactive\";i:3;s:7:\"content\";i:4;s:4:\"help\";}s:28:\"overlay_supplemental_regions\";a:1:{i:0;s:8:\"page_top\";}}s:6:\"prefix\";s:11:\"phptemplate\";s:11:\"stylesheets\";a:1:{s:3:\"all\";a:3:{s:17:\"html-elements.css\";s:43:\"sites/all/themes/academia/html-elements.css\";s:14:\"suckerfish.css\";s:40:\"sites/all/themes/academia/suckerfish.css\";s:12:\"academia.css\";s:38:\"sites/all/themes/academia/academia.css\";}}s:7:\"scripts\";a:1:{s:13:\"suckerfish.js\";s:39:\"sites/all/themes/academia/suckerfish.js\";}s:6:\"engine\";s:11:\"phptemplate\";}}','drupal_get_form','a:2:{i:0;s:21:\"system_theme_settings\";i:1;s:8:\"academia\";}','',15,4,1,'admin/appearance/settings','admin/appearance','Academia','t','','','a:0:{}',132,'','',0,'modules/system/system.admin.inc'),('admin/appearance/settings/bartik','','','_system_themes_access','a:1:{i:0;O:8:\"stdClass\":12:{s:8:\"filename\";s:25:\"themes/bartik/bartik.info\";s:4:\"name\";s:6:\"bartik\";s:4:\"type\";s:5:\"theme\";s:5:\"owner\";s:45:\"themes/engines/phptemplate/phptemplate.engine\";s:6:\"status\";s:1:\"1\";s:9:\"bootstrap\";s:1:\"0\";s:14:\"schema_version\";s:2:\"-1\";s:6:\"weight\";s:1:\"0\";s:4:\"info\";a:18:{s:4:\"name\";s:6:\"Bartik\";s:11:\"description\";s:48:\"A flexible, recolorable theme with many regions.\";s:7:\"package\";s:4:\"Core\";s:7:\"version\";s:4:\"7.26\";s:4:\"core\";s:3:\"7.x\";s:11:\"stylesheets\";a:2:{s:3:\"all\";a:3:{s:14:\"css/layout.css\";s:28:\"themes/bartik/css/layout.css\";s:13:\"css/style.css\";s:27:\"themes/bartik/css/style.css\";s:14:\"css/colors.css\";s:28:\"themes/bartik/css/colors.css\";}s:5:\"print\";a:1:{s:13:\"css/print.css\";s:27:\"themes/bartik/css/print.css\";}}s:7:\"regions\";a:20:{s:6:\"header\";s:6:\"Header\";s:4:\"help\";s:4:\"Help\";s:8:\"page_top\";s:8:\"Page top\";s:11:\"page_bottom\";s:11:\"Page bottom\";s:11:\"highlighted\";s:11:\"Highlighted\";s:8:\"featured\";s:8:\"Featured\";s:7:\"content\";s:7:\"Content\";s:13:\"sidebar_first\";s:13:\"Sidebar first\";s:14:\"sidebar_second\";s:14:\"Sidebar second\";s:14:\"triptych_first\";s:14:\"Triptych first\";s:15:\"triptych_middle\";s:15:\"Triptych middle\";s:13:\"triptych_last\";s:13:\"Triptych last\";s:18:\"footer_firstcolumn\";s:19:\"Footer first column\";s:19:\"footer_secondcolumn\";s:20:\"Footer second column\";s:18:\"footer_thirdcolumn\";s:19:\"Footer third column\";s:19:\"footer_fourthcolumn\";s:20:\"Footer fourth column\";s:6:\"footer\";s:6:\"Footer\";s:14:\"dashboard_main\";s:16:\"Dashboard (main)\";s:17:\"dashboard_sidebar\";s:19:\"Dashboard (sidebar)\";s:18:\"dashboard_inactive\";s:20:\"Dashboard (inactive)\";}s:8:\"settings\";a:1:{s:20:\"shortcut_module_link\";s:1:\"0\";}s:7:\"project\";s:6:\"drupal\";s:9:\"datestamp\";s:10:\"1389815930\";s:6:\"engine\";s:11:\"phptemplate\";s:8:\"features\";a:9:{i:0;s:4:\"logo\";i:1;s:7:\"favicon\";i:2;s:4:\"name\";i:3;s:6:\"slogan\";i:4;s:17:\"node_user_picture\";i:5;s:20:\"comment_user_picture\";i:6;s:25:\"comment_user_verification\";i:7;s:9:\"main_menu\";i:8;s:14:\"secondary_menu\";}s:10:\"screenshot\";s:28:\"themes/bartik/screenshot.png\";s:3:\"php\";s:5:\"5.2.4\";s:7:\"scripts\";a:0:{}s:15:\"overlay_regions\";a:5:{i:0;s:14:\"dashboard_main\";i:1;s:17:\"dashboard_sidebar\";i:2;s:18:\"dashboard_inactive\";i:3;s:7:\"content\";i:4;s:4:\"help\";}s:14:\"regions_hidden\";a:2:{i:0;s:8:\"page_top\";i:1;s:11:\"page_bottom\";}s:28:\"overlay_supplemental_regions\";a:1:{i:0;s:8:\"page_top\";}}s:6:\"prefix\";s:11:\"phptemplate\";s:11:\"stylesheets\";a:2:{s:3:\"all\";a:3:{s:14:\"css/layout.css\";s:28:\"themes/bartik/css/layout.css\";s:13:\"css/style.css\";s:27:\"themes/bartik/css/style.css\";s:14:\"css/colors.css\";s:28:\"themes/bartik/css/colors.css\";}s:5:\"print\";a:1:{s:13:\"css/print.css\";s:27:\"themes/bartik/css/print.css\";}}s:6:\"engine\";s:11:\"phptemplate\";}}','drupal_get_form','a:2:{i:0;s:21:\"system_theme_settings\";i:1;s:6:\"bartik\";}','',15,4,1,'admin/appearance/settings','admin/appearance','Bartik','t','','','a:0:{}',132,'','',0,'modules/system/system.admin.inc'),('admin/appearance/settings/bootstrap','','','_system_themes_access','a:1:{i:0;O:8:\"stdClass\":11:{s:8:\"filename\";s:41:\"sites/all/themes/bootstrap/bootstrap.info\";s:4:\"name\";s:9:\"bootstrap\";s:4:\"type\";s:5:\"theme\";s:5:\"owner\";s:45:\"themes/engines/phptemplate/phptemplate.engine\";s:6:\"status\";s:1:\"1\";s:9:\"bootstrap\";s:1:\"0\";s:14:\"schema_version\";s:2:\"-1\";s:6:\"weight\";s:1:\"0\";s:4:\"info\";a:19:{s:4:\"name\";s:9:\"Bootstrap\";s:11:\"description\";s:115:\"Built to use Bootstrap, a sleek, intuitive, and powerful front-end framework for faster and easier web development.\";s:4:\"core\";s:3:\"7.x\";s:7:\"regions\";a:13:{s:10:\"navigation\";s:10:\"Navigation\";s:6:\"header\";s:7:\"Top Bar\";s:11:\"highlighted\";s:11:\"Highlighted\";s:4:\"help\";s:4:\"Help\";s:7:\"content\";s:7:\"Content\";s:13:\"sidebar_first\";s:7:\"Primary\";s:14:\"sidebar_second\";s:9:\"Secondary\";s:6:\"footer\";s:6:\"Footer\";s:8:\"page_top\";s:8:\"Page top\";s:11:\"page_bottom\";s:11:\"Page bottom\";s:14:\"dashboard_main\";s:16:\"Dashboard (main)\";s:17:\"dashboard_sidebar\";s:19:\"Dashboard (sidebar)\";s:18:\"dashboard_inactive\";s:20:\"Dashboard (inactive)\";}s:8:\"settings\";a:38:{s:20:\"bootstrap_breadcrumb\";s:1:\"1\";s:25:\"bootstrap_breadcrumb_home\";s:1:\"0\";s:26:\"bootstrap_breadcrumb_title\";s:1:\"1\";s:25:\"bootstrap_navbar_position\";s:0:\"\";s:24:\"bootstrap_navbar_inverse\";s:1:\"0\";s:32:\"bootstrap_region_well-navigation\";s:0:\"\";s:28:\"bootstrap_region_well-header\";s:0:\"\";s:33:\"bootstrap_region_well-highlighted\";s:0:\"\";s:26:\"bootstrap_region_well-help\";s:0:\"\";s:29:\"bootstrap_region_well-content\";s:0:\"\";s:35:\"bootstrap_region_well-sidebar_first\";s:4:\"well\";s:36:\"bootstrap_region_well-sidebar_second\";s:0:\"\";s:28:\"bootstrap_region_well-footer\";s:0:\"\";s:21:\"bootstrap_anchors_fix\";s:1:\"1\";s:34:\"bootstrap_anchors_smooth_scrolling\";s:1:\"1\";s:25:\"bootstrap_popover_enabled\";s:1:\"1\";s:27:\"bootstrap_popover_animation\";s:1:\"1\";s:22:\"bootstrap_popover_html\";s:1:\"0\";s:27:\"bootstrap_popover_placement\";s:5:\"right\";s:26:\"bootstrap_popover_selector\";s:0:\"\";s:25:\"bootstrap_popover_trigger\";a:3:{s:7:\"\'hover\'\";s:1:\"0\";s:7:\"\'focus\'\";s:1:\"0\";s:7:\"\'click\'\";s:5:\"click\";}s:23:\"bootstrap_popover_title\";s:0:\"\";s:25:\"bootstrap_popover_content\";s:0:\"\";s:23:\"bootstrap_popover_delay\";s:1:\"0\";s:27:\"bootstrap_popover_container\";s:4:\"body\";s:25:\"bootstrap_tooltip_enabled\";s:1:\"1\";s:30:\"bootstrap_tooltip_descriptions\";s:1:\"1\";s:27:\"bootstrap_tooltip_animation\";s:1:\"1\";s:22:\"bootstrap_tooltip_html\";s:1:\"0\";s:27:\"bootstrap_tooltip_placement\";s:9:\"auto left\";s:26:\"bootstrap_tooltip_selector\";s:0:\"\";s:25:\"bootstrap_tooltip_trigger\";a:3:{s:7:\"\'hover\'\";s:5:\"hover\";s:7:\"\'focus\'\";s:5:\"focus\";s:7:\"\'click\'\";s:1:\"0\";}s:23:\"bootstrap_tooltip_delay\";s:1:\"0\";s:27:\"bootstrap_tooltip_container\";s:4:\"body\";s:13:\"bootstrap_cdn\";s:5:\"3.0.2\";s:20:\"bootstrap_bootswatch\";s:0:\"\";s:11:\"toggle_name\";s:1:\"1\";s:13:\"toggle_search\";s:1:\"1\";}s:7:\"exclude\";a:1:{s:3:\"css\";a:25:{i:0;s:22:\"misc/vertical-tabs.css\";i:1;s:33:\"modules/aggregator/aggregator.css\";i:2;s:21:\"modules/book/book.css\";i:3;s:27:\"modules/comment/comment.css\";i:4;s:23:\"modules/dblog/dblog.css\";i:5;s:21:\"modules/file/file.css\";i:6;s:25:\"modules/filter/filter.css\";i:7;s:23:\"modules/forum/forum.css\";i:8;s:21:\"modules/help/help.css\";i:9;s:21:\"modules/menu/menu.css\";i:10;s:21:\"modules/node/node.css\";i:11;s:25:\"modules/openid/openid.css\";i:12;s:21:\"modules/poll/poll.css\";i:13;s:25:\"modules/search/search.css\";i:14;s:33:\"modules/statistics/statistics.css\";i:15;s:25:\"modules/syslog/syslog.css\";i:16;s:30:\"modules/system/maintenance.css\";i:17;s:37:\"modules/system/system.maintenance.css\";i:18;s:31:\"modules/system/system.menus.css\";i:19;s:34:\"modules/system/system.messages.css\";i:20;s:31:\"modules/system/system.theme.css\";i:21;s:29:\"modules/taxonomy/taxonomy.css\";i:22;s:27:\"modules/tracker/tracker.css\";i:23;s:25:\"modules/update/update.css\";i:24;s:21:\"modules/user/user.css\";}}s:23:\"simplytest_dependencies\";a:1:{i:0;s:13:\"jquery_update\";}s:7:\"version\";s:7:\"7.x-3.0\";s:7:\"project\";s:9:\"bootstrap\";s:9:\"datestamp\";s:10:\"1384678107\";s:6:\"engine\";s:11:\"phptemplate\";s:8:\"features\";a:9:{i:0;s:4:\"logo\";i:1;s:7:\"favicon\";i:2;s:4:\"name\";i:3;s:6:\"slogan\";i:4;s:17:\"node_user_picture\";i:5;s:20:\"comment_user_picture\";i:6;s:25:\"comment_user_verification\";i:7;s:9:\"main_menu\";i:8;s:14:\"secondary_menu\";}s:10:\"screenshot\";s:41:\"sites/all/themes/bootstrap/screenshot.png\";s:3:\"php\";s:5:\"5.2.4\";s:11:\"stylesheets\";a:0:{}s:7:\"scripts\";a:0:{}s:15:\"overlay_regions\";a:5:{i:0;s:14:\"dashboard_main\";i:1;s:17:\"dashboard_sidebar\";i:2;s:18:\"dashboard_inactive\";i:3;s:7:\"content\";i:4;s:4:\"help\";}s:14:\"regions_hidden\";a:2:{i:0;s:8:\"page_top\";i:1;s:11:\"page_bottom\";}s:28:\"overlay_supplemental_regions\";a:1:{i:0;s:8:\"page_top\";}}s:6:\"prefix\";s:11:\"phptemplate\";s:6:\"engine\";s:11:\"phptemplate\";}}','drupal_get_form','a:2:{i:0;s:21:\"system_theme_settings\";i:1;s:9:\"bootstrap\";}','',15,4,1,'admin/appearance/settings','admin/appearance','Bootstrap','t','','','a:0:{}',132,'','',0,'modules/system/system.admin.inc'),('admin/appearance/settings/garland','','','_system_themes_access','a:1:{i:0;O:8:\"stdClass\":12:{s:8:\"filename\";s:27:\"themes/garland/garland.info\";s:4:\"name\";s:7:\"garland\";s:4:\"type\";s:5:\"theme\";s:5:\"owner\";s:45:\"themes/engines/phptemplate/phptemplate.engine\";s:6:\"status\";s:1:\"0\";s:9:\"bootstrap\";s:1:\"0\";s:14:\"schema_version\";s:2:\"-1\";s:6:\"weight\";s:1:\"0\";s:4:\"info\";a:18:{s:4:\"name\";s:7:\"Garland\";s:11:\"description\";s:111:\"A multi-column theme which can be configured to modify colors and switch between fixed and fluid width layouts.\";s:7:\"package\";s:4:\"Core\";s:7:\"version\";s:4:\"7.26\";s:4:\"core\";s:3:\"7.x\";s:11:\"stylesheets\";a:2:{s:3:\"all\";a:1:{s:9:\"style.css\";s:24:\"themes/garland/style.css\";}s:5:\"print\";a:1:{s:9:\"print.css\";s:24:\"themes/garland/print.css\";}}s:8:\"settings\";a:1:{s:13:\"garland_width\";s:5:\"fluid\";}s:7:\"project\";s:6:\"drupal\";s:9:\"datestamp\";s:10:\"1389815930\";s:6:\"engine\";s:11:\"phptemplate\";s:7:\"regions\";a:12:{s:13:\"sidebar_first\";s:12:\"Left sidebar\";s:14:\"sidebar_second\";s:13:\"Right sidebar\";s:7:\"content\";s:7:\"Content\";s:6:\"header\";s:6:\"Header\";s:6:\"footer\";s:6:\"Footer\";s:11:\"highlighted\";s:11:\"Highlighted\";s:4:\"help\";s:4:\"Help\";s:8:\"page_top\";s:8:\"Page top\";s:11:\"page_bottom\";s:11:\"Page bottom\";s:14:\"dashboard_main\";s:16:\"Dashboard (main)\";s:17:\"dashboard_sidebar\";s:19:\"Dashboard (sidebar)\";s:18:\"dashboard_inactive\";s:20:\"Dashboard (inactive)\";}s:8:\"features\";a:9:{i:0;s:4:\"logo\";i:1;s:7:\"favicon\";i:2;s:4:\"name\";i:3;s:6:\"slogan\";i:4;s:17:\"node_user_picture\";i:5;s:20:\"comment_user_picture\";i:6;s:25:\"comment_user_verification\";i:7;s:9:\"main_menu\";i:8;s:14:\"secondary_menu\";}s:10:\"screenshot\";s:29:\"themes/garland/screenshot.png\";s:3:\"php\";s:5:\"5.2.4\";s:7:\"scripts\";a:0:{}s:15:\"overlay_regions\";a:5:{i:0;s:14:\"dashboard_main\";i:1;s:17:\"dashboard_sidebar\";i:2;s:18:\"dashboard_inactive\";i:3;s:7:\"content\";i:4;s:4:\"help\";}s:14:\"regions_hidden\";a:2:{i:0;s:8:\"page_top\";i:1;s:11:\"page_bottom\";}s:28:\"overlay_supplemental_regions\";a:1:{i:0;s:8:\"page_top\";}}s:6:\"prefix\";s:11:\"phptemplate\";s:11:\"stylesheets\";a:2:{s:3:\"all\";a:1:{s:9:\"style.css\";s:24:\"themes/garland/style.css\";}s:5:\"print\";a:1:{s:9:\"print.css\";s:24:\"themes/garland/print.css\";}}s:6:\"engine\";s:11:\"phptemplate\";}}','drupal_get_form','a:2:{i:0;s:21:\"system_theme_settings\";i:1;s:7:\"garland\";}','',15,4,1,'admin/appearance/settings','admin/appearance','Garland','t','','','a:0:{}',132,'','',0,'modules/system/system.admin.inc'),('admin/appearance/settings/global','','','user_access','a:1:{i:0;s:17:\"administer themes\";}','drupal_get_form','a:1:{i:0;s:21:\"system_theme_settings\";}','',15,4,1,'admin/appearance/settings','admin/appearance','Global settings','t','','','a:0:{}',140,'','',-1,'modules/system/system.admin.inc'),('admin/appearance/settings/seven','','','_system_themes_access','a:1:{i:0;O:8:\"stdClass\":12:{s:8:\"filename\";s:23:\"themes/seven/seven.info\";s:4:\"name\";s:5:\"seven\";s:4:\"type\";s:5:\"theme\";s:5:\"owner\";s:45:\"themes/engines/phptemplate/phptemplate.engine\";s:6:\"status\";s:1:\"1\";s:9:\"bootstrap\";s:1:\"0\";s:14:\"schema_version\";s:2:\"-1\";s:6:\"weight\";s:1:\"0\";s:4:\"info\";a:18:{s:4:\"name\";s:5:\"Seven\";s:11:\"description\";s:65:\"A simple one-column, tableless, fluid width administration theme.\";s:7:\"package\";s:4:\"Core\";s:7:\"version\";s:4:\"7.26\";s:4:\"core\";s:3:\"7.x\";s:11:\"stylesheets\";a:1:{s:6:\"screen\";a:2:{s:9:\"reset.css\";s:22:\"themes/seven/reset.css\";s:9:\"style.css\";s:22:\"themes/seven/style.css\";}}s:8:\"settings\";a:1:{s:20:\"shortcut_module_link\";s:1:\"1\";}s:7:\"regions\";a:8:{s:7:\"content\";s:7:\"Content\";s:4:\"help\";s:4:\"Help\";s:8:\"page_top\";s:8:\"Page top\";s:11:\"page_bottom\";s:11:\"Page bottom\";s:13:\"sidebar_first\";s:13:\"First sidebar\";s:14:\"dashboard_main\";s:16:\"Dashboard (main)\";s:17:\"dashboard_sidebar\";s:19:\"Dashboard (sidebar)\";s:18:\"dashboard_inactive\";s:20:\"Dashboard (inactive)\";}s:14:\"regions_hidden\";a:3:{i:0;s:13:\"sidebar_first\";i:1;s:8:\"page_top\";i:2;s:11:\"page_bottom\";}s:7:\"project\";s:6:\"drupal\";s:9:\"datestamp\";s:10:\"1389815930\";s:6:\"engine\";s:11:\"phptemplate\";s:8:\"features\";a:9:{i:0;s:4:\"logo\";i:1;s:7:\"favicon\";i:2;s:4:\"name\";i:3;s:6:\"slogan\";i:4;s:17:\"node_user_picture\";i:5;s:20:\"comment_user_picture\";i:6;s:25:\"comment_user_verification\";i:7;s:9:\"main_menu\";i:8;s:14:\"secondary_menu\";}s:10:\"screenshot\";s:27:\"themes/seven/screenshot.png\";s:3:\"php\";s:5:\"5.2.4\";s:7:\"scripts\";a:0:{}s:15:\"overlay_regions\";a:5:{i:0;s:14:\"dashboard_main\";i:1;s:17:\"dashboard_sidebar\";i:2;s:18:\"dashboard_inactive\";i:3;s:7:\"content\";i:4;s:4:\"help\";}s:28:\"overlay_supplemental_regions\";a:1:{i:0;s:8:\"page_top\";}}s:6:\"prefix\";s:11:\"phptemplate\";s:11:\"stylesheets\";a:1:{s:6:\"screen\";a:2:{s:9:\"reset.css\";s:22:\"themes/seven/reset.css\";s:9:\"style.css\";s:22:\"themes/seven/style.css\";}}s:6:\"engine\";s:11:\"phptemplate\";}}','drupal_get_form','a:2:{i:0;s:21:\"system_theme_settings\";i:1;s:5:\"seven\";}','',15,4,1,'admin/appearance/settings','admin/appearance','Seven','t','','','a:0:{}',132,'','',0,'modules/system/system.admin.inc'),('admin/appearance/settings/skeletontheme','','','_system_themes_access','a:1:{i:0;O:8:\"stdClass\":12:{s:8:\"filename\";s:49:\"sites/all/themes/skeletontheme/skeletontheme.info\";s:4:\"name\";s:13:\"skeletontheme\";s:4:\"type\";s:5:\"theme\";s:5:\"owner\";s:45:\"themes/engines/phptemplate/phptemplate.engine\";s:6:\"status\";s:1:\"1\";s:9:\"bootstrap\";s:1:\"0\";s:14:\"schema_version\";s:2:\"-1\";s:6:\"weight\";s:1:\"0\";s:4:\"info\";a:17:{s:4:\"name\";s:8:\"Skeleton\";s:11:\"description\";s:361:\"Skeleton is a powerful, clean, responsive theme ported to Drupal by <a href=\"http://www.morethanthemes.com/\" target=\"_blank\">More Than (just) Themes</a>. If you like this theme, we encourage you to try also our other <a href=\"http://www.morethanthemes.com\" target=\"_blank\">Premium</a> and <a href=\"http://drupalizing.com\" target=\"_blank\">Free</a> Drupal themes.\";s:7:\"version\";s:7:\"7.x-1.3\";s:4:\"core\";s:3:\"7.x\";s:11:\"stylesheets\";a:1:{s:3:\"all\";a:5:{s:16:\"css/skeleton.css\";s:47:\"sites/all/themes/skeletontheme/css/skeleton.css\";s:13:\"css/style.css\";s:44:\"sites/all/themes/skeletontheme/css/style.css\";s:15:\"css/buttons.css\";s:46:\"sites/all/themes/skeletontheme/css/buttons.css\";s:14:\"css/layout.css\";s:45:\"sites/all/themes/skeletontheme/css/layout.css\";s:16:\"color/colors.css\";s:47:\"sites/all/themes/skeletontheme/color/colors.css\";}}s:7:\"regions\";a:20:{s:15:\"header_top_left\";s:15:\"Header top left\";s:16:\"header_top_right\";s:16:\"Header top right\";s:12:\"header_right\";s:12:\"Header right\";s:6:\"header\";s:6:\"Header\";s:11:\"highlighted\";s:11:\"Highlighted\";s:7:\"content\";s:7:\"Content\";s:13:\"sidebar_first\";s:13:\"Sidebar first\";s:14:\"sidebar_second\";s:14:\"Sidebar second\";s:13:\"featured_left\";s:13:\"Featured left\";s:14:\"featured_right\";s:14:\"Featured right\";s:12:\"footer_first\";s:12:\"Footer first\";s:13:\"footer_second\";s:13:\"Footer second\";s:12:\"footer_third\";s:12:\"Footer third\";s:6:\"footer\";s:6:\"Footer\";s:4:\"help\";s:4:\"Help\";s:8:\"page_top\";s:8:\"Page top\";s:11:\"page_bottom\";s:11:\"Page bottom\";s:14:\"dashboard_main\";s:16:\"Dashboard (main)\";s:17:\"dashboard_sidebar\";s:19:\"Dashboard (sidebar)\";s:18:\"dashboard_inactive\";s:20:\"Dashboard (inactive)\";}s:8:\"settings\";a:3:{s:21:\"responsive_menu_state\";s:1:\"1\";s:27:\"responsive_menu_switchwidth\";s:3:\"760\";s:29:\"responsive_menu_topoptiontext\";s:13:\"Select a page\";}s:7:\"project\";s:13:\"skeletontheme\";s:9:\"datestamp\";s:10:\"1372878953\";s:6:\"engine\";s:11:\"phptemplate\";s:8:\"features\";a:9:{i:0;s:4:\"logo\";i:1;s:7:\"favicon\";i:2;s:4:\"name\";i:3;s:6:\"slogan\";i:4;s:17:\"node_user_picture\";i:5;s:20:\"comment_user_picture\";i:6;s:25:\"comment_user_verification\";i:7;s:9:\"main_menu\";i:8;s:14:\"secondary_menu\";}s:10:\"screenshot\";s:45:\"sites/all/themes/skeletontheme/screenshot.png\";s:3:\"php\";s:5:\"5.2.4\";s:7:\"scripts\";a:0:{}s:15:\"overlay_regions\";a:5:{i:0;s:14:\"dashboard_main\";i:1;s:17:\"dashboard_sidebar\";i:2;s:18:\"dashboard_inactive\";i:3;s:7:\"content\";i:4;s:4:\"help\";}s:14:\"regions_hidden\";a:2:{i:0;s:8:\"page_top\";i:1;s:11:\"page_bottom\";}s:28:\"overlay_supplemental_regions\";a:1:{i:0;s:8:\"page_top\";}}s:6:\"prefix\";s:11:\"phptemplate\";s:11:\"stylesheets\";a:1:{s:3:\"all\";a:5:{s:16:\"css/skeleton.css\";s:47:\"sites/all/themes/skeletontheme/css/skeleton.css\";s:13:\"css/style.css\";s:44:\"sites/all/themes/skeletontheme/css/style.css\";s:15:\"css/buttons.css\";s:46:\"sites/all/themes/skeletontheme/css/buttons.css\";s:14:\"css/layout.css\";s:45:\"sites/all/themes/skeletontheme/css/layout.css\";s:16:\"color/colors.css\";s:47:\"sites/all/themes/skeletontheme/color/colors.css\";}}s:6:\"engine\";s:11:\"phptemplate\";}}','drupal_get_form','a:2:{i:0;s:21:\"system_theme_settings\";i:1;s:13:\"skeletontheme\";}','',15,4,1,'admin/appearance/settings','admin/appearance','Skeleton','t','','','a:0:{}',132,'','',0,'modules/system/system.admin.inc'),('admin/appearance/settings/stark','','','_system_themes_access','a:1:{i:0;O:8:\"stdClass\":12:{s:8:\"filename\";s:23:\"themes/stark/stark.info\";s:4:\"name\";s:5:\"stark\";s:4:\"type\";s:5:\"theme\";s:5:\"owner\";s:45:\"themes/engines/phptemplate/phptemplate.engine\";s:6:\"status\";s:1:\"0\";s:9:\"bootstrap\";s:1:\"0\";s:14:\"schema_version\";s:2:\"-1\";s:6:\"weight\";s:1:\"0\";s:4:\"info\";a:17:{s:4:\"name\";s:5:\"Stark\";s:11:\"description\";s:208:\"This theme demonstrates Drupal\'s default HTML markup and CSS styles. To learn how to build your own theme and override Drupal\'s default code, see the <a href=\"http://drupal.org/theme-guide\">Theming Guide</a>.\";s:7:\"package\";s:4:\"Core\";s:7:\"version\";s:4:\"7.26\";s:4:\"core\";s:3:\"7.x\";s:11:\"stylesheets\";a:1:{s:3:\"all\";a:1:{s:10:\"layout.css\";s:23:\"themes/stark/layout.css\";}}s:7:\"project\";s:6:\"drupal\";s:9:\"datestamp\";s:10:\"1389815930\";s:6:\"engine\";s:11:\"phptemplate\";s:7:\"regions\";a:12:{s:13:\"sidebar_first\";s:12:\"Left sidebar\";s:14:\"sidebar_second\";s:13:\"Right sidebar\";s:7:\"content\";s:7:\"Content\";s:6:\"header\";s:6:\"Header\";s:6:\"footer\";s:6:\"Footer\";s:11:\"highlighted\";s:11:\"Highlighted\";s:4:\"help\";s:4:\"Help\";s:8:\"page_top\";s:8:\"Page top\";s:11:\"page_bottom\";s:11:\"Page bottom\";s:14:\"dashboard_main\";s:16:\"Dashboard (main)\";s:17:\"dashboard_sidebar\";s:19:\"Dashboard (sidebar)\";s:18:\"dashboard_inactive\";s:20:\"Dashboard (inactive)\";}s:8:\"features\";a:9:{i:0;s:4:\"logo\";i:1;s:7:\"favicon\";i:2;s:4:\"name\";i:3;s:6:\"slogan\";i:4;s:17:\"node_user_picture\";i:5;s:20:\"comment_user_picture\";i:6;s:25:\"comment_user_verification\";i:7;s:9:\"main_menu\";i:8;s:14:\"secondary_menu\";}s:10:\"screenshot\";s:27:\"themes/stark/screenshot.png\";s:3:\"php\";s:5:\"5.2.4\";s:7:\"scripts\";a:0:{}s:15:\"overlay_regions\";a:5:{i:0;s:14:\"dashboard_main\";i:1;s:17:\"dashboard_sidebar\";i:2;s:18:\"dashboard_inactive\";i:3;s:7:\"content\";i:4;s:4:\"help\";}s:14:\"regions_hidden\";a:2:{i:0;s:8:\"page_top\";i:1;s:11:\"page_bottom\";}s:28:\"overlay_supplemental_regions\";a:1:{i:0;s:8:\"page_top\";}}s:6:\"prefix\";s:11:\"phptemplate\";s:11:\"stylesheets\";a:1:{s:3:\"all\";a:1:{s:10:\"layout.css\";s:23:\"themes/stark/layout.css\";}}s:6:\"engine\";s:11:\"phptemplate\";}}','drupal_get_form','a:2:{i:0;s:21:\"system_theme_settings\";i:1;s:5:\"stark\";}','',15,4,1,'admin/appearance/settings','admin/appearance','Stark','t','','','a:0:{}',132,'','',0,'modules/system/system.admin.inc'),('admin/appearance/update','','','update_manager_access','a:0:{}','drupal_get_form','a:2:{i:0;s:26:\"update_manager_update_form\";i:1;s:5:\"theme\";}','',7,3,1,'admin/appearance','admin/appearance','Update','t','','','a:0:{}',132,'','',10,'modules/update/update.manager.inc'),('admin/compact','','','user_access','a:1:{i:0;s:27:\"access administration pages\";}','system_admin_compact_page','a:0:{}','',3,2,0,'','admin/compact','Compact mode','t','','','a:0:{}',0,'','',0,'modules/system/system.admin.inc'),('admin/config','','','user_access','a:1:{i:0;s:27:\"access administration pages\";}','system_admin_config_page','a:0:{}','',3,2,0,'','admin/config','Configuration','t','','','a:0:{}',6,'Administer settings.','',0,'modules/system/system.admin.inc'),('admin/config/content','','','user_access','a:1:{i:0;s:27:\"access administration pages\";}','system_admin_menu_block_page','a:0:{}','',7,3,0,'','admin/config/content','Content authoring','t','','','a:0:{}',6,'Settings related to formatting and authoring content.','left',-15,'modules/system/system.admin.inc'),('admin/config/content/formats','','','user_access','a:1:{i:0;s:18:\"administer filters\";}','drupal_get_form','a:1:{i:0;s:21:\"filter_admin_overview\";}','',15,4,0,'','admin/config/content/formats','Text formats','t','','','a:0:{}',6,'Configure how content input by users is filtered, including allowed HTML tags. Also allows enabling of module-provided filters.','',0,'modules/filter/filter.admin.inc'),('admin/config/content/formats/%','a:1:{i:4;s:18:\"filter_format_load\";}','','user_access','a:1:{i:0;s:18:\"administer filters\";}','filter_admin_format_page','a:1:{i:0;i:4;}','',30,5,0,'','admin/config/content/formats/%','','filter_admin_format_title','a:1:{i:0;i:4;}','','a:0:{}',6,'','',0,'modules/filter/filter.admin.inc'),('admin/config/content/formats/%/disable','a:1:{i:4;s:18:\"filter_format_load\";}','','_filter_disable_format_access','a:1:{i:0;i:4;}','drupal_get_form','a:2:{i:0;s:20:\"filter_admin_disable\";i:1;i:4;}','',61,6,0,'','admin/config/content/formats/%/disable','Disable text format','t','','','a:0:{}',6,'','',0,'modules/filter/filter.admin.inc'),('admin/config/content/formats/add','','','user_access','a:1:{i:0;s:18:\"administer filters\";}','filter_admin_format_page','a:0:{}','',31,5,1,'admin/config/content/formats','admin/config/content/formats','Add text format','t','','','a:0:{}',388,'','',1,'modules/filter/filter.admin.inc'),('admin/config/content/formats/list','','','user_access','a:1:{i:0;s:18:\"administer filters\";}','drupal_get_form','a:1:{i:0;s:21:\"filter_admin_overview\";}','',31,5,1,'admin/config/content/formats','admin/config/content/formats','List','t','','','a:0:{}',140,'','',0,'modules/filter/filter.admin.inc'),('admin/config/development','','','user_access','a:1:{i:0;s:27:\"access administration pages\";}','system_admin_menu_block_page','a:0:{}','',7,3,0,'','admin/config/development','Development','t','','','a:0:{}',6,'Development tools.','right',-10,'modules/system/system.admin.inc'),('admin/config/development/dba','','','user_access','a:1:{i:0;s:19:\"administer database\";}','drupal_get_form','a:1:{i:0;s:18:\"dba_admin_settings\";}','',15,4,0,'','admin/config/development/dba','Database administration','t','','','a:0:{}',6,'Configure the database administration module.','',0,'sites/all/modules/dba/dba.admin.inc'),('admin/config/development/jquery_update','','','user_access','a:1:{i:0;s:29:\"administer site configuration\";}','drupal_get_form','a:1:{i:0;s:27:\"jquery_update_settings_form\";}','',15,4,0,'','admin/config/development/jquery_update','jQuery update','t','','','a:0:{}',6,'Configure settings related to the jQuery upgrade, the library path and compression.','',0,''),('admin/config/development/logging','','','user_access','a:1:{i:0;s:29:\"administer site configuration\";}','drupal_get_form','a:1:{i:0;s:23:\"system_logging_settings\";}','',15,4,0,'','admin/config/development/logging','Logging and errors','t','','','a:0:{}',6,'Settings for logging and alerts modules. Various modules can route Drupal\'s system events to different destinations, such as syslog, database, email, etc.','',-15,'modules/system/system.admin.inc'),('admin/config/development/maintenance','','','user_access','a:1:{i:0;s:29:\"administer site configuration\";}','drupal_get_form','a:1:{i:0;s:28:\"system_site_maintenance_mode\";}','',15,4,0,'','admin/config/development/maintenance','Maintenance mode','t','','','a:0:{}',6,'Take the site offline for maintenance or bring it back online.','',-10,'modules/system/system.admin.inc'),('admin/config/development/performance','','','user_access','a:1:{i:0;s:29:\"administer site configuration\";}','drupal_get_form','a:1:{i:0;s:27:\"system_performance_settings\";}','',15,4,0,'','admin/config/development/performance','Performance','t','','','a:0:{}',6,'Enable or disable page caching for anonymous users and set CSS and JS bandwidth optimization options.','',-20,'modules/system/system.admin.inc'),('admin/config/media','','','user_access','a:1:{i:0;s:27:\"access administration pages\";}','system_admin_menu_block_page','a:0:{}','',7,3,0,'','admin/config/media','Media','t','','','a:0:{}',6,'Media tools.','left',-10,'modules/system/system.admin.inc'),('admin/config/media/file-system','','','user_access','a:1:{i:0;s:29:\"administer site configuration\";}','drupal_get_form','a:1:{i:0;s:27:\"system_file_system_settings\";}','',15,4,0,'','admin/config/media/file-system','File system','t','','','a:0:{}',6,'Tell Drupal where to store uploaded files and how they are accessed.','',-10,'modules/system/system.admin.inc'),('admin/config/media/image-styles','','','user_access','a:1:{i:0;s:23:\"administer image styles\";}','image_style_list','a:0:{}','',15,4,0,'','admin/config/media/image-styles','Image styles','t','','','a:0:{}',6,'Configure styles that can be used for resizing or adjusting images on display.','',0,'modules/image/image.admin.inc'),('admin/config/media/image-styles/add','','','user_access','a:1:{i:0;s:23:\"administer image styles\";}','drupal_get_form','a:1:{i:0;s:20:\"image_style_add_form\";}','',31,5,1,'admin/config/media/image-styles','admin/config/media/image-styles','Add style','t','','','a:0:{}',388,'Add a new image style.','',2,'modules/image/image.admin.inc'),('admin/config/media/image-styles/delete/%','a:1:{i:5;a:1:{s:16:\"image_style_load\";a:2:{i:0;N;i:1;s:1:\"1\";}}}','','user_access','a:1:{i:0;s:23:\"administer image styles\";}','drupal_get_form','a:2:{i:0;s:23:\"image_style_delete_form\";i:1;i:5;}','',62,6,0,'','admin/config/media/image-styles/delete/%','Delete style','t','','','a:0:{}',6,'Delete an image style.','',0,'modules/image/image.admin.inc'),('admin/config/media/image-styles/edit/%','a:1:{i:5;s:16:\"image_style_load\";}','','user_access','a:1:{i:0;s:23:\"administer image styles\";}','drupal_get_form','a:2:{i:0;s:16:\"image_style_form\";i:1;i:5;}','',62,6,0,'','admin/config/media/image-styles/edit/%','Edit style','t','','','a:0:{}',6,'Configure an image style.','',0,'modules/image/image.admin.inc'),('admin/config/media/image-styles/edit/%/add/%','a:2:{i:5;a:1:{s:16:\"image_style_load\";a:1:{i:0;i:5;}}i:7;a:1:{s:28:\"image_effect_definition_load\";a:1:{i:0;i:5;}}}','','user_access','a:1:{i:0;s:23:\"administer image styles\";}','drupal_get_form','a:3:{i:0;s:17:\"image_effect_form\";i:1;i:5;i:2;i:7;}','',250,8,0,'','admin/config/media/image-styles/edit/%/add/%','Add image effect','t','','','a:0:{}',6,'Add a new effect to a style.','',0,'modules/image/image.admin.inc'),('admin/config/media/image-styles/edit/%/effects/%','a:2:{i:5;a:1:{s:16:\"image_style_load\";a:2:{i:0;i:5;i:1;s:1:\"3\";}}i:7;a:1:{s:17:\"image_effect_load\";a:2:{i:0;i:5;i:1;s:1:\"3\";}}}','','user_access','a:1:{i:0;s:23:\"administer image styles\";}','drupal_get_form','a:3:{i:0;s:17:\"image_effect_form\";i:1;i:5;i:2;i:7;}','',250,8,0,'','admin/config/media/image-styles/edit/%/effects/%','Edit image effect','t','','','a:0:{}',6,'Edit an existing effect within a style.','',0,'modules/image/image.admin.inc'),('admin/config/media/image-styles/edit/%/effects/%/delete','a:2:{i:5;a:1:{s:16:\"image_style_load\";a:2:{i:0;i:5;i:1;s:1:\"3\";}}i:7;a:1:{s:17:\"image_effect_load\";a:2:{i:0;i:5;i:1;s:1:\"3\";}}}','','user_access','a:1:{i:0;s:23:\"administer image styles\";}','drupal_get_form','a:3:{i:0;s:24:\"image_effect_delete_form\";i:1;i:5;i:2;i:7;}','',501,9,0,'','admin/config/media/image-styles/edit/%/effects/%/delete','Delete image effect','t','','','a:0:{}',6,'Delete an existing effect from a style.','',0,'modules/image/image.admin.inc'),('admin/config/media/image-styles/list','','','user_access','a:1:{i:0;s:23:\"administer image styles\";}','image_style_list','a:0:{}','',31,5,1,'admin/config/media/image-styles','admin/config/media/image-styles','List','t','','','a:0:{}',140,'List the current image styles on the site.','',1,'modules/image/image.admin.inc'),('admin/config/media/image-styles/revert/%','a:1:{i:5;a:1:{s:16:\"image_style_load\";a:2:{i:0;N;i:1;s:1:\"2\";}}}','','user_access','a:1:{i:0;s:23:\"administer image styles\";}','drupal_get_form','a:2:{i:0;s:23:\"image_style_revert_form\";i:1;i:5;}','',62,6,0,'','admin/config/media/image-styles/revert/%','Revert style','t','','','a:0:{}',6,'Revert an image style.','',0,'modules/image/image.admin.inc'),('admin/config/media/image-toolkit','','','user_access','a:1:{i:0;s:29:\"administer site configuration\";}','drupal_get_form','a:1:{i:0;s:29:\"system_image_toolkit_settings\";}','',15,4,0,'','admin/config/media/image-toolkit','Image toolkit','t','','','a:0:{}',6,'Choose which image toolkit to use if you have installed optional toolkits.','',20,'modules/system/system.admin.inc'),('admin/config/people','','','user_access','a:1:{i:0;s:27:\"access administration pages\";}','system_admin_menu_block_page','a:0:{}','',7,3,0,'','admin/config/people','People','t','','','a:0:{}',6,'Configure user accounts.','left',-20,'modules/system/system.admin.inc'),('admin/config/people/accounts','','','user_access','a:1:{i:0;s:16:\"administer users\";}','drupal_get_form','a:1:{i:0;s:19:\"user_admin_settings\";}','',15,4,0,'','admin/config/people/accounts','Account settings','t','','','a:0:{}',6,'Configure default behavior of users, including registration requirements, e-mails, fields, and user pictures.','',-10,'modules/user/user.admin.inc'),('admin/config/people/accounts/display','','','user_access','a:1:{i:0;s:16:\"administer users\";}','drupal_get_form','a:4:{i:0;s:30:\"field_ui_display_overview_form\";i:1;s:4:\"user\";i:2;s:4:\"user\";i:3;s:7:\"default\";}','',31,5,1,'admin/config/people/accounts','admin/config/people/accounts','Manage display','t','','','a:0:{}',132,'','',2,'modules/field_ui/field_ui.admin.inc'),('admin/config/people/accounts/display/default','','','_field_ui_view_mode_menu_access','a:5:{i:0;s:4:\"user\";i:1;s:4:\"user\";i:2;s:7:\"default\";i:3;s:11:\"user_access\";i:4;s:16:\"administer users\";}','drupal_get_form','a:4:{i:0;s:30:\"field_ui_display_overview_form\";i:1;s:4:\"user\";i:2;s:4:\"user\";i:3;s:7:\"default\";}','',63,6,1,'admin/config/people/accounts/display','admin/config/people/accounts','Default','t','','','a:0:{}',140,'','',-10,'modules/field_ui/field_ui.admin.inc'),('admin/config/people/accounts/display/full','','','_field_ui_view_mode_menu_access','a:5:{i:0;s:4:\"user\";i:1;s:4:\"user\";i:2;s:4:\"full\";i:3;s:11:\"user_access\";i:4;s:16:\"administer users\";}','drupal_get_form','a:4:{i:0;s:30:\"field_ui_display_overview_form\";i:1;s:4:\"user\";i:2;s:4:\"user\";i:3;s:4:\"full\";}','',63,6,1,'admin/config/people/accounts/display','admin/config/people/accounts','User account','t','','','a:0:{}',132,'','',0,'modules/field_ui/field_ui.admin.inc'),('admin/config/people/accounts/fields','','','user_access','a:1:{i:0;s:16:\"administer users\";}','drupal_get_form','a:3:{i:0;s:28:\"field_ui_field_overview_form\";i:1;s:4:\"user\";i:2;s:4:\"user\";}','',31,5,1,'admin/config/people/accounts','admin/config/people/accounts','Manage fields','t','','','a:0:{}',132,'','',1,'modules/field_ui/field_ui.admin.inc'),('admin/config/people/accounts/fields/%','a:1:{i:5;a:1:{s:18:\"field_ui_menu_load\";a:4:{i:0;s:4:\"user\";i:1;s:4:\"user\";i:2;s:1:\"0\";i:3;s:4:\"%map\";}}}','','user_access','a:1:{i:0;s:16:\"administer users\";}','drupal_get_form','a:2:{i:0;s:24:\"field_ui_field_edit_form\";i:1;i:5;}','',62,6,0,'','admin/config/people/accounts/fields/%','','field_ui_menu_title','a:1:{i:0;i:5;}','','a:0:{}',6,'','',0,'modules/field_ui/field_ui.admin.inc'),('admin/config/people/accounts/fields/%/delete','a:1:{i:5;a:1:{s:18:\"field_ui_menu_load\";a:4:{i:0;s:4:\"user\";i:1;s:4:\"user\";i:2;s:1:\"0\";i:3;s:4:\"%map\";}}}','','user_access','a:1:{i:0;s:16:\"administer users\";}','drupal_get_form','a:2:{i:0;s:26:\"field_ui_field_delete_form\";i:1;i:5;}','',125,7,1,'admin/config/people/accounts/fields/%','admin/config/people/accounts/fields/%','Delete','t','','','a:0:{}',132,'','',10,'modules/field_ui/field_ui.admin.inc'),('admin/config/people/accounts/fields/%/edit','a:1:{i:5;a:1:{s:18:\"field_ui_menu_load\";a:4:{i:0;s:4:\"user\";i:1;s:4:\"user\";i:2;s:1:\"0\";i:3;s:4:\"%map\";}}}','','user_access','a:1:{i:0;s:16:\"administer users\";}','drupal_get_form','a:2:{i:0;s:24:\"field_ui_field_edit_form\";i:1;i:5;}','',125,7,1,'admin/config/people/accounts/fields/%','admin/config/people/accounts/fields/%','Edit','t','','','a:0:{}',140,'','',0,'modules/field_ui/field_ui.admin.inc'),('admin/config/people/accounts/fields/%/field-settings','a:1:{i:5;a:1:{s:18:\"field_ui_menu_load\";a:4:{i:0;s:4:\"user\";i:1;s:4:\"user\";i:2;s:1:\"0\";i:3;s:4:\"%map\";}}}','','user_access','a:1:{i:0;s:16:\"administer users\";}','drupal_get_form','a:2:{i:0;s:28:\"field_ui_field_settings_form\";i:1;i:5;}','',125,7,1,'admin/config/people/accounts/fields/%','admin/config/people/accounts/fields/%','Field settings','t','','','a:0:{}',132,'','',0,'modules/field_ui/field_ui.admin.inc'),('admin/config/people/accounts/fields/%/widget-type','a:1:{i:5;a:1:{s:18:\"field_ui_menu_load\";a:4:{i:0;s:4:\"user\";i:1;s:4:\"user\";i:2;s:1:\"0\";i:3;s:4:\"%map\";}}}','','user_access','a:1:{i:0;s:16:\"administer users\";}','drupal_get_form','a:2:{i:0;s:25:\"field_ui_widget_type_form\";i:1;i:5;}','',125,7,1,'admin/config/people/accounts/fields/%','admin/config/people/accounts/fields/%','Widget type','t','','','a:0:{}',132,'','',0,'modules/field_ui/field_ui.admin.inc'),('admin/config/people/accounts/settings','','','user_access','a:1:{i:0;s:16:\"administer users\";}','drupal_get_form','a:1:{i:0;s:19:\"user_admin_settings\";}','',31,5,1,'admin/config/people/accounts','admin/config/people/accounts','Settings','t','','','a:0:{}',140,'','',-10,'modules/user/user.admin.inc'),('admin/config/people/ip-blocking','','','user_access','a:1:{i:0;s:18:\"block IP addresses\";}','system_ip_blocking','a:0:{}','',15,4,0,'','admin/config/people/ip-blocking','IP address blocking','t','','','a:0:{}',6,'Manage blocked IP addresses.','',10,'modules/system/system.admin.inc'),('admin/config/people/ip-blocking/delete/%','a:1:{i:5;s:15:\"blocked_ip_load\";}','','user_access','a:1:{i:0;s:18:\"block IP addresses\";}','drupal_get_form','a:2:{i:0;s:25:\"system_ip_blocking_delete\";i:1;i:5;}','',62,6,0,'','admin/config/people/ip-blocking/delete/%','Delete IP address','t','','','a:0:{}',6,'','',0,'modules/system/system.admin.inc'),('admin/config/regional','','','user_access','a:1:{i:0;s:27:\"access administration pages\";}','system_admin_menu_block_page','a:0:{}','',7,3,0,'','admin/config/regional','Regional and language','t','','','a:0:{}',6,'Regional settings, localization and translation.','left',-5,'modules/system/system.admin.inc'),('admin/config/regional/date-time','','','user_access','a:1:{i:0;s:29:\"administer site configuration\";}','drupal_get_form','a:1:{i:0;s:25:\"system_date_time_settings\";}','',15,4,0,'','admin/config/regional/date-time','Date and time','t','','','a:0:{}',6,'Configure display formats for date and time.','',-15,'modules/system/system.admin.inc'),('admin/config/regional/date-time/formats','','','user_access','a:1:{i:0;s:29:\"administer site configuration\";}','system_date_time_formats','a:0:{}','',31,5,1,'admin/config/regional/date-time','admin/config/regional/date-time','Formats','t','','','a:0:{}',132,'Configure display format strings for date and time.','',-9,'modules/system/system.admin.inc'),('admin/config/regional/date-time/formats/%/delete','a:1:{i:5;N;}','','user_access','a:1:{i:0;s:29:\"administer site configuration\";}','drupal_get_form','a:2:{i:0;s:30:\"system_date_delete_format_form\";i:1;i:5;}','',125,7,0,'','admin/config/regional/date-time/formats/%/delete','Delete date format','t','','','a:0:{}',6,'Allow users to delete a configured date format.','',0,'modules/system/system.admin.inc'),('admin/config/regional/date-time/formats/%/edit','a:1:{i:5;N;}','','user_access','a:1:{i:0;s:29:\"administer site configuration\";}','drupal_get_form','a:2:{i:0;s:34:\"system_configure_date_formats_form\";i:1;i:5;}','',125,7,0,'','admin/config/regional/date-time/formats/%/edit','Edit date format','t','','','a:0:{}',6,'Allow users to edit a configured date format.','',0,'modules/system/system.admin.inc'),('admin/config/regional/date-time/formats/add','','','user_access','a:1:{i:0;s:29:\"administer site configuration\";}','drupal_get_form','a:1:{i:0;s:34:\"system_configure_date_formats_form\";}','',63,6,1,'admin/config/regional/date-time/formats','admin/config/regional/date-time','Add format','t','','','a:0:{}',388,'Allow users to add additional date formats.','',-10,'modules/system/system.admin.inc'),('admin/config/regional/date-time/formats/lookup','','','user_access','a:1:{i:0;s:29:\"administer site configuration\";}','system_date_time_lookup','a:0:{}','',63,6,0,'','admin/config/regional/date-time/formats/lookup','Date and time lookup','t','','','a:0:{}',0,'','',0,'modules/system/system.admin.inc'),('admin/config/regional/date-time/types','','','user_access','a:1:{i:0;s:29:\"administer site configuration\";}','drupal_get_form','a:1:{i:0;s:25:\"system_date_time_settings\";}','',31,5,1,'admin/config/regional/date-time','admin/config/regional/date-time','Types','t','','','a:0:{}',140,'Configure display formats for date and time.','',-10,'modules/system/system.admin.inc'),('admin/config/regional/date-time/types/%/delete','a:1:{i:5;N;}','','user_access','a:1:{i:0;s:29:\"administer site configuration\";}','drupal_get_form','a:2:{i:0;s:35:\"system_delete_date_format_type_form\";i:1;i:5;}','',125,7,0,'','admin/config/regional/date-time/types/%/delete','Delete date type','t','','','a:0:{}',6,'Allow users to delete a configured date type.','',0,'modules/system/system.admin.inc'),('admin/config/regional/date-time/types/add','','','user_access','a:1:{i:0;s:29:\"administer site configuration\";}','drupal_get_form','a:1:{i:0;s:32:\"system_add_date_format_type_form\";}','',63,6,1,'admin/config/regional/date-time/types','admin/config/regional/date-time','Add date type','t','','','a:0:{}',388,'Add new date type.','',-10,'modules/system/system.admin.inc'),('admin/config/regional/settings','','','user_access','a:1:{i:0;s:29:\"administer site configuration\";}','drupal_get_form','a:1:{i:0;s:24:\"system_regional_settings\";}','',15,4,0,'','admin/config/regional/settings','Regional settings','t','','','a:0:{}',6,'Settings for the site\'s default time zone and country.','',-20,'modules/system/system.admin.inc'),('admin/config/search','','','user_access','a:1:{i:0;s:27:\"access administration pages\";}','system_admin_menu_block_page','a:0:{}','',7,3,0,'','admin/config/search','Search and metadata','t','','','a:0:{}',6,'Local site search, metadata and SEO.','left',-10,'modules/system/system.admin.inc'),('admin/config/search/clean-urls','','','user_access','a:1:{i:0;s:29:\"administer site configuration\";}','drupal_get_form','a:1:{i:0;s:25:\"system_clean_url_settings\";}','',15,4,0,'','admin/config/search/clean-urls','Clean URLs','t','','','a:0:{}',6,'Enable or disable clean URLs for your site.','',5,'modules/system/system.admin.inc'),('admin/config/search/clean-urls/check','','','1','a:0:{}','drupal_json_output','a:1:{i:0;a:1:{s:6:\"status\";b:1;}}','',31,5,0,'','admin/config/search/clean-urls/check','Clean URL check','t','','','a:0:{}',0,'','',0,'modules/system/system.admin.inc'),('admin/config/search/path','','','user_access','a:1:{i:0;s:22:\"administer url aliases\";}','path_admin_overview','a:0:{}','',15,4,0,'','admin/config/search/path','URL aliases','t','','','a:0:{}',6,'Change your site\'s URL paths by aliasing them.','',-5,'modules/path/path.admin.inc'),('admin/config/search/path/add','','','user_access','a:1:{i:0;s:22:\"administer url aliases\";}','path_admin_edit','a:0:{}','',31,5,1,'admin/config/search/path','admin/config/search/path','Add alias','t','','','a:0:{}',388,'','',0,'modules/path/path.admin.inc'),('admin/config/search/path/delete/%','a:1:{i:5;s:9:\"path_load\";}','','user_access','a:1:{i:0;s:22:\"administer url aliases\";}','drupal_get_form','a:2:{i:0;s:25:\"path_admin_delete_confirm\";i:1;i:5;}','',62,6,0,'','admin/config/search/path/delete/%','Delete alias','t','','','a:0:{}',6,'','',0,'modules/path/path.admin.inc'),('admin/config/search/path/edit/%','a:1:{i:5;s:9:\"path_load\";}','','user_access','a:1:{i:0;s:22:\"administer url aliases\";}','path_admin_edit','a:1:{i:0;i:5;}','',62,6,0,'','admin/config/search/path/edit/%','Edit alias','t','','','a:0:{}',6,'','',0,'modules/path/path.admin.inc'),('admin/config/search/path/list','','','user_access','a:1:{i:0;s:22:\"administer url aliases\";}','path_admin_overview','a:0:{}','',31,5,1,'admin/config/search/path','admin/config/search/path','List','t','','','a:0:{}',140,'','',-10,'modules/path/path.admin.inc'),('admin/config/search/settings','','','user_access','a:1:{i:0;s:17:\"administer search\";}','drupal_get_form','a:1:{i:0;s:21:\"search_admin_settings\";}','',15,4,0,'','admin/config/search/settings','Search settings','t','','','a:0:{}',6,'Configure relevance settings for search and other indexing options.','',-10,'modules/search/search.admin.inc'),('admin/config/search/settings/reindex','','','user_access','a:1:{i:0;s:17:\"administer search\";}','drupal_get_form','a:1:{i:0;s:22:\"search_reindex_confirm\";}','',31,5,0,'','admin/config/search/settings/reindex','Clear index','t','','','a:0:{}',4,'','',0,'modules/search/search.admin.inc'),('admin/config/services','','','user_access','a:1:{i:0;s:27:\"access administration pages\";}','system_admin_menu_block_page','a:0:{}','',7,3,0,'','admin/config/services','Web services','t','','','a:0:{}',6,'Tools related to web services.','right',0,'modules/system/system.admin.inc'),('admin/config/services/rss-publishing','','','user_access','a:1:{i:0;s:29:\"administer site configuration\";}','drupal_get_form','a:1:{i:0;s:25:\"system_rss_feeds_settings\";}','',15,4,0,'','admin/config/services/rss-publishing','RSS publishing','t','','','a:0:{}',6,'Configure the site description, the number of items per feed and whether feeds should be titles/teasers/full-text.','',0,'modules/system/system.admin.inc'),('admin/config/system','','','user_access','a:1:{i:0;s:27:\"access administration pages\";}','system_admin_menu_block_page','a:0:{}','',7,3,0,'','admin/config/system','System','t','','','a:0:{}',6,'General system related configuration.','right',-20,'modules/system/system.admin.inc'),('admin/config/system/actions','','','user_access','a:1:{i:0;s:18:\"administer actions\";}','system_actions_manage','a:0:{}','',15,4,0,'','admin/config/system/actions','Actions','t','','','a:0:{}',6,'Manage the actions defined for your site.','',0,'modules/system/system.admin.inc'),('admin/config/system/actions/configure','','','user_access','a:1:{i:0;s:18:\"administer actions\";}','drupal_get_form','a:1:{i:0;s:24:\"system_actions_configure\";}','',31,5,0,'','admin/config/system/actions/configure','Configure an advanced action','t','','','a:0:{}',4,'','',0,'modules/system/system.admin.inc'),('admin/config/system/actions/delete/%','a:1:{i:5;s:12:\"actions_load\";}','','user_access','a:1:{i:0;s:18:\"administer actions\";}','drupal_get_form','a:2:{i:0;s:26:\"system_actions_delete_form\";i:1;i:5;}','',62,6,0,'','admin/config/system/actions/delete/%','Delete action','t','','','a:0:{}',6,'Delete an action.','',0,'modules/system/system.admin.inc'),('admin/config/system/actions/manage','','','user_access','a:1:{i:0;s:18:\"administer actions\";}','system_actions_manage','a:0:{}','',31,5,1,'admin/config/system/actions','admin/config/system/actions','Manage actions','t','','','a:0:{}',140,'Manage the actions defined for your site.','',-2,'modules/system/system.admin.inc'),('admin/config/system/actions/orphan','','','user_access','a:1:{i:0;s:18:\"administer actions\";}','system_actions_remove_orphans','a:0:{}','',31,5,0,'','admin/config/system/actions/orphan','Remove orphans','t','','','a:0:{}',0,'','',0,'modules/system/system.admin.inc'),('admin/config/system/cron','','','user_access','a:1:{i:0;s:29:\"administer site configuration\";}','drupal_get_form','a:1:{i:0;s:20:\"system_cron_settings\";}','',15,4,0,'','admin/config/system/cron','Cron','t','','','a:0:{}',6,'Manage automatic site maintenance tasks.','',20,'modules/system/system.admin.inc'),('admin/config/system/site-information','','','user_access','a:1:{i:0;s:29:\"administer site configuration\";}','drupal_get_form','a:1:{i:0;s:32:\"system_site_information_settings\";}','',15,4,0,'','admin/config/system/site-information','Site information','t','','','a:0:{}',6,'Change site name, e-mail address, slogan, default front page, and number of posts per page, error pages.','',-20,'modules/system/system.admin.inc'),('admin/config/user-interface','','','user_access','a:1:{i:0;s:27:\"access administration pages\";}','system_admin_menu_block_page','a:0:{}','',7,3,0,'','admin/config/user-interface','User interface','t','','','a:0:{}',6,'Tools that enhance the user interface.','right',-15,'modules/system/system.admin.inc'),('admin/config/user-interface/menu-block','','','user_access','a:1:{i:0;s:17:\"administer blocks\";}','drupal_get_form','a:1:{i:0;s:30:\"menu_block_admin_settings_form\";}','',15,4,0,'','admin/config/user-interface/menu-block','Menu block','t','','','a:0:{}',6,'Configure menu block.','',0,'sites/all/modules/menu_block/menu_block.admin.inc'),('admin/config/user-interface/shortcut','','','user_access','a:1:{i:0;s:20:\"administer shortcuts\";}','shortcut_set_admin','a:0:{}','',15,4,0,'','admin/config/user-interface/shortcut','Shortcuts','t','','','a:0:{}',6,'Add and modify shortcut sets.','',0,'modules/shortcut/shortcut.admin.inc'),('admin/config/user-interface/shortcut/%','a:1:{i:4;s:17:\"shortcut_set_load\";}','','shortcut_set_edit_access','a:1:{i:0;i:4;}','drupal_get_form','a:2:{i:0;s:22:\"shortcut_set_customize\";i:1;i:4;}','',30,5,0,'','admin/config/user-interface/shortcut/%','Edit shortcuts','shortcut_set_title_callback','a:1:{i:0;i:4;}','','a:0:{}',6,'','',0,'modules/shortcut/shortcut.admin.inc'),('admin/config/user-interface/shortcut/%/add-link','a:1:{i:4;s:17:\"shortcut_set_load\";}','','shortcut_set_edit_access','a:1:{i:0;i:4;}','drupal_get_form','a:2:{i:0;s:17:\"shortcut_link_add\";i:1;i:4;}','',61,6,1,'admin/config/user-interface/shortcut/%','admin/config/user-interface/shortcut/%','Add shortcut','t','','','a:0:{}',388,'','',0,'modules/shortcut/shortcut.admin.inc'),('admin/config/user-interface/shortcut/%/add-link-inline','a:1:{i:4;s:17:\"shortcut_set_load\";}','','shortcut_set_edit_access','a:1:{i:0;i:4;}','shortcut_link_add_inline','a:1:{i:0;i:4;}','',61,6,0,'','admin/config/user-interface/shortcut/%/add-link-inline','Add shortcut','t','','','a:0:{}',0,'','',0,'modules/shortcut/shortcut.admin.inc'),('admin/config/user-interface/shortcut/%/delete','a:1:{i:4;s:17:\"shortcut_set_load\";}','','shortcut_set_delete_access','a:1:{i:0;i:4;}','drupal_get_form','a:2:{i:0;s:24:\"shortcut_set_delete_form\";i:1;i:4;}','',61,6,0,'','admin/config/user-interface/shortcut/%/delete','Delete shortcut set','t','','','a:0:{}',6,'','',0,'modules/shortcut/shortcut.admin.inc'),('admin/config/user-interface/shortcut/%/edit','a:1:{i:4;s:17:\"shortcut_set_load\";}','','shortcut_set_edit_access','a:1:{i:0;i:4;}','drupal_get_form','a:2:{i:0;s:22:\"shortcut_set_edit_form\";i:1;i:4;}','',61,6,1,'admin/config/user-interface/shortcut/%','admin/config/user-interface/shortcut/%','Edit set name','t','','','a:0:{}',132,'','',10,'modules/shortcut/shortcut.admin.inc'),('admin/config/user-interface/shortcut/%/links','a:1:{i:4;s:17:\"shortcut_set_load\";}','','shortcut_set_edit_access','a:1:{i:0;i:4;}','drupal_get_form','a:2:{i:0;s:22:\"shortcut_set_customize\";i:1;i:4;}','',61,6,1,'admin/config/user-interface/shortcut/%','admin/config/user-interface/shortcut/%','List links','t','','','a:0:{}',140,'','',0,'modules/shortcut/shortcut.admin.inc'),('admin/config/user-interface/shortcut/add-set','','','user_access','a:1:{i:0;s:20:\"administer shortcuts\";}','drupal_get_form','a:1:{i:0;s:21:\"shortcut_set_add_form\";}','',31,5,1,'admin/config/user-interface/shortcut','admin/config/user-interface/shortcut','Add shortcut set','t','','','a:0:{}',388,'','',0,'modules/shortcut/shortcut.admin.inc'),('admin/config/user-interface/shortcut/link/%','a:1:{i:5;s:14:\"menu_link_load\";}','','shortcut_link_access','a:1:{i:0;i:5;}','drupal_get_form','a:2:{i:0;s:18:\"shortcut_link_edit\";i:1;i:5;}','',62,6,0,'','admin/config/user-interface/shortcut/link/%','Edit shortcut','t','','','a:0:{}',6,'','',0,'modules/shortcut/shortcut.admin.inc'),('admin/config/user-interface/shortcut/link/%/delete','a:1:{i:5;s:14:\"menu_link_load\";}','','shortcut_link_access','a:1:{i:0;i:5;}','drupal_get_form','a:2:{i:0;s:20:\"shortcut_link_delete\";i:1;i:5;}','',125,7,0,'','admin/config/user-interface/shortcut/link/%/delete','Delete shortcut','t','','','a:0:{}',6,'','',0,'modules/shortcut/shortcut.admin.inc'),('admin/config/workflow','','','user_access','a:1:{i:0;s:27:\"access administration pages\";}','system_admin_menu_block_page','a:0:{}','',7,3,0,'','admin/config/workflow','Workflow','t','','','a:0:{}',6,'Content workflow, editorial workflow tools.','right',5,'modules/system/system.admin.inc'),('admin/content','','','user_access','a:1:{i:0;s:23:\"access content overview\";}','drupal_get_form','a:1:{i:0;s:18:\"node_admin_content\";}','',3,2,0,'','admin/content','Content','t','','','a:0:{}',6,'Administer content and comments.','',-10,'modules/node/node.admin.inc'),('admin/content/book/%','a:1:{i:3;s:9:\"node_load\";}','','0','a:0:{}','drupal_get_form','a:1:{i:0;s:18:\"node_admin_content\";}','',14,4,3,'admin/content','admin/content/book','Edit book outline','t','','','a:0:{}',132,'','',0,'modules/node/node.admin.inc'),('admin/content/comment','','','user_access','a:1:{i:0;s:19:\"administer comments\";}','comment_admin','a:0:{}','',7,3,1,'admin/content','admin/content','Comments','t','','','a:0:{}',134,'List and edit site comments and the comment approval queue.','',0,'modules/comment/comment.admin.inc'),('admin/content/comment/approval','','','user_access','a:1:{i:0;s:19:\"administer comments\";}','comment_admin','a:1:{i:0;s:8:\"approval\";}','',15,4,1,'admin/content/comment','admin/content','Unapproved comments','comment_count_unpublished','','','a:0:{}',132,'','',0,'modules/comment/comment.admin.inc'),('admin/content/comment/new','','','user_access','a:1:{i:0;s:19:\"administer comments\";}','comment_admin','a:0:{}','',15,4,1,'admin/content/comment','admin/content','Published comments','t','','','a:0:{}',140,'','',-10,'modules/comment/comment.admin.inc'),('admin/content/node','','','user_access','a:1:{i:0;s:23:\"access content overview\";}','drupal_get_form','a:1:{i:0;s:18:\"node_admin_content\";}','',7,3,1,'admin/content','admin/content','Content','t','','','a:0:{}',140,'','',-10,'modules/node/node.admin.inc'),('admin/dashboard','','','user_access','a:1:{i:0;s:16:\"access dashboard\";}','dashboard_admin','a:0:{}','',3,2,0,'','admin/dashboard','Dashboard','t','','','a:0:{}',6,'View and customize your dashboard.','',-15,''),('admin/dashboard/block-content/%/%','a:2:{i:3;N;i:4;N;}','','user_access','a:1:{i:0;s:17:\"administer blocks\";}','dashboard_show_block_content','a:2:{i:0;i:3;i:1;i:4;}','',28,5,0,'','admin/dashboard/block-content/%/%','','t','','','a:0:{}',0,'','',0,''),('admin/dashboard/configure','','','user_access','a:1:{i:0;s:17:\"administer blocks\";}','dashboard_admin_blocks','a:0:{}','',7,3,0,'','admin/dashboard/configure','Configure available dashboard blocks','t','','','a:0:{}',4,'Configure which blocks can be shown on the dashboard.','',0,''),('admin/dashboard/customize','','','user_access','a:1:{i:0;s:16:\"access dashboard\";}','dashboard_admin','a:1:{i:0;b:1;}','',7,3,0,'','admin/dashboard/customize','Customize dashboard','t','','','a:0:{}',4,'Customize your dashboard.','',0,''),('admin/dashboard/drawer','','','user_access','a:1:{i:0;s:17:\"administer blocks\";}','dashboard_show_disabled','a:0:{}','',7,3,0,'','admin/dashboard/drawer','','t','','','a:0:{}',0,'','',0,''),('admin/dashboard/update','','','user_access','a:1:{i:0;s:17:\"administer blocks\";}','dashboard_update','a:0:{}','',7,3,0,'','admin/dashboard/update','','t','','','a:0:{}',0,'','',0,''),('admin/help','','','user_access','a:1:{i:0;s:27:\"access administration pages\";}','help_main','a:0:{}','',3,2,0,'','admin/help','Help','t','','','a:0:{}',6,'Reference for usage, configuration, and modules.','',9,'modules/help/help.admin.inc'),('admin/help/block','','','user_access','a:1:{i:0;s:27:\"access administration pages\";}','help_page','a:1:{i:0;i:2;}','',7,3,0,'','admin/help/block','block','t','','','a:0:{}',4,'','',0,'modules/help/help.admin.inc'),('admin/help/color','','','user_access','a:1:{i:0;s:27:\"access administration pages\";}','help_page','a:1:{i:0;i:2;}','',7,3,0,'','admin/help/color','color','t','','','a:0:{}',4,'','',0,'modules/help/help.admin.inc'),('admin/help/comment','','','user_access','a:1:{i:0;s:27:\"access administration pages\";}','help_page','a:1:{i:0;i:2;}','',7,3,0,'','admin/help/comment','comment','t','','','a:0:{}',4,'','',0,'modules/help/help.admin.inc'),('admin/help/contextual','','','user_access','a:1:{i:0;s:27:\"access administration pages\";}','help_page','a:1:{i:0;i:2;}','',7,3,0,'','admin/help/contextual','contextual','t','','','a:0:{}',4,'','',0,'modules/help/help.admin.inc'),('admin/help/dashboard','','','user_access','a:1:{i:0;s:27:\"access administration pages\";}','help_page','a:1:{i:0;i:2;}','',7,3,0,'','admin/help/dashboard','dashboard','t','','','a:0:{}',4,'','',0,'modules/help/help.admin.inc'),('admin/help/dba','','','user_access','a:1:{i:0;s:27:\"access administration pages\";}','help_page','a:1:{i:0;i:2;}','',7,3,0,'','admin/help/dba','dba','t','','','a:0:{}',4,'','',0,'modules/help/help.admin.inc'),('admin/help/dblog','','','user_access','a:1:{i:0;s:27:\"access administration pages\";}','help_page','a:1:{i:0;i:2;}','',7,3,0,'','admin/help/dblog','dblog','t','','','a:0:{}',4,'','',0,'modules/help/help.admin.inc'),('admin/help/field','','','user_access','a:1:{i:0;s:27:\"access administration pages\";}','help_page','a:1:{i:0;i:2;}','',7,3,0,'','admin/help/field','field','t','','','a:0:{}',4,'','',0,'modules/help/help.admin.inc'),('admin/help/field_sql_storage','','','user_access','a:1:{i:0;s:27:\"access administration pages\";}','help_page','a:1:{i:0;i:2;}','',7,3,0,'','admin/help/field_sql_storage','field_sql_storage','t','','','a:0:{}',4,'','',0,'modules/help/help.admin.inc'),('admin/help/field_ui','','','user_access','a:1:{i:0;s:27:\"access administration pages\";}','help_page','a:1:{i:0;i:2;}','',7,3,0,'','admin/help/field_ui','field_ui','t','','','a:0:{}',4,'','',0,'modules/help/help.admin.inc'),('admin/help/file','','','user_access','a:1:{i:0;s:27:\"access administration pages\";}','help_page','a:1:{i:0;i:2;}','',7,3,0,'','admin/help/file','file','t','','','a:0:{}',4,'','',0,'modules/help/help.admin.inc'),('admin/help/filter','','','user_access','a:1:{i:0;s:27:\"access administration pages\";}','help_page','a:1:{i:0;i:2;}','',7,3,0,'','admin/help/filter','filter','t','','','a:0:{}',4,'','',0,'modules/help/help.admin.inc'),('admin/help/help','','','user_access','a:1:{i:0;s:27:\"access administration pages\";}','help_page','a:1:{i:0;i:2;}','',7,3,0,'','admin/help/help','help','t','','','a:0:{}',4,'','',0,'modules/help/help.admin.inc'),('admin/help/image','','','user_access','a:1:{i:0;s:27:\"access administration pages\";}','help_page','a:1:{i:0;i:2;}','',7,3,0,'','admin/help/image','image','t','','','a:0:{}',4,'','',0,'modules/help/help.admin.inc'),('admin/help/jquery_update','','','user_access','a:1:{i:0;s:27:\"access administration pages\";}','help_page','a:1:{i:0;i:2;}','',7,3,0,'','admin/help/jquery_update','jquery_update','t','','','a:0:{}',4,'','',0,'modules/help/help.admin.inc'),('admin/help/list','','','user_access','a:1:{i:0;s:27:\"access administration pages\";}','help_page','a:1:{i:0;i:2;}','',7,3,0,'','admin/help/list','list','t','','','a:0:{}',4,'','',0,'modules/help/help.admin.inc'),('admin/help/menu','','','user_access','a:1:{i:0;s:27:\"access administration pages\";}','help_page','a:1:{i:0;i:2;}','',7,3,0,'','admin/help/menu','menu','t','','','a:0:{}',4,'','',0,'modules/help/help.admin.inc'),('admin/help/menu_block','','','user_access','a:1:{i:0;s:27:\"access administration pages\";}','help_page','a:1:{i:0;i:2;}','',7,3,0,'','admin/help/menu_block','menu_block','t','','','a:0:{}',4,'','',0,'modules/help/help.admin.inc'),('admin/help/node','','','user_access','a:1:{i:0;s:27:\"access administration pages\";}','help_page','a:1:{i:0;i:2;}','',7,3,0,'','admin/help/node','node','t','','','a:0:{}',4,'','',0,'modules/help/help.admin.inc'),('admin/help/number','','','user_access','a:1:{i:0;s:27:\"access administration pages\";}','help_page','a:1:{i:0;i:2;}','',7,3,0,'','admin/help/number','number','t','','','a:0:{}',4,'','',0,'modules/help/help.admin.inc'),('admin/help/options','','','user_access','a:1:{i:0;s:27:\"access administration pages\";}','help_page','a:1:{i:0;i:2;}','',7,3,0,'','admin/help/options','options','t','','','a:0:{}',4,'','',0,'modules/help/help.admin.inc'),('admin/help/overlay','','','user_access','a:1:{i:0;s:27:\"access administration pages\";}','help_page','a:1:{i:0;i:2;}','',7,3,0,'','admin/help/overlay','overlay','t','','','a:0:{}',4,'','',0,'modules/help/help.admin.inc'),('admin/help/path','','','user_access','a:1:{i:0;s:27:\"access administration pages\";}','help_page','a:1:{i:0;i:2;}','',7,3,0,'','admin/help/path','path','t','','','a:0:{}',4,'','',0,'modules/help/help.admin.inc'),('admin/help/rdf','','','user_access','a:1:{i:0;s:27:\"access administration pages\";}','help_page','a:1:{i:0;i:2;}','',7,3,0,'','admin/help/rdf','rdf','t','','','a:0:{}',4,'','',0,'modules/help/help.admin.inc'),('admin/help/search','','','user_access','a:1:{i:0;s:27:\"access administration pages\";}','help_page','a:1:{i:0;i:2;}','',7,3,0,'','admin/help/search','search','t','','','a:0:{}',4,'','',0,'modules/help/help.admin.inc'),('admin/help/shortcut','','','user_access','a:1:{i:0;s:27:\"access administration pages\";}','help_page','a:1:{i:0;i:2;}','',7,3,0,'','admin/help/shortcut','shortcut','t','','','a:0:{}',4,'','',0,'modules/help/help.admin.inc'),('admin/help/system','','','user_access','a:1:{i:0;s:27:\"access administration pages\";}','help_page','a:1:{i:0;i:2;}','',7,3,0,'','admin/help/system','system','t','','','a:0:{}',4,'','',0,'modules/help/help.admin.inc'),('admin/help/taxonomy','','','user_access','a:1:{i:0;s:27:\"access administration pages\";}','help_page','a:1:{i:0;i:2;}','',7,3,0,'','admin/help/taxonomy','taxonomy','t','','','a:0:{}',4,'','',0,'modules/help/help.admin.inc'),('admin/help/text','','','user_access','a:1:{i:0;s:27:\"access administration pages\";}','help_page','a:1:{i:0;i:2;}','',7,3,0,'','admin/help/text','text','t','','','a:0:{}',4,'','',0,'modules/help/help.admin.inc'),('admin/help/toolbar','','','user_access','a:1:{i:0;s:27:\"access administration pages\";}','help_page','a:1:{i:0;i:2;}','',7,3,0,'','admin/help/toolbar','toolbar','t','','','a:0:{}',4,'','',0,'modules/help/help.admin.inc'),('admin/help/update','','','user_access','a:1:{i:0;s:27:\"access administration pages\";}','help_page','a:1:{i:0;i:2;}','',7,3,0,'','admin/help/update','update','t','','','a:0:{}',4,'','',0,'modules/help/help.admin.inc'),('admin/help/user','','','user_access','a:1:{i:0;s:27:\"access administration pages\";}','help_page','a:1:{i:0;i:2;}','',7,3,0,'','admin/help/user','user','t','','','a:0:{}',4,'','',0,'modules/help/help.admin.inc'),('admin/index','','','user_access','a:1:{i:0;s:27:\"access administration pages\";}','system_admin_index','a:0:{}','',3,2,1,'admin','admin','Index','t','','','a:0:{}',132,'','',-18,'modules/system/system.admin.inc'),('admin/modules','','','user_access','a:1:{i:0;s:18:\"administer modules\";}','drupal_get_form','a:1:{i:0;s:14:\"system_modules\";}','',3,2,0,'','admin/modules','Modules','t','','','a:0:{}',6,'Extend site functionality.','',-2,'modules/system/system.admin.inc'),('admin/modules/install','','','update_manager_access','a:0:{}','drupal_get_form','a:2:{i:0;s:27:\"update_manager_install_form\";i:1;s:6:\"module\";}','',7,3,1,'admin/modules','admin/modules','Install new module','t','','','a:0:{}',388,'','',25,'modules/update/update.manager.inc'),('admin/modules/list','','','user_access','a:1:{i:0;s:18:\"administer modules\";}','drupal_get_form','a:1:{i:0;s:14:\"system_modules\";}','',7,3,1,'admin/modules','admin/modules','List','t','','','a:0:{}',140,'','',0,'modules/system/system.admin.inc'),('admin/modules/list/confirm','','','user_access','a:1:{i:0;s:18:\"administer modules\";}','drupal_get_form','a:1:{i:0;s:14:\"system_modules\";}','',15,4,0,'','admin/modules/list/confirm','List','t','','','a:0:{}',4,'','',0,'modules/system/system.admin.inc'),('admin/modules/uninstall','','','user_access','a:1:{i:0;s:18:\"administer modules\";}','drupal_get_form','a:1:{i:0;s:24:\"system_modules_uninstall\";}','',7,3,1,'admin/modules','admin/modules','Uninstall','t','','','a:0:{}',132,'','',20,'modules/system/system.admin.inc'),('admin/modules/uninstall/confirm','','','user_access','a:1:{i:0;s:18:\"administer modules\";}','drupal_get_form','a:1:{i:0;s:24:\"system_modules_uninstall\";}','',15,4,0,'','admin/modules/uninstall/confirm','Uninstall','t','','','a:0:{}',4,'','',0,'modules/system/system.admin.inc'),('admin/modules/update','','','update_manager_access','a:0:{}','drupal_get_form','a:2:{i:0;s:26:\"update_manager_update_form\";i:1;s:6:\"module\";}','',7,3,1,'admin/modules','admin/modules','Update','t','','','a:0:{}',132,'','',10,'modules/update/update.manager.inc'),('admin/people','','','user_access','a:1:{i:0;s:16:\"administer users\";}','user_admin','a:1:{i:0;s:4:\"list\";}','',3,2,0,'','admin/people','People','t','','','a:0:{}',6,'Manage user accounts, roles, and permissions.','left',-4,'modules/user/user.admin.inc'),('admin/people/create','','','user_access','a:1:{i:0;s:16:\"administer users\";}','user_admin','a:1:{i:0;s:6:\"create\";}','',7,3,1,'admin/people','admin/people','Add user','t','','','a:0:{}',388,'','',0,'modules/user/user.admin.inc'),('admin/people/people','','','user_access','a:1:{i:0;s:16:\"administer users\";}','user_admin','a:1:{i:0;s:4:\"list\";}','',7,3,1,'admin/people','admin/people','List','t','','','a:0:{}',140,'Find and manage people interacting with your site.','',-10,'modules/user/user.admin.inc'),('admin/people/permissions','','','user_access','a:1:{i:0;s:22:\"administer permissions\";}','drupal_get_form','a:1:{i:0;s:22:\"user_admin_permissions\";}','',7,3,1,'admin/people','admin/people','Permissions','t','','','a:0:{}',132,'Determine access to features by selecting permissions for roles.','',0,'modules/user/user.admin.inc'),('admin/people/permissions/list','','','user_access','a:1:{i:0;s:22:\"administer permissions\";}','drupal_get_form','a:1:{i:0;s:22:\"user_admin_permissions\";}','',15,4,1,'admin/people/permissions','admin/people','Permissions','t','','','a:0:{}',140,'Determine access to features by selecting permissions for roles.','',-8,'modules/user/user.admin.inc'),('admin/people/permissions/roles','','','user_access','a:1:{i:0;s:22:\"administer permissions\";}','drupal_get_form','a:1:{i:0;s:16:\"user_admin_roles\";}','',15,4,1,'admin/people/permissions','admin/people','Roles','t','','','a:0:{}',132,'List, edit, or add user roles.','',-5,'modules/user/user.admin.inc'),('admin/people/permissions/roles/delete/%','a:1:{i:5;s:14:\"user_role_load\";}','','user_role_edit_access','a:1:{i:0;i:5;}','drupal_get_form','a:2:{i:0;s:30:\"user_admin_role_delete_confirm\";i:1;i:5;}','',62,6,0,'','admin/people/permissions/roles/delete/%','Delete role','t','','','a:0:{}',6,'','',0,'modules/user/user.admin.inc'),('admin/people/permissions/roles/edit/%','a:1:{i:5;s:14:\"user_role_load\";}','','user_role_edit_access','a:1:{i:0;i:5;}','drupal_get_form','a:2:{i:0;s:15:\"user_admin_role\";i:1;i:5;}','',62,6,0,'','admin/people/permissions/roles/edit/%','Edit role','t','','','a:0:{}',6,'','',0,'modules/user/user.admin.inc'),('admin/reports','','','user_access','a:1:{i:0;s:19:\"access site reports\";}','system_admin_menu_block_page','a:0:{}','',3,2,0,'','admin/reports','Reports','t','','','a:0:{}',6,'View reports, updates, and errors.','left',5,'modules/system/system.admin.inc'),('admin/reports/access-denied','','','user_access','a:1:{i:0;s:19:\"access site reports\";}','dblog_top','a:1:{i:0;s:13:\"access denied\";}','',7,3,0,'','admin/reports/access-denied','Top \'access denied\' errors','t','','','a:0:{}',6,'View \'access denied\' errors (403s).','',0,'modules/dblog/dblog.admin.inc'),('admin/reports/databasereport','','','user_access','a:1:{i:0;s:19:\"administer database\";}','dba_report_page','a:0:{}','',7,3,0,'','admin/reports/databasereport','View database report','t','','','a:0:{}',6,'View reports about your database, helpful when tuning for better performance','',0,'sites/all/modules/dba/dba.report.inc'),('admin/reports/databasestats','','','user_access','a:1:{i:0;s:19:\"administer database\";}','drupal_get_form','a:1:{i:0;s:17:\"dba_statpack_page\";}','',7,3,0,'','admin/reports/databasestats','View database statistics report','t','','','a:0:{}',6,'Generate database statistics by comparing two snapshots of global counters','',0,'sites/all/modules/dba/dba.statpack.inc'),('admin/reports/dblog','','','user_access','a:1:{i:0;s:19:\"access site reports\";}','dblog_overview','a:0:{}','',7,3,0,'','admin/reports/dblog','Recent log messages','t','','','a:0:{}',6,'View events that have recently been logged.','',-1,'modules/dblog/dblog.admin.inc'),('admin/reports/event/%','a:1:{i:3;N;}','','user_access','a:1:{i:0;s:19:\"access site reports\";}','dblog_event','a:1:{i:0;i:3;}','',14,4,0,'','admin/reports/event/%','Details','t','','','a:0:{}',6,'','',0,'modules/dblog/dblog.admin.inc'),('admin/reports/fields','','','user_access','a:1:{i:0;s:24:\"administer content types\";}','field_ui_fields_list','a:0:{}','',7,3,0,'','admin/reports/fields','Field list','t','','','a:0:{}',6,'Overview of fields on all entity types.','',0,'modules/field_ui/field_ui.admin.inc'),('admin/reports/page-not-found','','','user_access','a:1:{i:0;s:19:\"access site reports\";}','dblog_top','a:1:{i:0;s:14:\"page not found\";}','',7,3,0,'','admin/reports/page-not-found','Top \'page not found\' errors','t','','','a:0:{}',6,'View \'page not found\' errors (404s).','',0,'modules/dblog/dblog.admin.inc'),('admin/reports/search','','','user_access','a:1:{i:0;s:19:\"access site reports\";}','dblog_top','a:1:{i:0;s:6:\"search\";}','',7,3,0,'','admin/reports/search','Top search phrases','t','','','a:0:{}',6,'View most popular search phrases.','',0,'modules/dblog/dblog.admin.inc'),('admin/reports/status','','','user_access','a:1:{i:0;s:29:\"administer site configuration\";}','system_status','a:0:{}','',7,3,0,'','admin/reports/status','Status report','t','','','a:0:{}',6,'Get a status report about your site\'s operation and any detected problems.','',-60,'modules/system/system.admin.inc'),('admin/reports/status/php','','','user_access','a:1:{i:0;s:29:\"administer site configuration\";}','system_php','a:0:{}','',15,4,0,'','admin/reports/status/php','PHP','t','','','a:0:{}',0,'','',0,'modules/system/system.admin.inc'),('admin/reports/status/rebuild','','','user_access','a:1:{i:0;s:27:\"access administration pages\";}','drupal_get_form','a:1:{i:0;s:30:\"node_configure_rebuild_confirm\";}','',15,4,0,'','admin/reports/status/rebuild','Rebuild permissions','t','','','a:0:{}',0,'','',0,'modules/node/node.admin.inc'),('admin/reports/status/run-cron','','','user_access','a:1:{i:0;s:29:\"administer site configuration\";}','system_run_cron','a:0:{}','',15,4,0,'','admin/reports/status/run-cron','Run cron','t','','','a:0:{}',0,'','',0,'modules/system/system.admin.inc'),('admin/reports/updates','','','user_access','a:1:{i:0;s:29:\"administer site configuration\";}','update_status','a:0:{}','',7,3,0,'','admin/reports/updates','Available updates','t','','','a:0:{}',6,'Get a status report about available updates for your installed modules and themes.','',-50,'modules/update/update.report.inc'),('admin/reports/updates/check','','','user_access','a:1:{i:0;s:29:\"administer site configuration\";}','update_manual_status','a:0:{}','',15,4,0,'','admin/reports/updates/check','Manual update check','t','','','a:0:{}',0,'','',0,'modules/update/update.fetch.inc'),('admin/reports/updates/install','','','update_manager_access','a:0:{}','drupal_get_form','a:2:{i:0;s:27:\"update_manager_install_form\";i:1;s:6:\"report\";}','',15,4,1,'admin/reports/updates','admin/reports/updates','Install new module or theme','t','','','a:0:{}',388,'','',25,'modules/update/update.manager.inc'),('admin/reports/updates/list','','','user_access','a:1:{i:0;s:29:\"administer site configuration\";}','update_status','a:0:{}','',15,4,1,'admin/reports/updates','admin/reports/updates','List','t','','','a:0:{}',140,'','',0,'modules/update/update.report.inc'),('admin/reports/updates/settings','','','user_access','a:1:{i:0;s:29:\"administer site configuration\";}','drupal_get_form','a:1:{i:0;s:15:\"update_settings\";}','',15,4,1,'admin/reports/updates','admin/reports/updates','Settings','t','','','a:0:{}',132,'','',50,'modules/update/update.settings.inc'),('admin/reports/updates/update','','','update_manager_access','a:0:{}','drupal_get_form','a:2:{i:0;s:26:\"update_manager_update_form\";i:1;s:6:\"report\";}','',15,4,1,'admin/reports/updates','admin/reports/updates','Update','t','','','a:0:{}',132,'','',10,'modules/update/update.manager.inc'),('admin/structure','','','user_access','a:1:{i:0;s:27:\"access administration pages\";}','system_admin_menu_block_page','a:0:{}','',3,2,0,'','admin/structure','Structure','t','','','a:0:{}',6,'Administer blocks, content types, menus, etc.','right',-8,'modules/system/system.admin.inc'),('admin/structure/block','','','user_access','a:1:{i:0;s:17:\"administer blocks\";}','block_admin_display','a:1:{i:0;s:13:\"skeletontheme\";}','',7,3,0,'','admin/structure/block','Blocks','t','','','a:0:{}',6,'Configure what block content appears in your site\'s sidebars and other regions.','',0,'modules/block/block.admin.inc'),('admin/structure/block/add','','','user_access','a:1:{i:0;s:17:\"administer blocks\";}','drupal_get_form','a:1:{i:0;s:20:\"block_add_block_form\";}','',15,4,1,'admin/structure/block','admin/structure/block','Add block','t','','','a:0:{}',388,'','',0,'modules/block/block.admin.inc'),('admin/structure/block/add-menu-block','','','user_access','a:1:{i:0;s:17:\"administer blocks\";}','drupal_get_form','a:1:{i:0;s:25:\"menu_block_add_block_form\";}','',15,4,1,'admin/structure/block','admin/structure/block','Add menu block','t','','','a:0:{}',388,'Add a new menu block.','',0,'sites/all/modules/menu_block/menu_block.admin.inc'),('admin/structure/block/delete-menu-block','','','user_access','a:1:{i:0;s:17:\"administer blocks\";}','drupal_get_form','a:1:{i:0;s:17:\"menu_block_delete\";}','',15,4,0,'','admin/structure/block/delete-menu-block','Delete menu block','t','','','a:0:{}',0,'','',0,'sites/all/modules/menu_block/menu_block.admin.inc'),('admin/structure/block/demo/academia','','','_block_themes_access','a:1:{i:0;O:8:\"stdClass\":13:{s:8:\"filename\";s:39:\"sites/all/themes/academia/academia.info\";s:4:\"name\";s:8:\"academia\";s:4:\"type\";s:5:\"theme\";s:5:\"owner\";s:45:\"themes/engines/phptemplate/phptemplate.engine\";s:6:\"status\";s:1:\"1\";s:9:\"bootstrap\";s:1:\"0\";s:14:\"schema_version\";s:2:\"-1\";s:6:\"weight\";s:1:\"0\";s:4:\"info\";a:17:{s:4:\"name\";s:8:\"Academia\";s:11:\"description\";s:146:\"A clean and elegant theme focused on readability and textual content. Suitable for informational sites with lots of text. Multiple colour schemes.\";s:4:\"core\";s:3:\"7.x\";s:11:\"stylesheets\";a:1:{s:3:\"all\";a:3:{s:17:\"html-elements.css\";s:43:\"sites/all/themes/academia/html-elements.css\";s:14:\"suckerfish.css\";s:40:\"sites/all/themes/academia/suckerfish.css\";s:12:\"academia.css\";s:38:\"sites/all/themes/academia/academia.css\";}}s:7:\"scripts\";a:1:{s:13:\"suckerfish.js\";s:39:\"sites/all/themes/academia/suckerfish.js\";}s:7:\"regions\";a:10:{s:6:\"header\";s:6:\"Header\";s:11:\"highlighted\";s:11:\"Highlighted\";s:4:\"help\";s:4:\"Help\";s:7:\"content\";s:7:\"Content\";s:13:\"sidebar_first\";s:13:\"Sidebar first\";s:14:\"sidebar_second\";s:14:\"Sidebar second\";s:6:\"footer\";s:6:\"Footer\";s:14:\"dashboard_main\";s:16:\"Dashboard (main)\";s:17:\"dashboard_sidebar\";s:19:\"Dashboard (sidebar)\";s:18:\"dashboard_inactive\";s:20:\"Dashboard (inactive)\";}s:14:\"regions_hidden\";a:4:{s:8:\"page_top\";s:8:\"Page top\";s:11:\"page_bottom\";s:11:\"Page bottom\";i:0;s:8:\"page_top\";i:1;s:11:\"page_bottom\";}s:8:\"features\";a:8:{i:0;s:4:\"logo\";i:1;s:4:\"name\";i:2;s:6:\"slogan\";i:3;s:17:\"node_user_picture\";i:4;s:20:\"comment_user_picture\";i:5;s:7:\"favicon\";i:6;s:9:\"main_menu\";i:7;s:14:\"secondary_menu\";}s:8:\"settings\";a:3:{s:6:\"colour\";s:7:\"default\";s:14:\"sidebar_layout\";s:2:\"lr\";s:19:\"shrink_two_sidebars\";s:1:\"0\";}s:7:\"version\";s:13:\"7.x-1.0-beta2\";s:7:\"project\";s:8:\"academia\";s:9:\"datestamp\";s:10:\"1319618729\";s:6:\"engine\";s:11:\"phptemplate\";s:10:\"screenshot\";s:40:\"sites/all/themes/academia/screenshot.png\";s:3:\"php\";s:5:\"5.2.4\";s:15:\"overlay_regions\";a:5:{i:0;s:14:\"dashboard_main\";i:1;s:17:\"dashboard_sidebar\";i:2;s:18:\"dashboard_inactive\";i:3;s:7:\"content\";i:4;s:4:\"help\";}s:28:\"overlay_supplemental_regions\";a:1:{i:0;s:8:\"page_top\";}}s:6:\"prefix\";s:11:\"phptemplate\";s:11:\"stylesheets\";a:1:{s:3:\"all\";a:3:{s:17:\"html-elements.css\";s:43:\"sites/all/themes/academia/html-elements.css\";s:14:\"suckerfish.css\";s:40:\"sites/all/themes/academia/suckerfish.css\";s:12:\"academia.css\";s:38:\"sites/all/themes/academia/academia.css\";}}s:7:\"scripts\";a:1:{s:13:\"suckerfish.js\";s:39:\"sites/all/themes/academia/suckerfish.js\";}s:6:\"engine\";s:11:\"phptemplate\";}}','block_admin_demo','a:1:{i:0;s:8:\"academia\";}','',31,5,0,'','admin/structure/block/demo/academia','Academia','t','','_block_custom_theme','a:1:{i:0;s:8:\"academia\";}',0,'','',0,'modules/block/block.admin.inc'),('admin/structure/block/demo/bartik','','','_block_themes_access','a:1:{i:0;O:8:\"stdClass\":12:{s:8:\"filename\";s:25:\"themes/bartik/bartik.info\";s:4:\"name\";s:6:\"bartik\";s:4:\"type\";s:5:\"theme\";s:5:\"owner\";s:45:\"themes/engines/phptemplate/phptemplate.engine\";s:6:\"status\";s:1:\"1\";s:9:\"bootstrap\";s:1:\"0\";s:14:\"schema_version\";s:2:\"-1\";s:6:\"weight\";s:1:\"0\";s:4:\"info\";a:18:{s:4:\"name\";s:6:\"Bartik\";s:11:\"description\";s:48:\"A flexible, recolorable theme with many regions.\";s:7:\"package\";s:4:\"Core\";s:7:\"version\";s:4:\"7.26\";s:4:\"core\";s:3:\"7.x\";s:11:\"stylesheets\";a:2:{s:3:\"all\";a:3:{s:14:\"css/layout.css\";s:28:\"themes/bartik/css/layout.css\";s:13:\"css/style.css\";s:27:\"themes/bartik/css/style.css\";s:14:\"css/colors.css\";s:28:\"themes/bartik/css/colors.css\";}s:5:\"print\";a:1:{s:13:\"css/print.css\";s:27:\"themes/bartik/css/print.css\";}}s:7:\"regions\";a:20:{s:6:\"header\";s:6:\"Header\";s:4:\"help\";s:4:\"Help\";s:8:\"page_top\";s:8:\"Page top\";s:11:\"page_bottom\";s:11:\"Page bottom\";s:11:\"highlighted\";s:11:\"Highlighted\";s:8:\"featured\";s:8:\"Featured\";s:7:\"content\";s:7:\"Content\";s:13:\"sidebar_first\";s:13:\"Sidebar first\";s:14:\"sidebar_second\";s:14:\"Sidebar second\";s:14:\"triptych_first\";s:14:\"Triptych first\";s:15:\"triptych_middle\";s:15:\"Triptych middle\";s:13:\"triptych_last\";s:13:\"Triptych last\";s:18:\"footer_firstcolumn\";s:19:\"Footer first column\";s:19:\"footer_secondcolumn\";s:20:\"Footer second column\";s:18:\"footer_thirdcolumn\";s:19:\"Footer third column\";s:19:\"footer_fourthcolumn\";s:20:\"Footer fourth column\";s:6:\"footer\";s:6:\"Footer\";s:14:\"dashboard_main\";s:16:\"Dashboard (main)\";s:17:\"dashboard_sidebar\";s:19:\"Dashboard (sidebar)\";s:18:\"dashboard_inactive\";s:20:\"Dashboard (inactive)\";}s:8:\"settings\";a:1:{s:20:\"shortcut_module_link\";s:1:\"0\";}s:7:\"project\";s:6:\"drupal\";s:9:\"datestamp\";s:10:\"1389815930\";s:6:\"engine\";s:11:\"phptemplate\";s:8:\"features\";a:9:{i:0;s:4:\"logo\";i:1;s:7:\"favicon\";i:2;s:4:\"name\";i:3;s:6:\"slogan\";i:4;s:17:\"node_user_picture\";i:5;s:20:\"comment_user_picture\";i:6;s:25:\"comment_user_verification\";i:7;s:9:\"main_menu\";i:8;s:14:\"secondary_menu\";}s:10:\"screenshot\";s:28:\"themes/bartik/screenshot.png\";s:3:\"php\";s:5:\"5.2.4\";s:7:\"scripts\";a:0:{}s:15:\"overlay_regions\";a:5:{i:0;s:14:\"dashboard_main\";i:1;s:17:\"dashboard_sidebar\";i:2;s:18:\"dashboard_inactive\";i:3;s:7:\"content\";i:4;s:4:\"help\";}s:14:\"regions_hidden\";a:2:{i:0;s:8:\"page_top\";i:1;s:11:\"page_bottom\";}s:28:\"overlay_supplemental_regions\";a:1:{i:0;s:8:\"page_top\";}}s:6:\"prefix\";s:11:\"phptemplate\";s:11:\"stylesheets\";a:2:{s:3:\"all\";a:3:{s:14:\"css/layout.css\";s:28:\"themes/bartik/css/layout.css\";s:13:\"css/style.css\";s:27:\"themes/bartik/css/style.css\";s:14:\"css/colors.css\";s:28:\"themes/bartik/css/colors.css\";}s:5:\"print\";a:1:{s:13:\"css/print.css\";s:27:\"themes/bartik/css/print.css\";}}s:6:\"engine\";s:11:\"phptemplate\";}}','block_admin_demo','a:1:{i:0;s:6:\"bartik\";}','',31,5,0,'','admin/structure/block/demo/bartik','Bartik','t','','_block_custom_theme','a:1:{i:0;s:6:\"bartik\";}',0,'','',0,'modules/block/block.admin.inc'),('admin/structure/block/demo/bootstrap','','','_block_themes_access','a:1:{i:0;O:8:\"stdClass\":11:{s:8:\"filename\";s:41:\"sites/all/themes/bootstrap/bootstrap.info\";s:4:\"name\";s:9:\"bootstrap\";s:4:\"type\";s:5:\"theme\";s:5:\"owner\";s:45:\"themes/engines/phptemplate/phptemplate.engine\";s:6:\"status\";s:1:\"1\";s:9:\"bootstrap\";s:1:\"0\";s:14:\"schema_version\";s:2:\"-1\";s:6:\"weight\";s:1:\"0\";s:4:\"info\";a:19:{s:4:\"name\";s:9:\"Bootstrap\";s:11:\"description\";s:115:\"Built to use Bootstrap, a sleek, intuitive, and powerful front-end framework for faster and easier web development.\";s:4:\"core\";s:3:\"7.x\";s:7:\"regions\";a:13:{s:10:\"navigation\";s:10:\"Navigation\";s:6:\"header\";s:7:\"Top Bar\";s:11:\"highlighted\";s:11:\"Highlighted\";s:4:\"help\";s:4:\"Help\";s:7:\"content\";s:7:\"Content\";s:13:\"sidebar_first\";s:7:\"Primary\";s:14:\"sidebar_second\";s:9:\"Secondary\";s:6:\"footer\";s:6:\"Footer\";s:8:\"page_top\";s:8:\"Page top\";s:11:\"page_bottom\";s:11:\"Page bottom\";s:14:\"dashboard_main\";s:16:\"Dashboard (main)\";s:17:\"dashboard_sidebar\";s:19:\"Dashboard (sidebar)\";s:18:\"dashboard_inactive\";s:20:\"Dashboard (inactive)\";}s:8:\"settings\";a:38:{s:20:\"bootstrap_breadcrumb\";s:1:\"1\";s:25:\"bootstrap_breadcrumb_home\";s:1:\"0\";s:26:\"bootstrap_breadcrumb_title\";s:1:\"1\";s:25:\"bootstrap_navbar_position\";s:0:\"\";s:24:\"bootstrap_navbar_inverse\";s:1:\"0\";s:32:\"bootstrap_region_well-navigation\";s:0:\"\";s:28:\"bootstrap_region_well-header\";s:0:\"\";s:33:\"bootstrap_region_well-highlighted\";s:0:\"\";s:26:\"bootstrap_region_well-help\";s:0:\"\";s:29:\"bootstrap_region_well-content\";s:0:\"\";s:35:\"bootstrap_region_well-sidebar_first\";s:4:\"well\";s:36:\"bootstrap_region_well-sidebar_second\";s:0:\"\";s:28:\"bootstrap_region_well-footer\";s:0:\"\";s:21:\"bootstrap_anchors_fix\";s:1:\"1\";s:34:\"bootstrap_anchors_smooth_scrolling\";s:1:\"1\";s:25:\"bootstrap_popover_enabled\";s:1:\"1\";s:27:\"bootstrap_popover_animation\";s:1:\"1\";s:22:\"bootstrap_popover_html\";s:1:\"0\";s:27:\"bootstrap_popover_placement\";s:5:\"right\";s:26:\"bootstrap_popover_selector\";s:0:\"\";s:25:\"bootstrap_popover_trigger\";a:3:{s:7:\"\'hover\'\";s:1:\"0\";s:7:\"\'focus\'\";s:1:\"0\";s:7:\"\'click\'\";s:5:\"click\";}s:23:\"bootstrap_popover_title\";s:0:\"\";s:25:\"bootstrap_popover_content\";s:0:\"\";s:23:\"bootstrap_popover_delay\";s:1:\"0\";s:27:\"bootstrap_popover_container\";s:4:\"body\";s:25:\"bootstrap_tooltip_enabled\";s:1:\"1\";s:30:\"bootstrap_tooltip_descriptions\";s:1:\"1\";s:27:\"bootstrap_tooltip_animation\";s:1:\"1\";s:22:\"bootstrap_tooltip_html\";s:1:\"0\";s:27:\"bootstrap_tooltip_placement\";s:9:\"auto left\";s:26:\"bootstrap_tooltip_selector\";s:0:\"\";s:25:\"bootstrap_tooltip_trigger\";a:3:{s:7:\"\'hover\'\";s:5:\"hover\";s:7:\"\'focus\'\";s:5:\"focus\";s:7:\"\'click\'\";s:1:\"0\";}s:23:\"bootstrap_tooltip_delay\";s:1:\"0\";s:27:\"bootstrap_tooltip_container\";s:4:\"body\";s:13:\"bootstrap_cdn\";s:5:\"3.0.2\";s:20:\"bootstrap_bootswatch\";s:0:\"\";s:11:\"toggle_name\";s:1:\"1\";s:13:\"toggle_search\";s:1:\"1\";}s:7:\"exclude\";a:1:{s:3:\"css\";a:25:{i:0;s:22:\"misc/vertical-tabs.css\";i:1;s:33:\"modules/aggregator/aggregator.css\";i:2;s:21:\"modules/book/book.css\";i:3;s:27:\"modules/comment/comment.css\";i:4;s:23:\"modules/dblog/dblog.css\";i:5;s:21:\"modules/file/file.css\";i:6;s:25:\"modules/filter/filter.css\";i:7;s:23:\"modules/forum/forum.css\";i:8;s:21:\"modules/help/help.css\";i:9;s:21:\"modules/menu/menu.css\";i:10;s:21:\"modules/node/node.css\";i:11;s:25:\"modules/openid/openid.css\";i:12;s:21:\"modules/poll/poll.css\";i:13;s:25:\"modules/search/search.css\";i:14;s:33:\"modules/statistics/statistics.css\";i:15;s:25:\"modules/syslog/syslog.css\";i:16;s:30:\"modules/system/maintenance.css\";i:17;s:37:\"modules/system/system.maintenance.css\";i:18;s:31:\"modules/system/system.menus.css\";i:19;s:34:\"modules/system/system.messages.css\";i:20;s:31:\"modules/system/system.theme.css\";i:21;s:29:\"modules/taxonomy/taxonomy.css\";i:22;s:27:\"modules/tracker/tracker.css\";i:23;s:25:\"modules/update/update.css\";i:24;s:21:\"modules/user/user.css\";}}s:23:\"simplytest_dependencies\";a:1:{i:0;s:13:\"jquery_update\";}s:7:\"version\";s:7:\"7.x-3.0\";s:7:\"project\";s:9:\"bootstrap\";s:9:\"datestamp\";s:10:\"1384678107\";s:6:\"engine\";s:11:\"phptemplate\";s:8:\"features\";a:9:{i:0;s:4:\"logo\";i:1;s:7:\"favicon\";i:2;s:4:\"name\";i:3;s:6:\"slogan\";i:4;s:17:\"node_user_picture\";i:5;s:20:\"comment_user_picture\";i:6;s:25:\"comment_user_verification\";i:7;s:9:\"main_menu\";i:8;s:14:\"secondary_menu\";}s:10:\"screenshot\";s:41:\"sites/all/themes/bootstrap/screenshot.png\";s:3:\"php\";s:5:\"5.2.4\";s:11:\"stylesheets\";a:0:{}s:7:\"scripts\";a:0:{}s:15:\"overlay_regions\";a:5:{i:0;s:14:\"dashboard_main\";i:1;s:17:\"dashboard_sidebar\";i:2;s:18:\"dashboard_inactive\";i:3;s:7:\"content\";i:4;s:4:\"help\";}s:14:\"regions_hidden\";a:2:{i:0;s:8:\"page_top\";i:1;s:11:\"page_bottom\";}s:28:\"overlay_supplemental_regions\";a:1:{i:0;s:8:\"page_top\";}}s:6:\"prefix\";s:11:\"phptemplate\";s:6:\"engine\";s:11:\"phptemplate\";}}','block_admin_demo','a:1:{i:0;s:9:\"bootstrap\";}','',31,5,0,'','admin/structure/block/demo/bootstrap','Bootstrap','t','','_block_custom_theme','a:1:{i:0;s:9:\"bootstrap\";}',0,'','',0,'modules/block/block.admin.inc'),('admin/structure/block/demo/garland','','','_block_themes_access','a:1:{i:0;O:8:\"stdClass\":12:{s:8:\"filename\";s:27:\"themes/garland/garland.info\";s:4:\"name\";s:7:\"garland\";s:4:\"type\";s:5:\"theme\";s:5:\"owner\";s:45:\"themes/engines/phptemplate/phptemplate.engine\";s:6:\"status\";s:1:\"0\";s:9:\"bootstrap\";s:1:\"0\";s:14:\"schema_version\";s:2:\"-1\";s:6:\"weight\";s:1:\"0\";s:4:\"info\";a:18:{s:4:\"name\";s:7:\"Garland\";s:11:\"description\";s:111:\"A multi-column theme which can be configured to modify colors and switch between fixed and fluid width layouts.\";s:7:\"package\";s:4:\"Core\";s:7:\"version\";s:4:\"7.26\";s:4:\"core\";s:3:\"7.x\";s:11:\"stylesheets\";a:2:{s:3:\"all\";a:1:{s:9:\"style.css\";s:24:\"themes/garland/style.css\";}s:5:\"print\";a:1:{s:9:\"print.css\";s:24:\"themes/garland/print.css\";}}s:8:\"settings\";a:1:{s:13:\"garland_width\";s:5:\"fluid\";}s:7:\"project\";s:6:\"drupal\";s:9:\"datestamp\";s:10:\"1389815930\";s:6:\"engine\";s:11:\"phptemplate\";s:7:\"regions\";a:12:{s:13:\"sidebar_first\";s:12:\"Left sidebar\";s:14:\"sidebar_second\";s:13:\"Right sidebar\";s:7:\"content\";s:7:\"Content\";s:6:\"header\";s:6:\"Header\";s:6:\"footer\";s:6:\"Footer\";s:11:\"highlighted\";s:11:\"Highlighted\";s:4:\"help\";s:4:\"Help\";s:8:\"page_top\";s:8:\"Page top\";s:11:\"page_bottom\";s:11:\"Page bottom\";s:14:\"dashboard_main\";s:16:\"Dashboard (main)\";s:17:\"dashboard_sidebar\";s:19:\"Dashboard (sidebar)\";s:18:\"dashboard_inactive\";s:20:\"Dashboard (inactive)\";}s:8:\"features\";a:9:{i:0;s:4:\"logo\";i:1;s:7:\"favicon\";i:2;s:4:\"name\";i:3;s:6:\"slogan\";i:4;s:17:\"node_user_picture\";i:5;s:20:\"comment_user_picture\";i:6;s:25:\"comment_user_verification\";i:7;s:9:\"main_menu\";i:8;s:14:\"secondary_menu\";}s:10:\"screenshot\";s:29:\"themes/garland/screenshot.png\";s:3:\"php\";s:5:\"5.2.4\";s:7:\"scripts\";a:0:{}s:15:\"overlay_regions\";a:5:{i:0;s:14:\"dashboard_main\";i:1;s:17:\"dashboard_sidebar\";i:2;s:18:\"dashboard_inactive\";i:3;s:7:\"content\";i:4;s:4:\"help\";}s:14:\"regions_hidden\";a:2:{i:0;s:8:\"page_top\";i:1;s:11:\"page_bottom\";}s:28:\"overlay_supplemental_regions\";a:1:{i:0;s:8:\"page_top\";}}s:6:\"prefix\";s:11:\"phptemplate\";s:11:\"stylesheets\";a:2:{s:3:\"all\";a:1:{s:9:\"style.css\";s:24:\"themes/garland/style.css\";}s:5:\"print\";a:1:{s:9:\"print.css\";s:24:\"themes/garland/print.css\";}}s:6:\"engine\";s:11:\"phptemplate\";}}','block_admin_demo','a:1:{i:0;s:7:\"garland\";}','',31,5,0,'','admin/structure/block/demo/garland','Garland','t','','_block_custom_theme','a:1:{i:0;s:7:\"garland\";}',0,'','',0,'modules/block/block.admin.inc'),('admin/structure/block/demo/seven','','','_block_themes_access','a:1:{i:0;O:8:\"stdClass\":12:{s:8:\"filename\";s:23:\"themes/seven/seven.info\";s:4:\"name\";s:5:\"seven\";s:4:\"type\";s:5:\"theme\";s:5:\"owner\";s:45:\"themes/engines/phptemplate/phptemplate.engine\";s:6:\"status\";s:1:\"1\";s:9:\"bootstrap\";s:1:\"0\";s:14:\"schema_version\";s:2:\"-1\";s:6:\"weight\";s:1:\"0\";s:4:\"info\";a:18:{s:4:\"name\";s:5:\"Seven\";s:11:\"description\";s:65:\"A simple one-column, tableless, fluid width administration theme.\";s:7:\"package\";s:4:\"Core\";s:7:\"version\";s:4:\"7.26\";s:4:\"core\";s:3:\"7.x\";s:11:\"stylesheets\";a:1:{s:6:\"screen\";a:2:{s:9:\"reset.css\";s:22:\"themes/seven/reset.css\";s:9:\"style.css\";s:22:\"themes/seven/style.css\";}}s:8:\"settings\";a:1:{s:20:\"shortcut_module_link\";s:1:\"1\";}s:7:\"regions\";a:8:{s:7:\"content\";s:7:\"Content\";s:4:\"help\";s:4:\"Help\";s:8:\"page_top\";s:8:\"Page top\";s:11:\"page_bottom\";s:11:\"Page bottom\";s:13:\"sidebar_first\";s:13:\"First sidebar\";s:14:\"dashboard_main\";s:16:\"Dashboard (main)\";s:17:\"dashboard_sidebar\";s:19:\"Dashboard (sidebar)\";s:18:\"dashboard_inactive\";s:20:\"Dashboard (inactive)\";}s:14:\"regions_hidden\";a:3:{i:0;s:13:\"sidebar_first\";i:1;s:8:\"page_top\";i:2;s:11:\"page_bottom\";}s:7:\"project\";s:6:\"drupal\";s:9:\"datestamp\";s:10:\"1389815930\";s:6:\"engine\";s:11:\"phptemplate\";s:8:\"features\";a:9:{i:0;s:4:\"logo\";i:1;s:7:\"favicon\";i:2;s:4:\"name\";i:3;s:6:\"slogan\";i:4;s:17:\"node_user_picture\";i:5;s:20:\"comment_user_picture\";i:6;s:25:\"comment_user_verification\";i:7;s:9:\"main_menu\";i:8;s:14:\"secondary_menu\";}s:10:\"screenshot\";s:27:\"themes/seven/screenshot.png\";s:3:\"php\";s:5:\"5.2.4\";s:7:\"scripts\";a:0:{}s:15:\"overlay_regions\";a:5:{i:0;s:14:\"dashboard_main\";i:1;s:17:\"dashboard_sidebar\";i:2;s:18:\"dashboard_inactive\";i:3;s:7:\"content\";i:4;s:4:\"help\";}s:28:\"overlay_supplemental_regions\";a:1:{i:0;s:8:\"page_top\";}}s:6:\"prefix\";s:11:\"phptemplate\";s:11:\"stylesheets\";a:1:{s:6:\"screen\";a:2:{s:9:\"reset.css\";s:22:\"themes/seven/reset.css\";s:9:\"style.css\";s:22:\"themes/seven/style.css\";}}s:6:\"engine\";s:11:\"phptemplate\";}}','block_admin_demo','a:1:{i:0;s:5:\"seven\";}','',31,5,0,'','admin/structure/block/demo/seven','Seven','t','','_block_custom_theme','a:1:{i:0;s:5:\"seven\";}',0,'','',0,'modules/block/block.admin.inc'),('admin/structure/block/demo/skeletontheme','','','_block_themes_access','a:1:{i:0;O:8:\"stdClass\":12:{s:8:\"filename\";s:49:\"sites/all/themes/skeletontheme/skeletontheme.info\";s:4:\"name\";s:13:\"skeletontheme\";s:4:\"type\";s:5:\"theme\";s:5:\"owner\";s:45:\"themes/engines/phptemplate/phptemplate.engine\";s:6:\"status\";s:1:\"1\";s:9:\"bootstrap\";s:1:\"0\";s:14:\"schema_version\";s:2:\"-1\";s:6:\"weight\";s:1:\"0\";s:4:\"info\";a:17:{s:4:\"name\";s:8:\"Skeleton\";s:11:\"description\";s:361:\"Skeleton is a powerful, clean, responsive theme ported to Drupal by <a href=\"http://www.morethanthemes.com/\" target=\"_blank\">More Than (just) Themes</a>. If you like this theme, we encourage you to try also our other <a href=\"http://www.morethanthemes.com\" target=\"_blank\">Premium</a> and <a href=\"http://drupalizing.com\" target=\"_blank\">Free</a> Drupal themes.\";s:7:\"version\";s:7:\"7.x-1.3\";s:4:\"core\";s:3:\"7.x\";s:11:\"stylesheets\";a:1:{s:3:\"all\";a:5:{s:16:\"css/skeleton.css\";s:47:\"sites/all/themes/skeletontheme/css/skeleton.css\";s:13:\"css/style.css\";s:44:\"sites/all/themes/skeletontheme/css/style.css\";s:15:\"css/buttons.css\";s:46:\"sites/all/themes/skeletontheme/css/buttons.css\";s:14:\"css/layout.css\";s:45:\"sites/all/themes/skeletontheme/css/layout.css\";s:16:\"color/colors.css\";s:47:\"sites/all/themes/skeletontheme/color/colors.css\";}}s:7:\"regions\";a:20:{s:15:\"header_top_left\";s:15:\"Header top left\";s:16:\"header_top_right\";s:16:\"Header top right\";s:12:\"header_right\";s:12:\"Header right\";s:6:\"header\";s:6:\"Header\";s:11:\"highlighted\";s:11:\"Highlighted\";s:7:\"content\";s:7:\"Content\";s:13:\"sidebar_first\";s:13:\"Sidebar first\";s:14:\"sidebar_second\";s:14:\"Sidebar second\";s:13:\"featured_left\";s:13:\"Featured left\";s:14:\"featured_right\";s:14:\"Featured right\";s:12:\"footer_first\";s:12:\"Footer first\";s:13:\"footer_second\";s:13:\"Footer second\";s:12:\"footer_third\";s:12:\"Footer third\";s:6:\"footer\";s:6:\"Footer\";s:4:\"help\";s:4:\"Help\";s:8:\"page_top\";s:8:\"Page top\";s:11:\"page_bottom\";s:11:\"Page bottom\";s:14:\"dashboard_main\";s:16:\"Dashboard (main)\";s:17:\"dashboard_sidebar\";s:19:\"Dashboard (sidebar)\";s:18:\"dashboard_inactive\";s:20:\"Dashboard (inactive)\";}s:8:\"settings\";a:3:{s:21:\"responsive_menu_state\";s:1:\"1\";s:27:\"responsive_menu_switchwidth\";s:3:\"760\";s:29:\"responsive_menu_topoptiontext\";s:13:\"Select a page\";}s:7:\"project\";s:13:\"skeletontheme\";s:9:\"datestamp\";s:10:\"1372878953\";s:6:\"engine\";s:11:\"phptemplate\";s:8:\"features\";a:9:{i:0;s:4:\"logo\";i:1;s:7:\"favicon\";i:2;s:4:\"name\";i:3;s:6:\"slogan\";i:4;s:17:\"node_user_picture\";i:5;s:20:\"comment_user_picture\";i:6;s:25:\"comment_user_verification\";i:7;s:9:\"main_menu\";i:8;s:14:\"secondary_menu\";}s:10:\"screenshot\";s:45:\"sites/all/themes/skeletontheme/screenshot.png\";s:3:\"php\";s:5:\"5.2.4\";s:7:\"scripts\";a:0:{}s:15:\"overlay_regions\";a:5:{i:0;s:14:\"dashboard_main\";i:1;s:17:\"dashboard_sidebar\";i:2;s:18:\"dashboard_inactive\";i:3;s:7:\"content\";i:4;s:4:\"help\";}s:14:\"regions_hidden\";a:2:{i:0;s:8:\"page_top\";i:1;s:11:\"page_bottom\";}s:28:\"overlay_supplemental_regions\";a:1:{i:0;s:8:\"page_top\";}}s:6:\"prefix\";s:11:\"phptemplate\";s:11:\"stylesheets\";a:1:{s:3:\"all\";a:5:{s:16:\"css/skeleton.css\";s:47:\"sites/all/themes/skeletontheme/css/skeleton.css\";s:13:\"css/style.css\";s:44:\"sites/all/themes/skeletontheme/css/style.css\";s:15:\"css/buttons.css\";s:46:\"sites/all/themes/skeletontheme/css/buttons.css\";s:14:\"css/layout.css\";s:45:\"sites/all/themes/skeletontheme/css/layout.css\";s:16:\"color/colors.css\";s:47:\"sites/all/themes/skeletontheme/color/colors.css\";}}s:6:\"engine\";s:11:\"phptemplate\";}}','block_admin_demo','a:1:{i:0;s:13:\"skeletontheme\";}','',31,5,0,'','admin/structure/block/demo/skeletontheme','Skeleton','t','','_block_custom_theme','a:1:{i:0;s:13:\"skeletontheme\";}',0,'','',0,'modules/block/block.admin.inc'),('admin/structure/block/demo/stark','','','_block_themes_access','a:1:{i:0;O:8:\"stdClass\":12:{s:8:\"filename\";s:23:\"themes/stark/stark.info\";s:4:\"name\";s:5:\"stark\";s:4:\"type\";s:5:\"theme\";s:5:\"owner\";s:45:\"themes/engines/phptemplate/phptemplate.engine\";s:6:\"status\";s:1:\"0\";s:9:\"bootstrap\";s:1:\"0\";s:14:\"schema_version\";s:2:\"-1\";s:6:\"weight\";s:1:\"0\";s:4:\"info\";a:17:{s:4:\"name\";s:5:\"Stark\";s:11:\"description\";s:208:\"This theme demonstrates Drupal\'s default HTML markup and CSS styles. To learn how to build your own theme and override Drupal\'s default code, see the <a href=\"http://drupal.org/theme-guide\">Theming Guide</a>.\";s:7:\"package\";s:4:\"Core\";s:7:\"version\";s:4:\"7.26\";s:4:\"core\";s:3:\"7.x\";s:11:\"stylesheets\";a:1:{s:3:\"all\";a:1:{s:10:\"layout.css\";s:23:\"themes/stark/layout.css\";}}s:7:\"project\";s:6:\"drupal\";s:9:\"datestamp\";s:10:\"1389815930\";s:6:\"engine\";s:11:\"phptemplate\";s:7:\"regions\";a:12:{s:13:\"sidebar_first\";s:12:\"Left sidebar\";s:14:\"sidebar_second\";s:13:\"Right sidebar\";s:7:\"content\";s:7:\"Content\";s:6:\"header\";s:6:\"Header\";s:6:\"footer\";s:6:\"Footer\";s:11:\"highlighted\";s:11:\"Highlighted\";s:4:\"help\";s:4:\"Help\";s:8:\"page_top\";s:8:\"Page top\";s:11:\"page_bottom\";s:11:\"Page bottom\";s:14:\"dashboard_main\";s:16:\"Dashboard (main)\";s:17:\"dashboard_sidebar\";s:19:\"Dashboard (sidebar)\";s:18:\"dashboard_inactive\";s:20:\"Dashboard (inactive)\";}s:8:\"features\";a:9:{i:0;s:4:\"logo\";i:1;s:7:\"favicon\";i:2;s:4:\"name\";i:3;s:6:\"slogan\";i:4;s:17:\"node_user_picture\";i:5;s:20:\"comment_user_picture\";i:6;s:25:\"comment_user_verification\";i:7;s:9:\"main_menu\";i:8;s:14:\"secondary_menu\";}s:10:\"screenshot\";s:27:\"themes/stark/screenshot.png\";s:3:\"php\";s:5:\"5.2.4\";s:7:\"scripts\";a:0:{}s:15:\"overlay_regions\";a:5:{i:0;s:14:\"dashboard_main\";i:1;s:17:\"dashboard_sidebar\";i:2;s:18:\"dashboard_inactive\";i:3;s:7:\"content\";i:4;s:4:\"help\";}s:14:\"regions_hidden\";a:2:{i:0;s:8:\"page_top\";i:1;s:11:\"page_bottom\";}s:28:\"overlay_supplemental_regions\";a:1:{i:0;s:8:\"page_top\";}}s:6:\"prefix\";s:11:\"phptemplate\";s:11:\"stylesheets\";a:1:{s:3:\"all\";a:1:{s:10:\"layout.css\";s:23:\"themes/stark/layout.css\";}}s:6:\"engine\";s:11:\"phptemplate\";}}','block_admin_demo','a:1:{i:0;s:5:\"stark\";}','',31,5,0,'','admin/structure/block/demo/stark','Stark','t','','_block_custom_theme','a:1:{i:0;s:5:\"stark\";}',0,'','',0,'modules/block/block.admin.inc'),('admin/structure/block/list/academia','','','_block_themes_access','a:1:{i:0;O:8:\"stdClass\":13:{s:8:\"filename\";s:39:\"sites/all/themes/academia/academia.info\";s:4:\"name\";s:8:\"academia\";s:4:\"type\";s:5:\"theme\";s:5:\"owner\";s:45:\"themes/engines/phptemplate/phptemplate.engine\";s:6:\"status\";s:1:\"1\";s:9:\"bootstrap\";s:1:\"0\";s:14:\"schema_version\";s:2:\"-1\";s:6:\"weight\";s:1:\"0\";s:4:\"info\";a:17:{s:4:\"name\";s:8:\"Academia\";s:11:\"description\";s:146:\"A clean and elegant theme focused on readability and textual content. Suitable for informational sites with lots of text. Multiple colour schemes.\";s:4:\"core\";s:3:\"7.x\";s:11:\"stylesheets\";a:1:{s:3:\"all\";a:3:{s:17:\"html-elements.css\";s:43:\"sites/all/themes/academia/html-elements.css\";s:14:\"suckerfish.css\";s:40:\"sites/all/themes/academia/suckerfish.css\";s:12:\"academia.css\";s:38:\"sites/all/themes/academia/academia.css\";}}s:7:\"scripts\";a:1:{s:13:\"suckerfish.js\";s:39:\"sites/all/themes/academia/suckerfish.js\";}s:7:\"regions\";a:10:{s:6:\"header\";s:6:\"Header\";s:11:\"highlighted\";s:11:\"Highlighted\";s:4:\"help\";s:4:\"Help\";s:7:\"content\";s:7:\"Content\";s:13:\"sidebar_first\";s:13:\"Sidebar first\";s:14:\"sidebar_second\";s:14:\"Sidebar second\";s:6:\"footer\";s:6:\"Footer\";s:14:\"dashboard_main\";s:16:\"Dashboard (main)\";s:17:\"dashboard_sidebar\";s:19:\"Dashboard (sidebar)\";s:18:\"dashboard_inactive\";s:20:\"Dashboard (inactive)\";}s:14:\"regions_hidden\";a:4:{s:8:\"page_top\";s:8:\"Page top\";s:11:\"page_bottom\";s:11:\"Page bottom\";i:0;s:8:\"page_top\";i:1;s:11:\"page_bottom\";}s:8:\"features\";a:8:{i:0;s:4:\"logo\";i:1;s:4:\"name\";i:2;s:6:\"slogan\";i:3;s:17:\"node_user_picture\";i:4;s:20:\"comment_user_picture\";i:5;s:7:\"favicon\";i:6;s:9:\"main_menu\";i:7;s:14:\"secondary_menu\";}s:8:\"settings\";a:3:{s:6:\"colour\";s:7:\"default\";s:14:\"sidebar_layout\";s:2:\"lr\";s:19:\"shrink_two_sidebars\";s:1:\"0\";}s:7:\"version\";s:13:\"7.x-1.0-beta2\";s:7:\"project\";s:8:\"academia\";s:9:\"datestamp\";s:10:\"1319618729\";s:6:\"engine\";s:11:\"phptemplate\";s:10:\"screenshot\";s:40:\"sites/all/themes/academia/screenshot.png\";s:3:\"php\";s:5:\"5.2.4\";s:15:\"overlay_regions\";a:5:{i:0;s:14:\"dashboard_main\";i:1;s:17:\"dashboard_sidebar\";i:2;s:18:\"dashboard_inactive\";i:3;s:7:\"content\";i:4;s:4:\"help\";}s:28:\"overlay_supplemental_regions\";a:1:{i:0;s:8:\"page_top\";}}s:6:\"prefix\";s:11:\"phptemplate\";s:11:\"stylesheets\";a:1:{s:3:\"all\";a:3:{s:17:\"html-elements.css\";s:43:\"sites/all/themes/academia/html-elements.css\";s:14:\"suckerfish.css\";s:40:\"sites/all/themes/academia/suckerfish.css\";s:12:\"academia.css\";s:38:\"sites/all/themes/academia/academia.css\";}}s:7:\"scripts\";a:1:{s:13:\"suckerfish.js\";s:39:\"sites/all/themes/academia/suckerfish.js\";}s:6:\"engine\";s:11:\"phptemplate\";}}','block_admin_display','a:1:{i:0;s:8:\"academia\";}','',31,5,1,'admin/structure/block','admin/structure/block','Academia','t','','','a:0:{}',132,'','',0,'modules/block/block.admin.inc'),('admin/structure/block/list/academia/add','','','user_access','a:1:{i:0;s:17:\"administer blocks\";}','drupal_get_form','a:1:{i:0;s:20:\"block_add_block_form\";}','',63,6,1,'admin/structure/block/list/academia','admin/structure/block','Add block','t','','','a:0:{}',388,'','',0,'modules/block/block.admin.inc'),('admin/structure/block/list/academia/add-menu-block','','','user_access','a:1:{i:0;s:17:\"administer blocks\";}','drupal_get_form','a:1:{i:0;s:25:\"menu_block_add_block_form\";}','',63,6,1,'admin/structure/block/list/academia','admin/structure/block','Add menu block','t','','','a:0:{}',388,'Add a new menu block.','',0,'sites/all/modules/menu_block/menu_block.admin.inc'),('admin/structure/block/list/bartik','','','_block_themes_access','a:1:{i:0;O:8:\"stdClass\":12:{s:8:\"filename\";s:25:\"themes/bartik/bartik.info\";s:4:\"name\";s:6:\"bartik\";s:4:\"type\";s:5:\"theme\";s:5:\"owner\";s:45:\"themes/engines/phptemplate/phptemplate.engine\";s:6:\"status\";s:1:\"1\";s:9:\"bootstrap\";s:1:\"0\";s:14:\"schema_version\";s:2:\"-1\";s:6:\"weight\";s:1:\"0\";s:4:\"info\";a:18:{s:4:\"name\";s:6:\"Bartik\";s:11:\"description\";s:48:\"A flexible, recolorable theme with many regions.\";s:7:\"package\";s:4:\"Core\";s:7:\"version\";s:4:\"7.26\";s:4:\"core\";s:3:\"7.x\";s:11:\"stylesheets\";a:2:{s:3:\"all\";a:3:{s:14:\"css/layout.css\";s:28:\"themes/bartik/css/layout.css\";s:13:\"css/style.css\";s:27:\"themes/bartik/css/style.css\";s:14:\"css/colors.css\";s:28:\"themes/bartik/css/colors.css\";}s:5:\"print\";a:1:{s:13:\"css/print.css\";s:27:\"themes/bartik/css/print.css\";}}s:7:\"regions\";a:20:{s:6:\"header\";s:6:\"Header\";s:4:\"help\";s:4:\"Help\";s:8:\"page_top\";s:8:\"Page top\";s:11:\"page_bottom\";s:11:\"Page bottom\";s:11:\"highlighted\";s:11:\"Highlighted\";s:8:\"featured\";s:8:\"Featured\";s:7:\"content\";s:7:\"Content\";s:13:\"sidebar_first\";s:13:\"Sidebar first\";s:14:\"sidebar_second\";s:14:\"Sidebar second\";s:14:\"triptych_first\";s:14:\"Triptych first\";s:15:\"triptych_middle\";s:15:\"Triptych middle\";s:13:\"triptych_last\";s:13:\"Triptych last\";s:18:\"footer_firstcolumn\";s:19:\"Footer first column\";s:19:\"footer_secondcolumn\";s:20:\"Footer second column\";s:18:\"footer_thirdcolumn\";s:19:\"Footer third column\";s:19:\"footer_fourthcolumn\";s:20:\"Footer fourth column\";s:6:\"footer\";s:6:\"Footer\";s:14:\"dashboard_main\";s:16:\"Dashboard (main)\";s:17:\"dashboard_sidebar\";s:19:\"Dashboard (sidebar)\";s:18:\"dashboard_inactive\";s:20:\"Dashboard (inactive)\";}s:8:\"settings\";a:1:{s:20:\"shortcut_module_link\";s:1:\"0\";}s:7:\"project\";s:6:\"drupal\";s:9:\"datestamp\";s:10:\"1389815930\";s:6:\"engine\";s:11:\"phptemplate\";s:8:\"features\";a:9:{i:0;s:4:\"logo\";i:1;s:7:\"favicon\";i:2;s:4:\"name\";i:3;s:6:\"slogan\";i:4;s:17:\"node_user_picture\";i:5;s:20:\"comment_user_picture\";i:6;s:25:\"comment_user_verification\";i:7;s:9:\"main_menu\";i:8;s:14:\"secondary_menu\";}s:10:\"screenshot\";s:28:\"themes/bartik/screenshot.png\";s:3:\"php\";s:5:\"5.2.4\";s:7:\"scripts\";a:0:{}s:15:\"overlay_regions\";a:5:{i:0;s:14:\"dashboard_main\";i:1;s:17:\"dashboard_sidebar\";i:2;s:18:\"dashboard_inactive\";i:3;s:7:\"content\";i:4;s:4:\"help\";}s:14:\"regions_hidden\";a:2:{i:0;s:8:\"page_top\";i:1;s:11:\"page_bottom\";}s:28:\"overlay_supplemental_regions\";a:1:{i:0;s:8:\"page_top\";}}s:6:\"prefix\";s:11:\"phptemplate\";s:11:\"stylesheets\";a:2:{s:3:\"all\";a:3:{s:14:\"css/layout.css\";s:28:\"themes/bartik/css/layout.css\";s:13:\"css/style.css\";s:27:\"themes/bartik/css/style.css\";s:14:\"css/colors.css\";s:28:\"themes/bartik/css/colors.css\";}s:5:\"print\";a:1:{s:13:\"css/print.css\";s:27:\"themes/bartik/css/print.css\";}}s:6:\"engine\";s:11:\"phptemplate\";}}','block_admin_display','a:1:{i:0;s:6:\"bartik\";}','',31,5,1,'admin/structure/block','admin/structure/block','Bartik','t','','','a:0:{}',132,'','',0,'modules/block/block.admin.inc'),('admin/structure/block/list/bartik/add','','','user_access','a:1:{i:0;s:17:\"administer blocks\";}','drupal_get_form','a:1:{i:0;s:20:\"block_add_block_form\";}','',63,6,1,'admin/structure/block/list/bartik','admin/structure/block','Add block','t','','','a:0:{}',388,'','',0,'modules/block/block.admin.inc'),('admin/structure/block/list/bartik/add-menu-block','','','user_access','a:1:{i:0;s:17:\"administer blocks\";}','drupal_get_form','a:1:{i:0;s:25:\"menu_block_add_block_form\";}','',63,6,1,'admin/structure/block/list/bartik','admin/structure/block','Add menu block','t','','','a:0:{}',388,'Add a new menu block.','',0,'sites/all/modules/menu_block/menu_block.admin.inc'),('admin/structure/block/list/bootstrap','','','_block_themes_access','a:1:{i:0;O:8:\"stdClass\":11:{s:8:\"filename\";s:41:\"sites/all/themes/bootstrap/bootstrap.info\";s:4:\"name\";s:9:\"bootstrap\";s:4:\"type\";s:5:\"theme\";s:5:\"owner\";s:45:\"themes/engines/phptemplate/phptemplate.engine\";s:6:\"status\";s:1:\"1\";s:9:\"bootstrap\";s:1:\"0\";s:14:\"schema_version\";s:2:\"-1\";s:6:\"weight\";s:1:\"0\";s:4:\"info\";a:19:{s:4:\"name\";s:9:\"Bootstrap\";s:11:\"description\";s:115:\"Built to use Bootstrap, a sleek, intuitive, and powerful front-end framework for faster and easier web development.\";s:4:\"core\";s:3:\"7.x\";s:7:\"regions\";a:13:{s:10:\"navigation\";s:10:\"Navigation\";s:6:\"header\";s:7:\"Top Bar\";s:11:\"highlighted\";s:11:\"Highlighted\";s:4:\"help\";s:4:\"Help\";s:7:\"content\";s:7:\"Content\";s:13:\"sidebar_first\";s:7:\"Primary\";s:14:\"sidebar_second\";s:9:\"Secondary\";s:6:\"footer\";s:6:\"Footer\";s:8:\"page_top\";s:8:\"Page top\";s:11:\"page_bottom\";s:11:\"Page bottom\";s:14:\"dashboard_main\";s:16:\"Dashboard (main)\";s:17:\"dashboard_sidebar\";s:19:\"Dashboard (sidebar)\";s:18:\"dashboard_inactive\";s:20:\"Dashboard (inactive)\";}s:8:\"settings\";a:38:{s:20:\"bootstrap_breadcrumb\";s:1:\"1\";s:25:\"bootstrap_breadcrumb_home\";s:1:\"0\";s:26:\"bootstrap_breadcrumb_title\";s:1:\"1\";s:25:\"bootstrap_navbar_position\";s:0:\"\";s:24:\"bootstrap_navbar_inverse\";s:1:\"0\";s:32:\"bootstrap_region_well-navigation\";s:0:\"\";s:28:\"bootstrap_region_well-header\";s:0:\"\";s:33:\"bootstrap_region_well-highlighted\";s:0:\"\";s:26:\"bootstrap_region_well-help\";s:0:\"\";s:29:\"bootstrap_region_well-content\";s:0:\"\";s:35:\"bootstrap_region_well-sidebar_first\";s:4:\"well\";s:36:\"bootstrap_region_well-sidebar_second\";s:0:\"\";s:28:\"bootstrap_region_well-footer\";s:0:\"\";s:21:\"bootstrap_anchors_fix\";s:1:\"1\";s:34:\"bootstrap_anchors_smooth_scrolling\";s:1:\"1\";s:25:\"bootstrap_popover_enabled\";s:1:\"1\";s:27:\"bootstrap_popover_animation\";s:1:\"1\";s:22:\"bootstrap_popover_html\";s:1:\"0\";s:27:\"bootstrap_popover_placement\";s:5:\"right\";s:26:\"bootstrap_popover_selector\";s:0:\"\";s:25:\"bootstrap_popover_trigger\";a:3:{s:7:\"\'hover\'\";s:1:\"0\";s:7:\"\'focus\'\";s:1:\"0\";s:7:\"\'click\'\";s:5:\"click\";}s:23:\"bootstrap_popover_title\";s:0:\"\";s:25:\"bootstrap_popover_content\";s:0:\"\";s:23:\"bootstrap_popover_delay\";s:1:\"0\";s:27:\"bootstrap_popover_container\";s:4:\"body\";s:25:\"bootstrap_tooltip_enabled\";s:1:\"1\";s:30:\"bootstrap_tooltip_descriptions\";s:1:\"1\";s:27:\"bootstrap_tooltip_animation\";s:1:\"1\";s:22:\"bootstrap_tooltip_html\";s:1:\"0\";s:27:\"bootstrap_tooltip_placement\";s:9:\"auto left\";s:26:\"bootstrap_tooltip_selector\";s:0:\"\";s:25:\"bootstrap_tooltip_trigger\";a:3:{s:7:\"\'hover\'\";s:5:\"hover\";s:7:\"\'focus\'\";s:5:\"focus\";s:7:\"\'click\'\";s:1:\"0\";}s:23:\"bootstrap_tooltip_delay\";s:1:\"0\";s:27:\"bootstrap_tooltip_container\";s:4:\"body\";s:13:\"bootstrap_cdn\";s:5:\"3.0.2\";s:20:\"bootstrap_bootswatch\";s:0:\"\";s:11:\"toggle_name\";s:1:\"1\";s:13:\"toggle_search\";s:1:\"1\";}s:7:\"exclude\";a:1:{s:3:\"css\";a:25:{i:0;s:22:\"misc/vertical-tabs.css\";i:1;s:33:\"modules/aggregator/aggregator.css\";i:2;s:21:\"modules/book/book.css\";i:3;s:27:\"modules/comment/comment.css\";i:4;s:23:\"modules/dblog/dblog.css\";i:5;s:21:\"modules/file/file.css\";i:6;s:25:\"modules/filter/filter.css\";i:7;s:23:\"modules/forum/forum.css\";i:8;s:21:\"modules/help/help.css\";i:9;s:21:\"modules/menu/menu.css\";i:10;s:21:\"modules/node/node.css\";i:11;s:25:\"modules/openid/openid.css\";i:12;s:21:\"modules/poll/poll.css\";i:13;s:25:\"modules/search/search.css\";i:14;s:33:\"modules/statistics/statistics.css\";i:15;s:25:\"modules/syslog/syslog.css\";i:16;s:30:\"modules/system/maintenance.css\";i:17;s:37:\"modules/system/system.maintenance.css\";i:18;s:31:\"modules/system/system.menus.css\";i:19;s:34:\"modules/system/system.messages.css\";i:20;s:31:\"modules/system/system.theme.css\";i:21;s:29:\"modules/taxonomy/taxonomy.css\";i:22;s:27:\"modules/tracker/tracker.css\";i:23;s:25:\"modules/update/update.css\";i:24;s:21:\"modules/user/user.css\";}}s:23:\"simplytest_dependencies\";a:1:{i:0;s:13:\"jquery_update\";}s:7:\"version\";s:7:\"7.x-3.0\";s:7:\"project\";s:9:\"bootstrap\";s:9:\"datestamp\";s:10:\"1384678107\";s:6:\"engine\";s:11:\"phptemplate\";s:8:\"features\";a:9:{i:0;s:4:\"logo\";i:1;s:7:\"favicon\";i:2;s:4:\"name\";i:3;s:6:\"slogan\";i:4;s:17:\"node_user_picture\";i:5;s:20:\"comment_user_picture\";i:6;s:25:\"comment_user_verification\";i:7;s:9:\"main_menu\";i:8;s:14:\"secondary_menu\";}s:10:\"screenshot\";s:41:\"sites/all/themes/bootstrap/screenshot.png\";s:3:\"php\";s:5:\"5.2.4\";s:11:\"stylesheets\";a:0:{}s:7:\"scripts\";a:0:{}s:15:\"overlay_regions\";a:5:{i:0;s:14:\"dashboard_main\";i:1;s:17:\"dashboard_sidebar\";i:2;s:18:\"dashboard_inactive\";i:3;s:7:\"content\";i:4;s:4:\"help\";}s:14:\"regions_hidden\";a:2:{i:0;s:8:\"page_top\";i:1;s:11:\"page_bottom\";}s:28:\"overlay_supplemental_regions\";a:1:{i:0;s:8:\"page_top\";}}s:6:\"prefix\";s:11:\"phptemplate\";s:6:\"engine\";s:11:\"phptemplate\";}}','block_admin_display','a:1:{i:0;s:9:\"bootstrap\";}','',31,5,1,'admin/structure/block','admin/structure/block','Bootstrap','t','','','a:0:{}',132,'','',0,'modules/block/block.admin.inc'),('admin/structure/block/list/bootstrap/add','','','user_access','a:1:{i:0;s:17:\"administer blocks\";}','drupal_get_form','a:1:{i:0;s:20:\"block_add_block_form\";}','',63,6,1,'admin/structure/block/list/bootstrap','admin/structure/block','Add block','t','','','a:0:{}',388,'','',0,'modules/block/block.admin.inc'),('admin/structure/block/list/bootstrap/add-menu-block','','','user_access','a:1:{i:0;s:17:\"administer blocks\";}','drupal_get_form','a:1:{i:0;s:25:\"menu_block_add_block_form\";}','',63,6,1,'admin/structure/block/list/bootstrap','admin/structure/block','Add menu block','t','','','a:0:{}',388,'Add a new menu block.','',0,'sites/all/modules/menu_block/menu_block.admin.inc'),('admin/structure/block/list/garland','','','_block_themes_access','a:1:{i:0;O:8:\"stdClass\":12:{s:8:\"filename\";s:27:\"themes/garland/garland.info\";s:4:\"name\";s:7:\"garland\";s:4:\"type\";s:5:\"theme\";s:5:\"owner\";s:45:\"themes/engines/phptemplate/phptemplate.engine\";s:6:\"status\";s:1:\"0\";s:9:\"bootstrap\";s:1:\"0\";s:14:\"schema_version\";s:2:\"-1\";s:6:\"weight\";s:1:\"0\";s:4:\"info\";a:18:{s:4:\"name\";s:7:\"Garland\";s:11:\"description\";s:111:\"A multi-column theme which can be configured to modify colors and switch between fixed and fluid width layouts.\";s:7:\"package\";s:4:\"Core\";s:7:\"version\";s:4:\"7.26\";s:4:\"core\";s:3:\"7.x\";s:11:\"stylesheets\";a:2:{s:3:\"all\";a:1:{s:9:\"style.css\";s:24:\"themes/garland/style.css\";}s:5:\"print\";a:1:{s:9:\"print.css\";s:24:\"themes/garland/print.css\";}}s:8:\"settings\";a:1:{s:13:\"garland_width\";s:5:\"fluid\";}s:7:\"project\";s:6:\"drupal\";s:9:\"datestamp\";s:10:\"1389815930\";s:6:\"engine\";s:11:\"phptemplate\";s:7:\"regions\";a:12:{s:13:\"sidebar_first\";s:12:\"Left sidebar\";s:14:\"sidebar_second\";s:13:\"Right sidebar\";s:7:\"content\";s:7:\"Content\";s:6:\"header\";s:6:\"Header\";s:6:\"footer\";s:6:\"Footer\";s:11:\"highlighted\";s:11:\"Highlighted\";s:4:\"help\";s:4:\"Help\";s:8:\"page_top\";s:8:\"Page top\";s:11:\"page_bottom\";s:11:\"Page bottom\";s:14:\"dashboard_main\";s:16:\"Dashboard (main)\";s:17:\"dashboard_sidebar\";s:19:\"Dashboard (sidebar)\";s:18:\"dashboard_inactive\";s:20:\"Dashboard (inactive)\";}s:8:\"features\";a:9:{i:0;s:4:\"logo\";i:1;s:7:\"favicon\";i:2;s:4:\"name\";i:3;s:6:\"slogan\";i:4;s:17:\"node_user_picture\";i:5;s:20:\"comment_user_picture\";i:6;s:25:\"comment_user_verification\";i:7;s:9:\"main_menu\";i:8;s:14:\"secondary_menu\";}s:10:\"screenshot\";s:29:\"themes/garland/screenshot.png\";s:3:\"php\";s:5:\"5.2.4\";s:7:\"scripts\";a:0:{}s:15:\"overlay_regions\";a:5:{i:0;s:14:\"dashboard_main\";i:1;s:17:\"dashboard_sidebar\";i:2;s:18:\"dashboard_inactive\";i:3;s:7:\"content\";i:4;s:4:\"help\";}s:14:\"regions_hidden\";a:2:{i:0;s:8:\"page_top\";i:1;s:11:\"page_bottom\";}s:28:\"overlay_supplemental_regions\";a:1:{i:0;s:8:\"page_top\";}}s:6:\"prefix\";s:11:\"phptemplate\";s:11:\"stylesheets\";a:2:{s:3:\"all\";a:1:{s:9:\"style.css\";s:24:\"themes/garland/style.css\";}s:5:\"print\";a:1:{s:9:\"print.css\";s:24:\"themes/garland/print.css\";}}s:6:\"engine\";s:11:\"phptemplate\";}}','block_admin_display','a:1:{i:0;s:7:\"garland\";}','',31,5,1,'admin/structure/block','admin/structure/block','Garland','t','','','a:0:{}',132,'','',0,'modules/block/block.admin.inc'),('admin/structure/block/list/garland/add','','','user_access','a:1:{i:0;s:17:\"administer blocks\";}','drupal_get_form','a:1:{i:0;s:20:\"block_add_block_form\";}','',63,6,1,'admin/structure/block/list/garland','admin/structure/block','Add block','t','','','a:0:{}',388,'','',0,'modules/block/block.admin.inc'),('admin/structure/block/list/garland/add-menu-block','','','user_access','a:1:{i:0;s:17:\"administer blocks\";}','drupal_get_form','a:1:{i:0;s:25:\"menu_block_add_block_form\";}','',63,6,1,'admin/structure/block/list/garland','admin/structure/block','Add menu block','t','','','a:0:{}',388,'Add a new menu block.','',0,'sites/all/modules/menu_block/menu_block.admin.inc'),('admin/structure/block/list/seven','','','_block_themes_access','a:1:{i:0;O:8:\"stdClass\":12:{s:8:\"filename\";s:23:\"themes/seven/seven.info\";s:4:\"name\";s:5:\"seven\";s:4:\"type\";s:5:\"theme\";s:5:\"owner\";s:45:\"themes/engines/phptemplate/phptemplate.engine\";s:6:\"status\";s:1:\"1\";s:9:\"bootstrap\";s:1:\"0\";s:14:\"schema_version\";s:2:\"-1\";s:6:\"weight\";s:1:\"0\";s:4:\"info\";a:18:{s:4:\"name\";s:5:\"Seven\";s:11:\"description\";s:65:\"A simple one-column, tableless, fluid width administration theme.\";s:7:\"package\";s:4:\"Core\";s:7:\"version\";s:4:\"7.26\";s:4:\"core\";s:3:\"7.x\";s:11:\"stylesheets\";a:1:{s:6:\"screen\";a:2:{s:9:\"reset.css\";s:22:\"themes/seven/reset.css\";s:9:\"style.css\";s:22:\"themes/seven/style.css\";}}s:8:\"settings\";a:1:{s:20:\"shortcut_module_link\";s:1:\"1\";}s:7:\"regions\";a:8:{s:7:\"content\";s:7:\"Content\";s:4:\"help\";s:4:\"Help\";s:8:\"page_top\";s:8:\"Page top\";s:11:\"page_bottom\";s:11:\"Page bottom\";s:13:\"sidebar_first\";s:13:\"First sidebar\";s:14:\"dashboard_main\";s:16:\"Dashboard (main)\";s:17:\"dashboard_sidebar\";s:19:\"Dashboard (sidebar)\";s:18:\"dashboard_inactive\";s:20:\"Dashboard (inactive)\";}s:14:\"regions_hidden\";a:3:{i:0;s:13:\"sidebar_first\";i:1;s:8:\"page_top\";i:2;s:11:\"page_bottom\";}s:7:\"project\";s:6:\"drupal\";s:9:\"datestamp\";s:10:\"1389815930\";s:6:\"engine\";s:11:\"phptemplate\";s:8:\"features\";a:9:{i:0;s:4:\"logo\";i:1;s:7:\"favicon\";i:2;s:4:\"name\";i:3;s:6:\"slogan\";i:4;s:17:\"node_user_picture\";i:5;s:20:\"comment_user_picture\";i:6;s:25:\"comment_user_verification\";i:7;s:9:\"main_menu\";i:8;s:14:\"secondary_menu\";}s:10:\"screenshot\";s:27:\"themes/seven/screenshot.png\";s:3:\"php\";s:5:\"5.2.4\";s:7:\"scripts\";a:0:{}s:15:\"overlay_regions\";a:5:{i:0;s:14:\"dashboard_main\";i:1;s:17:\"dashboard_sidebar\";i:2;s:18:\"dashboard_inactive\";i:3;s:7:\"content\";i:4;s:4:\"help\";}s:28:\"overlay_supplemental_regions\";a:1:{i:0;s:8:\"page_top\";}}s:6:\"prefix\";s:11:\"phptemplate\";s:11:\"stylesheets\";a:1:{s:6:\"screen\";a:2:{s:9:\"reset.css\";s:22:\"themes/seven/reset.css\";s:9:\"style.css\";s:22:\"themes/seven/style.css\";}}s:6:\"engine\";s:11:\"phptemplate\";}}','block_admin_display','a:1:{i:0;s:5:\"seven\";}','',31,5,1,'admin/structure/block','admin/structure/block','Seven','t','','','a:0:{}',132,'','',0,'modules/block/block.admin.inc'),('admin/structure/block/list/seven/add','','','user_access','a:1:{i:0;s:17:\"administer blocks\";}','drupal_get_form','a:1:{i:0;s:20:\"block_add_block_form\";}','',63,6,1,'admin/structure/block/list/seven','admin/structure/block','Add block','t','','','a:0:{}',388,'','',0,'modules/block/block.admin.inc'),('admin/structure/block/list/seven/add-menu-block','','','user_access','a:1:{i:0;s:17:\"administer blocks\";}','drupal_get_form','a:1:{i:0;s:25:\"menu_block_add_block_form\";}','',63,6,1,'admin/structure/block/list/seven','admin/structure/block','Add menu block','t','','','a:0:{}',388,'Add a new menu block.','',0,'sites/all/modules/menu_block/menu_block.admin.inc'),('admin/structure/block/list/skeletontheme','','','_block_themes_access','a:1:{i:0;O:8:\"stdClass\":12:{s:8:\"filename\";s:49:\"sites/all/themes/skeletontheme/skeletontheme.info\";s:4:\"name\";s:13:\"skeletontheme\";s:4:\"type\";s:5:\"theme\";s:5:\"owner\";s:45:\"themes/engines/phptemplate/phptemplate.engine\";s:6:\"status\";s:1:\"1\";s:9:\"bootstrap\";s:1:\"0\";s:14:\"schema_version\";s:2:\"-1\";s:6:\"weight\";s:1:\"0\";s:4:\"info\";a:17:{s:4:\"name\";s:8:\"Skeleton\";s:11:\"description\";s:361:\"Skeleton is a powerful, clean, responsive theme ported to Drupal by <a href=\"http://www.morethanthemes.com/\" target=\"_blank\">More Than (just) Themes</a>. If you like this theme, we encourage you to try also our other <a href=\"http://www.morethanthemes.com\" target=\"_blank\">Premium</a> and <a href=\"http://drupalizing.com\" target=\"_blank\">Free</a> Drupal themes.\";s:7:\"version\";s:7:\"7.x-1.3\";s:4:\"core\";s:3:\"7.x\";s:11:\"stylesheets\";a:1:{s:3:\"all\";a:5:{s:16:\"css/skeleton.css\";s:47:\"sites/all/themes/skeletontheme/css/skeleton.css\";s:13:\"css/style.css\";s:44:\"sites/all/themes/skeletontheme/css/style.css\";s:15:\"css/buttons.css\";s:46:\"sites/all/themes/skeletontheme/css/buttons.css\";s:14:\"css/layout.css\";s:45:\"sites/all/themes/skeletontheme/css/layout.css\";s:16:\"color/colors.css\";s:47:\"sites/all/themes/skeletontheme/color/colors.css\";}}s:7:\"regions\";a:20:{s:15:\"header_top_left\";s:15:\"Header top left\";s:16:\"header_top_right\";s:16:\"Header top right\";s:12:\"header_right\";s:12:\"Header right\";s:6:\"header\";s:6:\"Header\";s:11:\"highlighted\";s:11:\"Highlighted\";s:7:\"content\";s:7:\"Content\";s:13:\"sidebar_first\";s:13:\"Sidebar first\";s:14:\"sidebar_second\";s:14:\"Sidebar second\";s:13:\"featured_left\";s:13:\"Featured left\";s:14:\"featured_right\";s:14:\"Featured right\";s:12:\"footer_first\";s:12:\"Footer first\";s:13:\"footer_second\";s:13:\"Footer second\";s:12:\"footer_third\";s:12:\"Footer third\";s:6:\"footer\";s:6:\"Footer\";s:4:\"help\";s:4:\"Help\";s:8:\"page_top\";s:8:\"Page top\";s:11:\"page_bottom\";s:11:\"Page bottom\";s:14:\"dashboard_main\";s:16:\"Dashboard (main)\";s:17:\"dashboard_sidebar\";s:19:\"Dashboard (sidebar)\";s:18:\"dashboard_inactive\";s:20:\"Dashboard (inactive)\";}s:8:\"settings\";a:3:{s:21:\"responsive_menu_state\";s:1:\"1\";s:27:\"responsive_menu_switchwidth\";s:3:\"760\";s:29:\"responsive_menu_topoptiontext\";s:13:\"Select a page\";}s:7:\"project\";s:13:\"skeletontheme\";s:9:\"datestamp\";s:10:\"1372878953\";s:6:\"engine\";s:11:\"phptemplate\";s:8:\"features\";a:9:{i:0;s:4:\"logo\";i:1;s:7:\"favicon\";i:2;s:4:\"name\";i:3;s:6:\"slogan\";i:4;s:17:\"node_user_picture\";i:5;s:20:\"comment_user_picture\";i:6;s:25:\"comment_user_verification\";i:7;s:9:\"main_menu\";i:8;s:14:\"secondary_menu\";}s:10:\"screenshot\";s:45:\"sites/all/themes/skeletontheme/screenshot.png\";s:3:\"php\";s:5:\"5.2.4\";s:7:\"scripts\";a:0:{}s:15:\"overlay_regions\";a:5:{i:0;s:14:\"dashboard_main\";i:1;s:17:\"dashboard_sidebar\";i:2;s:18:\"dashboard_inactive\";i:3;s:7:\"content\";i:4;s:4:\"help\";}s:14:\"regions_hidden\";a:2:{i:0;s:8:\"page_top\";i:1;s:11:\"page_bottom\";}s:28:\"overlay_supplemental_regions\";a:1:{i:0;s:8:\"page_top\";}}s:6:\"prefix\";s:11:\"phptemplate\";s:11:\"stylesheets\";a:1:{s:3:\"all\";a:5:{s:16:\"css/skeleton.css\";s:47:\"sites/all/themes/skeletontheme/css/skeleton.css\";s:13:\"css/style.css\";s:44:\"sites/all/themes/skeletontheme/css/style.css\";s:15:\"css/buttons.css\";s:46:\"sites/all/themes/skeletontheme/css/buttons.css\";s:14:\"css/layout.css\";s:45:\"sites/all/themes/skeletontheme/css/layout.css\";s:16:\"color/colors.css\";s:47:\"sites/all/themes/skeletontheme/color/colors.css\";}}s:6:\"engine\";s:11:\"phptemplate\";}}','block_admin_display','a:1:{i:0;s:13:\"skeletontheme\";}','',31,5,1,'admin/structure/block','admin/structure/block','Skeleton','t','','','a:0:{}',140,'','',-10,'modules/block/block.admin.inc'),('admin/structure/block/list/stark','','','_block_themes_access','a:1:{i:0;O:8:\"stdClass\":12:{s:8:\"filename\";s:23:\"themes/stark/stark.info\";s:4:\"name\";s:5:\"stark\";s:4:\"type\";s:5:\"theme\";s:5:\"owner\";s:45:\"themes/engines/phptemplate/phptemplate.engine\";s:6:\"status\";s:1:\"0\";s:9:\"bootstrap\";s:1:\"0\";s:14:\"schema_version\";s:2:\"-1\";s:6:\"weight\";s:1:\"0\";s:4:\"info\";a:17:{s:4:\"name\";s:5:\"Stark\";s:11:\"description\";s:208:\"This theme demonstrates Drupal\'s default HTML markup and CSS styles. To learn how to build your own theme and override Drupal\'s default code, see the <a href=\"http://drupal.org/theme-guide\">Theming Guide</a>.\";s:7:\"package\";s:4:\"Core\";s:7:\"version\";s:4:\"7.26\";s:4:\"core\";s:3:\"7.x\";s:11:\"stylesheets\";a:1:{s:3:\"all\";a:1:{s:10:\"layout.css\";s:23:\"themes/stark/layout.css\";}}s:7:\"project\";s:6:\"drupal\";s:9:\"datestamp\";s:10:\"1389815930\";s:6:\"engine\";s:11:\"phptemplate\";s:7:\"regions\";a:12:{s:13:\"sidebar_first\";s:12:\"Left sidebar\";s:14:\"sidebar_second\";s:13:\"Right sidebar\";s:7:\"content\";s:7:\"Content\";s:6:\"header\";s:6:\"Header\";s:6:\"footer\";s:6:\"Footer\";s:11:\"highlighted\";s:11:\"Highlighted\";s:4:\"help\";s:4:\"Help\";s:8:\"page_top\";s:8:\"Page top\";s:11:\"page_bottom\";s:11:\"Page bottom\";s:14:\"dashboard_main\";s:16:\"Dashboard (main)\";s:17:\"dashboard_sidebar\";s:19:\"Dashboard (sidebar)\";s:18:\"dashboard_inactive\";s:20:\"Dashboard (inactive)\";}s:8:\"features\";a:9:{i:0;s:4:\"logo\";i:1;s:7:\"favicon\";i:2;s:4:\"name\";i:3;s:6:\"slogan\";i:4;s:17:\"node_user_picture\";i:5;s:20:\"comment_user_picture\";i:6;s:25:\"comment_user_verification\";i:7;s:9:\"main_menu\";i:8;s:14:\"secondary_menu\";}s:10:\"screenshot\";s:27:\"themes/stark/screenshot.png\";s:3:\"php\";s:5:\"5.2.4\";s:7:\"scripts\";a:0:{}s:15:\"overlay_regions\";a:5:{i:0;s:14:\"dashboard_main\";i:1;s:17:\"dashboard_sidebar\";i:2;s:18:\"dashboard_inactive\";i:3;s:7:\"content\";i:4;s:4:\"help\";}s:14:\"regions_hidden\";a:2:{i:0;s:8:\"page_top\";i:1;s:11:\"page_bottom\";}s:28:\"overlay_supplemental_regions\";a:1:{i:0;s:8:\"page_top\";}}s:6:\"prefix\";s:11:\"phptemplate\";s:11:\"stylesheets\";a:1:{s:3:\"all\";a:1:{s:10:\"layout.css\";s:23:\"themes/stark/layout.css\";}}s:6:\"engine\";s:11:\"phptemplate\";}}','block_admin_display','a:1:{i:0;s:5:\"stark\";}','',31,5,1,'admin/structure/block','admin/structure/block','Stark','t','','','a:0:{}',132,'','',0,'modules/block/block.admin.inc'),('admin/structure/block/list/stark/add','','','user_access','a:1:{i:0;s:17:\"administer blocks\";}','drupal_get_form','a:1:{i:0;s:20:\"block_add_block_form\";}','',63,6,1,'admin/structure/block/list/stark','admin/structure/block','Add block','t','','','a:0:{}',388,'','',0,'modules/block/block.admin.inc'),('admin/structure/block/list/stark/add-menu-block','','','user_access','a:1:{i:0;s:17:\"administer blocks\";}','drupal_get_form','a:1:{i:0;s:25:\"menu_block_add_block_form\";}','',63,6,1,'admin/structure/block/list/stark','admin/structure/block','Add menu block','t','','','a:0:{}',388,'Add a new menu block.','',0,'sites/all/modules/menu_block/menu_block.admin.inc'),('admin/structure/block/manage/%/%','a:2:{i:4;N;i:5;N;}','','user_access','a:1:{i:0;s:17:\"administer blocks\";}','drupal_get_form','a:3:{i:0;s:21:\"block_admin_configure\";i:1;i:4;i:2;i:5;}','',60,6,0,'','admin/structure/block/manage/%/%','Configure block','t','','','a:0:{}',6,'','',0,'modules/block/block.admin.inc'),('admin/structure/block/manage/%/%/configure','a:2:{i:4;N;i:5;N;}','','user_access','a:1:{i:0;s:17:\"administer blocks\";}','drupal_get_form','a:3:{i:0;s:21:\"block_admin_configure\";i:1;i:4;i:2;i:5;}','',121,7,2,'admin/structure/block/manage/%/%','admin/structure/block/manage/%/%','Configure block','t','','','a:0:{}',140,'','',0,'modules/block/block.admin.inc'),('admin/structure/block/manage/%/%/delete','a:2:{i:4;N;i:5;N;}','','user_access','a:1:{i:0;s:17:\"administer blocks\";}','drupal_get_form','a:3:{i:0;s:25:\"block_custom_block_delete\";i:1;i:4;i:2;i:5;}','',121,7,0,'admin/structure/block/manage/%/%','admin/structure/block/manage/%/%','Delete block','t','','','a:0:{}',132,'','',0,'modules/block/block.admin.inc'),('admin/structure/dba','','','user_access','a:1:{i:0;s:19:\"administer database\";}','drupal_get_form','a:1:{i:0;s:18:\"dba_table_overview\";}','',7,3,0,'','admin/structure/dba','Database administration','t','','','a:0:{}',6,'View and edit your site\'s database directly.','',0,'sites/all/modules/dba/dba.admin.inc'),('admin/structure/dba/describe','','','user_access','a:1:{i:0;s:19:\"administer database\";}','drupal_get_form','a:1:{i:0;s:19:\"dba_describe_tables\";}','',15,4,0,'','admin/structure/dba/describe','','t','','','a:0:{}',0,'','',0,'sites/all/modules/dba/dba.admin.inc'),('admin/structure/dba/empty','','','user_access','a:1:{i:0;s:19:\"administer database\";}','drupal_get_form','a:1:{i:0;s:16:\"dba_empty_tables\";}','',15,4,0,'','admin/structure/dba/empty','','t','','','a:0:{}',0,'','',0,'sites/all/modules/dba/dba.admin.inc'),('admin/structure/dba/export','','','user_access','a:1:{i:0;s:19:\"administer database\";}','drupal_get_form','a:1:{i:0;s:17:\"dba_export_tables\";}','',15,4,0,'','admin/structure/dba/export','','t','','','a:0:{}',0,'','',0,'sites/all/modules/dba/dba.admin.inc'),('admin/structure/dba/view','','','user_access','a:1:{i:0;s:19:\"administer database\";}','drupal_get_form','a:1:{i:0;s:15:\"dba_view_tables\";}','',15,4,0,'','admin/structure/dba/view','','t','','','a:0:{}',0,'','',0,'sites/all/modules/dba/dba.admin.inc'),('admin/structure/menu','','','user_access','a:1:{i:0;s:15:\"administer menu\";}','menu_overview_page','a:0:{}','',7,3,0,'','admin/structure/menu','Menus','t','','','a:0:{}',6,'Add new menus to your site, edit existing menus, and rename and reorganize menu links.','',0,'modules/menu/menu.admin.inc'),('admin/structure/menu/add','','','user_access','a:1:{i:0;s:15:\"administer menu\";}','drupal_get_form','a:2:{i:0;s:14:\"menu_edit_menu\";i:1;s:3:\"add\";}','',15,4,1,'admin/structure/menu','admin/structure/menu','Add menu','t','','','a:0:{}',388,'','',0,'modules/menu/menu.admin.inc'),('admin/structure/menu/item/%/delete','a:1:{i:4;s:14:\"menu_link_load\";}','','user_access','a:1:{i:0;s:15:\"administer menu\";}','menu_item_delete_page','a:1:{i:0;i:4;}','',61,6,0,'','admin/structure/menu/item/%/delete','Delete menu link','t','','','a:0:{}',6,'','',0,'modules/menu/menu.admin.inc'),('admin/structure/menu/item/%/edit','a:1:{i:4;s:14:\"menu_link_load\";}','','user_access','a:1:{i:0;s:15:\"administer menu\";}','drupal_get_form','a:4:{i:0;s:14:\"menu_edit_item\";i:1;s:4:\"edit\";i:2;i:4;i:3;N;}','',61,6,0,'','admin/structure/menu/item/%/edit','Edit menu link','t','','','a:0:{}',6,'','',0,'modules/menu/menu.admin.inc'),('admin/structure/menu/item/%/reset','a:1:{i:4;s:14:\"menu_link_load\";}','','user_access','a:1:{i:0;s:15:\"administer menu\";}','drupal_get_form','a:2:{i:0;s:23:\"menu_reset_item_confirm\";i:1;i:4;}','',61,6,0,'','admin/structure/menu/item/%/reset','Reset menu link','t','','','a:0:{}',6,'','',0,'modules/menu/menu.admin.inc'),('admin/structure/menu/list','','','user_access','a:1:{i:0;s:15:\"administer menu\";}','menu_overview_page','a:0:{}','',15,4,1,'admin/structure/menu','admin/structure/menu','List menus','t','','','a:0:{}',140,'','',-10,'modules/menu/menu.admin.inc'),('admin/structure/menu/manage/%','a:1:{i:4;s:9:\"menu_load\";}','','user_access','a:1:{i:0;s:15:\"administer menu\";}','drupal_get_form','a:2:{i:0;s:18:\"menu_overview_form\";i:1;i:4;}','',30,5,0,'','admin/structure/menu/manage/%','Customize menu','menu_overview_title','a:1:{i:0;i:4;}','','a:0:{}',6,'','',0,'modules/menu/menu.admin.inc'),('admin/structure/menu/manage/%/add','a:1:{i:4;s:9:\"menu_load\";}','','user_access','a:1:{i:0;s:15:\"administer menu\";}','drupal_get_form','a:4:{i:0;s:14:\"menu_edit_item\";i:1;s:3:\"add\";i:2;N;i:3;i:4;}','',61,6,1,'admin/structure/menu/manage/%','admin/structure/menu/manage/%','Add link','t','','','a:0:{}',388,'','',0,'modules/menu/menu.admin.inc'),('admin/structure/menu/manage/%/delete','a:1:{i:4;s:9:\"menu_load\";}','','user_access','a:1:{i:0;s:15:\"administer menu\";}','menu_delete_menu_page','a:1:{i:0;i:4;}','',61,6,0,'','admin/structure/menu/manage/%/delete','Delete menu','t','','','a:0:{}',6,'','',0,'modules/menu/menu.admin.inc'),('admin/structure/menu/manage/%/edit','a:1:{i:4;s:9:\"menu_load\";}','','user_access','a:1:{i:0;s:15:\"administer menu\";}','drupal_get_form','a:3:{i:0;s:14:\"menu_edit_menu\";i:1;s:4:\"edit\";i:2;i:4;}','',61,6,3,'admin/structure/menu/manage/%','admin/structure/menu/manage/%','Edit menu','t','','','a:0:{}',132,'','',0,'modules/menu/menu.admin.inc'),('admin/structure/menu/manage/%/list','a:1:{i:4;s:9:\"menu_load\";}','','user_access','a:1:{i:0;s:15:\"administer menu\";}','drupal_get_form','a:2:{i:0;s:18:\"menu_overview_form\";i:1;i:4;}','',61,6,3,'admin/structure/menu/manage/%','admin/structure/menu/manage/%','List links','t','','','a:0:{}',140,'','',-10,'modules/menu/menu.admin.inc'),('admin/structure/menu/parents','','','user_access','a:1:{i:0;b:1;}','menu_parent_options_js','a:0:{}','',15,4,0,'','admin/structure/menu/parents','Parent menu items','t','','','a:0:{}',0,'','',0,''),('admin/structure/menu/settings','','','user_access','a:1:{i:0;s:15:\"administer menu\";}','drupal_get_form','a:1:{i:0;s:14:\"menu_configure\";}','',15,4,1,'admin/structure/menu','admin/structure/menu','Settings','t','','','a:0:{}',132,'','',5,'modules/menu/menu.admin.inc'),('admin/structure/taxonomy','','','user_access','a:1:{i:0;s:19:\"administer taxonomy\";}','drupal_get_form','a:1:{i:0;s:30:\"taxonomy_overview_vocabularies\";}','',7,3,0,'','admin/structure/taxonomy','Taxonomy','t','','','a:0:{}',6,'Manage tagging, categorization, and classification of your content.','',0,'modules/taxonomy/taxonomy.admin.inc'),('admin/structure/taxonomy/%','a:1:{i:3;s:37:\"taxonomy_vocabulary_machine_name_load\";}','','user_access','a:1:{i:0;s:19:\"administer taxonomy\";}','drupal_get_form','a:2:{i:0;s:23:\"taxonomy_overview_terms\";i:1;i:3;}','',14,4,0,'','admin/structure/taxonomy/%','','entity_label','a:2:{i:0;s:19:\"taxonomy_vocabulary\";i:1;i:3;}','','a:0:{}',6,'','',0,'modules/taxonomy/taxonomy.admin.inc'),('admin/structure/taxonomy/%/add','a:1:{i:3;s:37:\"taxonomy_vocabulary_machine_name_load\";}','','user_access','a:1:{i:0;s:19:\"administer taxonomy\";}','drupal_get_form','a:3:{i:0;s:18:\"taxonomy_form_term\";i:1;a:0:{}i:2;i:3;}','',29,5,1,'admin/structure/taxonomy/%','admin/structure/taxonomy/%','Add term','t','','','a:0:{}',388,'','',0,'modules/taxonomy/taxonomy.admin.inc'),('admin/structure/taxonomy/%/display','a:1:{i:3;s:37:\"taxonomy_vocabulary_machine_name_load\";}','','user_access','a:1:{i:0;s:19:\"administer taxonomy\";}','drupal_get_form','a:4:{i:0;s:30:\"field_ui_display_overview_form\";i:1;s:13:\"taxonomy_term\";i:2;i:3;i:3;s:7:\"default\";}','',29,5,1,'admin/structure/taxonomy/%','admin/structure/taxonomy/%','Manage display','t','','','a:0:{}',132,'','',2,'modules/field_ui/field_ui.admin.inc'),('admin/structure/taxonomy/%/display/default','a:1:{i:3;s:37:\"taxonomy_vocabulary_machine_name_load\";}','','_field_ui_view_mode_menu_access','a:5:{i:0;s:13:\"taxonomy_term\";i:1;i:3;i:2;s:7:\"default\";i:3;s:11:\"user_access\";i:4;s:19:\"administer taxonomy\";}','drupal_get_form','a:4:{i:0;s:30:\"field_ui_display_overview_form\";i:1;s:13:\"taxonomy_term\";i:2;i:3;i:3;s:7:\"default\";}','',59,6,1,'admin/structure/taxonomy/%/display','admin/structure/taxonomy/%','Default','t','','','a:0:{}',140,'','',-10,'modules/field_ui/field_ui.admin.inc'),('admin/structure/taxonomy/%/display/full','a:1:{i:3;s:37:\"taxonomy_vocabulary_machine_name_load\";}','','_field_ui_view_mode_menu_access','a:5:{i:0;s:13:\"taxonomy_term\";i:1;i:3;i:2;s:4:\"full\";i:3;s:11:\"user_access\";i:4;s:19:\"administer taxonomy\";}','drupal_get_form','a:4:{i:0;s:30:\"field_ui_display_overview_form\";i:1;s:13:\"taxonomy_term\";i:2;i:3;i:3;s:4:\"full\";}','',59,6,1,'admin/structure/taxonomy/%/display','admin/structure/taxonomy/%','Taxonomy term page','t','','','a:0:{}',132,'','',0,'modules/field_ui/field_ui.admin.inc'),('admin/structure/taxonomy/%/edit','a:1:{i:3;s:37:\"taxonomy_vocabulary_machine_name_load\";}','','user_access','a:1:{i:0;s:19:\"administer taxonomy\";}','drupal_get_form','a:2:{i:0;s:24:\"taxonomy_form_vocabulary\";i:1;i:3;}','',29,5,1,'admin/structure/taxonomy/%','admin/structure/taxonomy/%','Edit','t','','','a:0:{}',132,'','',-10,'modules/taxonomy/taxonomy.admin.inc'),('admin/structure/taxonomy/%/fields','a:1:{i:3;s:37:\"taxonomy_vocabulary_machine_name_load\";}','','user_access','a:1:{i:0;s:19:\"administer taxonomy\";}','drupal_get_form','a:3:{i:0;s:28:\"field_ui_field_overview_form\";i:1;s:13:\"taxonomy_term\";i:2;i:3;}','',29,5,1,'admin/structure/taxonomy/%','admin/structure/taxonomy/%','Manage fields','t','','','a:0:{}',132,'','',1,'modules/field_ui/field_ui.admin.inc'),('admin/structure/taxonomy/%/fields/%','a:2:{i:3;a:1:{s:37:\"taxonomy_vocabulary_machine_name_load\";a:4:{i:0;s:13:\"taxonomy_term\";i:1;i:3;i:2;s:1:\"3\";i:3;s:4:\"%map\";}}i:5;a:1:{s:18:\"field_ui_menu_load\";a:4:{i:0;s:13:\"taxonomy_term\";i:1;i:3;i:2;s:1:\"3\";i:3;s:4:\"%map\";}}}','','user_access','a:1:{i:0;s:19:\"administer taxonomy\";}','drupal_get_form','a:2:{i:0;s:24:\"field_ui_field_edit_form\";i:1;i:5;}','',58,6,0,'','admin/structure/taxonomy/%/fields/%','','field_ui_menu_title','a:1:{i:0;i:5;}','','a:0:{}',6,'','',0,'modules/field_ui/field_ui.admin.inc'),('admin/structure/taxonomy/%/fields/%/delete','a:2:{i:3;a:1:{s:37:\"taxonomy_vocabulary_machine_name_load\";a:4:{i:0;s:13:\"taxonomy_term\";i:1;i:3;i:2;s:1:\"3\";i:3;s:4:\"%map\";}}i:5;a:1:{s:18:\"field_ui_menu_load\";a:4:{i:0;s:13:\"taxonomy_term\";i:1;i:3;i:2;s:1:\"3\";i:3;s:4:\"%map\";}}}','','user_access','a:1:{i:0;s:19:\"administer taxonomy\";}','drupal_get_form','a:2:{i:0;s:26:\"field_ui_field_delete_form\";i:1;i:5;}','',117,7,1,'admin/structure/taxonomy/%/fields/%','admin/structure/taxonomy/%/fields/%','Delete','t','','','a:0:{}',132,'','',10,'modules/field_ui/field_ui.admin.inc'),('admin/structure/taxonomy/%/fields/%/edit','a:2:{i:3;a:1:{s:37:\"taxonomy_vocabulary_machine_name_load\";a:4:{i:0;s:13:\"taxonomy_term\";i:1;i:3;i:2;s:1:\"3\";i:3;s:4:\"%map\";}}i:5;a:1:{s:18:\"field_ui_menu_load\";a:4:{i:0;s:13:\"taxonomy_term\";i:1;i:3;i:2;s:1:\"3\";i:3;s:4:\"%map\";}}}','','user_access','a:1:{i:0;s:19:\"administer taxonomy\";}','drupal_get_form','a:2:{i:0;s:24:\"field_ui_field_edit_form\";i:1;i:5;}','',117,7,1,'admin/structure/taxonomy/%/fields/%','admin/structure/taxonomy/%/fields/%','Edit','t','','','a:0:{}',140,'','',0,'modules/field_ui/field_ui.admin.inc'),('admin/structure/taxonomy/%/fields/%/field-settings','a:2:{i:3;a:1:{s:37:\"taxonomy_vocabulary_machine_name_load\";a:4:{i:0;s:13:\"taxonomy_term\";i:1;i:3;i:2;s:1:\"3\";i:3;s:4:\"%map\";}}i:5;a:1:{s:18:\"field_ui_menu_load\";a:4:{i:0;s:13:\"taxonomy_term\";i:1;i:3;i:2;s:1:\"3\";i:3;s:4:\"%map\";}}}','','user_access','a:1:{i:0;s:19:\"administer taxonomy\";}','drupal_get_form','a:2:{i:0;s:28:\"field_ui_field_settings_form\";i:1;i:5;}','',117,7,1,'admin/structure/taxonomy/%/fields/%','admin/structure/taxonomy/%/fields/%','Field settings','t','','','a:0:{}',132,'','',0,'modules/field_ui/field_ui.admin.inc'),('admin/structure/taxonomy/%/fields/%/widget-type','a:2:{i:3;a:1:{s:37:\"taxonomy_vocabulary_machine_name_load\";a:4:{i:0;s:13:\"taxonomy_term\";i:1;i:3;i:2;s:1:\"3\";i:3;s:4:\"%map\";}}i:5;a:1:{s:18:\"field_ui_menu_load\";a:4:{i:0;s:13:\"taxonomy_term\";i:1;i:3;i:2;s:1:\"3\";i:3;s:4:\"%map\";}}}','','user_access','a:1:{i:0;s:19:\"administer taxonomy\";}','drupal_get_form','a:2:{i:0;s:25:\"field_ui_widget_type_form\";i:1;i:5;}','',117,7,1,'admin/structure/taxonomy/%/fields/%','admin/structure/taxonomy/%/fields/%','Widget type','t','','','a:0:{}',132,'','',0,'modules/field_ui/field_ui.admin.inc'),('admin/structure/taxonomy/%/list','a:1:{i:3;s:37:\"taxonomy_vocabulary_machine_name_load\";}','','user_access','a:1:{i:0;s:19:\"administer taxonomy\";}','drupal_get_form','a:2:{i:0;s:23:\"taxonomy_overview_terms\";i:1;i:3;}','',29,5,1,'admin/structure/taxonomy/%','admin/structure/taxonomy/%','List','t','','','a:0:{}',140,'','',-20,'modules/taxonomy/taxonomy.admin.inc'),('admin/structure/taxonomy/add','','','user_access','a:1:{i:0;s:19:\"administer taxonomy\";}','drupal_get_form','a:1:{i:0;s:24:\"taxonomy_form_vocabulary\";}','',15,4,1,'admin/structure/taxonomy','admin/structure/taxonomy','Add vocabulary','t','','','a:0:{}',388,'','',0,'modules/taxonomy/taxonomy.admin.inc'),('admin/structure/taxonomy/list','','','user_access','a:1:{i:0;s:19:\"administer taxonomy\";}','drupal_get_form','a:1:{i:0;s:30:\"taxonomy_overview_vocabularies\";}','',15,4,1,'admin/structure/taxonomy','admin/structure/taxonomy','List','t','','','a:0:{}',140,'','',-10,'modules/taxonomy/taxonomy.admin.inc'),('admin/structure/types','','','user_access','a:1:{i:0;s:24:\"administer content types\";}','node_overview_types','a:0:{}','',7,3,0,'','admin/structure/types','Content types','t','','','a:0:{}',6,'Manage content types, including default status, front page promotion, comment settings, etc.','',0,'modules/node/content_types.inc'),('admin/structure/types/add','','','user_access','a:1:{i:0;s:24:\"administer content types\";}','drupal_get_form','a:1:{i:0;s:14:\"node_type_form\";}','',15,4,1,'admin/structure/types','admin/structure/types','Add content type','t','','','a:0:{}',388,'','',0,'modules/node/content_types.inc'),('admin/structure/types/list','','','user_access','a:1:{i:0;s:24:\"administer content types\";}','node_overview_types','a:0:{}','',15,4,1,'admin/structure/types','admin/structure/types','List','t','','','a:0:{}',140,'','',-10,'modules/node/content_types.inc'),('admin/structure/types/manage/%','a:1:{i:4;s:14:\"node_type_load\";}','','user_access','a:1:{i:0;s:24:\"administer content types\";}','drupal_get_form','a:2:{i:0;s:14:\"node_type_form\";i:1;i:4;}','',30,5,0,'','admin/structure/types/manage/%','Edit content type','node_type_page_title','a:1:{i:0;i:4;}','','a:0:{}',6,'','',0,'modules/node/content_types.inc'),('admin/structure/types/manage/%/comment/display','a:1:{i:4;s:22:\"comment_node_type_load\";}','','user_access','a:1:{i:0;s:24:\"administer content types\";}','drupal_get_form','a:4:{i:0;s:30:\"field_ui_display_overview_form\";i:1;s:7:\"comment\";i:2;i:4;i:3;s:7:\"default\";}','',123,7,1,'admin/structure/types/manage/%','admin/structure/types/manage/%','Comment display','t','','','a:0:{}',132,'','',4,'modules/field_ui/field_ui.admin.inc'),('admin/structure/types/manage/%/comment/display/default','a:1:{i:4;s:22:\"comment_node_type_load\";}','','_field_ui_view_mode_menu_access','a:5:{i:0;s:7:\"comment\";i:1;i:4;i:2;s:7:\"default\";i:3;s:11:\"user_access\";i:4;s:24:\"administer content types\";}','drupal_get_form','a:4:{i:0;s:30:\"field_ui_display_overview_form\";i:1;s:7:\"comment\";i:2;i:4;i:3;s:7:\"default\";}','',247,8,1,'admin/structure/types/manage/%/comment/display','admin/structure/types/manage/%','Default','t','','','a:0:{}',140,'','',-10,'modules/field_ui/field_ui.admin.inc'),('admin/structure/types/manage/%/comment/display/full','a:1:{i:4;s:22:\"comment_node_type_load\";}','','_field_ui_view_mode_menu_access','a:5:{i:0;s:7:\"comment\";i:1;i:4;i:2;s:4:\"full\";i:3;s:11:\"user_access\";i:4;s:24:\"administer content types\";}','drupal_get_form','a:4:{i:0;s:30:\"field_ui_display_overview_form\";i:1;s:7:\"comment\";i:2;i:4;i:3;s:4:\"full\";}','',247,8,1,'admin/structure/types/manage/%/comment/display','admin/structure/types/manage/%','Full comment','t','','','a:0:{}',132,'','',0,'modules/field_ui/field_ui.admin.inc'),('admin/structure/types/manage/%/comment/fields','a:1:{i:4;s:22:\"comment_node_type_load\";}','','user_access','a:1:{i:0;s:24:\"administer content types\";}','drupal_get_form','a:3:{i:0;s:28:\"field_ui_field_overview_form\";i:1;s:7:\"comment\";i:2;i:4;}','',123,7,1,'admin/structure/types/manage/%','admin/structure/types/manage/%','Comment fields','t','','','a:0:{}',132,'','',3,'modules/field_ui/field_ui.admin.inc'),('admin/structure/types/manage/%/comment/fields/%','a:2:{i:4;a:1:{s:22:\"comment_node_type_load\";a:4:{i:0;s:7:\"comment\";i:1;i:4;i:2;s:1:\"4\";i:3;s:4:\"%map\";}}i:7;a:1:{s:18:\"field_ui_menu_load\";a:4:{i:0;s:7:\"comment\";i:1;i:4;i:2;s:1:\"4\";i:3;s:4:\"%map\";}}}','','user_access','a:1:{i:0;s:24:\"administer content types\";}','drupal_get_form','a:2:{i:0;s:24:\"field_ui_field_edit_form\";i:1;i:7;}','',246,8,0,'','admin/structure/types/manage/%/comment/fields/%','','field_ui_menu_title','a:1:{i:0;i:7;}','','a:0:{}',6,'','',0,'modules/field_ui/field_ui.admin.inc'),('admin/structure/types/manage/%/comment/fields/%/delete','a:2:{i:4;a:1:{s:22:\"comment_node_type_load\";a:4:{i:0;s:7:\"comment\";i:1;i:4;i:2;s:1:\"4\";i:3;s:4:\"%map\";}}i:7;a:1:{s:18:\"field_ui_menu_load\";a:4:{i:0;s:7:\"comment\";i:1;i:4;i:2;s:1:\"4\";i:3;s:4:\"%map\";}}}','','user_access','a:1:{i:0;s:24:\"administer content types\";}','drupal_get_form','a:2:{i:0;s:26:\"field_ui_field_delete_form\";i:1;i:7;}','',493,9,1,'admin/structure/types/manage/%/comment/fields/%','admin/structure/types/manage/%/comment/fields/%','Delete','t','','','a:0:{}',132,'','',10,'modules/field_ui/field_ui.admin.inc'),('admin/structure/types/manage/%/comment/fields/%/edit','a:2:{i:4;a:1:{s:22:\"comment_node_type_load\";a:4:{i:0;s:7:\"comment\";i:1;i:4;i:2;s:1:\"4\";i:3;s:4:\"%map\";}}i:7;a:1:{s:18:\"field_ui_menu_load\";a:4:{i:0;s:7:\"comment\";i:1;i:4;i:2;s:1:\"4\";i:3;s:4:\"%map\";}}}','','user_access','a:1:{i:0;s:24:\"administer content types\";}','drupal_get_form','a:2:{i:0;s:24:\"field_ui_field_edit_form\";i:1;i:7;}','',493,9,1,'admin/structure/types/manage/%/comment/fields/%','admin/structure/types/manage/%/comment/fields/%','Edit','t','','','a:0:{}',140,'','',0,'modules/field_ui/field_ui.admin.inc'),('admin/structure/types/manage/%/comment/fields/%/field-settings','a:2:{i:4;a:1:{s:22:\"comment_node_type_load\";a:4:{i:0;s:7:\"comment\";i:1;i:4;i:2;s:1:\"4\";i:3;s:4:\"%map\";}}i:7;a:1:{s:18:\"field_ui_menu_load\";a:4:{i:0;s:7:\"comment\";i:1;i:4;i:2;s:1:\"4\";i:3;s:4:\"%map\";}}}','','user_access','a:1:{i:0;s:24:\"administer content types\";}','drupal_get_form','a:2:{i:0;s:28:\"field_ui_field_settings_form\";i:1;i:7;}','',493,9,1,'admin/structure/types/manage/%/comment/fields/%','admin/structure/types/manage/%/comment/fields/%','Field settings','t','','','a:0:{}',132,'','',0,'modules/field_ui/field_ui.admin.inc'),('admin/structure/types/manage/%/comment/fields/%/widget-type','a:2:{i:4;a:1:{s:22:\"comment_node_type_load\";a:4:{i:0;s:7:\"comment\";i:1;i:4;i:2;s:1:\"4\";i:3;s:4:\"%map\";}}i:7;a:1:{s:18:\"field_ui_menu_load\";a:4:{i:0;s:7:\"comment\";i:1;i:4;i:2;s:1:\"4\";i:3;s:4:\"%map\";}}}','','user_access','a:1:{i:0;s:24:\"administer content types\";}','drupal_get_form','a:2:{i:0;s:25:\"field_ui_widget_type_form\";i:1;i:7;}','',493,9,1,'admin/structure/types/manage/%/comment/fields/%','admin/structure/types/manage/%/comment/fields/%','Widget type','t','','','a:0:{}',132,'','',0,'modules/field_ui/field_ui.admin.inc'),('admin/structure/types/manage/%/delete','a:1:{i:4;s:14:\"node_type_load\";}','','user_access','a:1:{i:0;s:24:\"administer content types\";}','drupal_get_form','a:2:{i:0;s:24:\"node_type_delete_confirm\";i:1;i:4;}','',61,6,0,'','admin/structure/types/manage/%/delete','Delete','t','','','a:0:{}',6,'','',0,'modules/node/content_types.inc'),('admin/structure/types/manage/%/display','a:1:{i:4;s:14:\"node_type_load\";}','','user_access','a:1:{i:0;s:24:\"administer content types\";}','drupal_get_form','a:4:{i:0;s:30:\"field_ui_display_overview_form\";i:1;s:4:\"node\";i:2;i:4;i:3;s:7:\"default\";}','',61,6,1,'admin/structure/types/manage/%','admin/structure/types/manage/%','Manage display','t','','','a:0:{}',132,'','',2,'modules/field_ui/field_ui.admin.inc'),('admin/structure/types/manage/%/display/default','a:1:{i:4;s:14:\"node_type_load\";}','','_field_ui_view_mode_menu_access','a:5:{i:0;s:4:\"node\";i:1;i:4;i:2;s:7:\"default\";i:3;s:11:\"user_access\";i:4;s:24:\"administer content types\";}','drupal_get_form','a:4:{i:0;s:30:\"field_ui_display_overview_form\";i:1;s:4:\"node\";i:2;i:4;i:3;s:7:\"default\";}','',123,7,1,'admin/structure/types/manage/%/display','admin/structure/types/manage/%','Default','t','','','a:0:{}',140,'','',-10,'modules/field_ui/field_ui.admin.inc'),('admin/structure/types/manage/%/display/full','a:1:{i:4;s:14:\"node_type_load\";}','','_field_ui_view_mode_menu_access','a:5:{i:0;s:4:\"node\";i:1;i:4;i:2;s:4:\"full\";i:3;s:11:\"user_access\";i:4;s:24:\"administer content types\";}','drupal_get_form','a:4:{i:0;s:30:\"field_ui_display_overview_form\";i:1;s:4:\"node\";i:2;i:4;i:3;s:4:\"full\";}','',123,7,1,'admin/structure/types/manage/%/display','admin/structure/types/manage/%','Full content','t','','','a:0:{}',132,'','',0,'modules/field_ui/field_ui.admin.inc'),('admin/structure/types/manage/%/display/rss','a:1:{i:4;s:14:\"node_type_load\";}','','_field_ui_view_mode_menu_access','a:5:{i:0;s:4:\"node\";i:1;i:4;i:2;s:3:\"rss\";i:3;s:11:\"user_access\";i:4;s:24:\"administer content types\";}','drupal_get_form','a:4:{i:0;s:30:\"field_ui_display_overview_form\";i:1;s:4:\"node\";i:2;i:4;i:3;s:3:\"rss\";}','',123,7,1,'admin/structure/types/manage/%/display','admin/structure/types/manage/%','RSS','t','','','a:0:{}',132,'','',2,'modules/field_ui/field_ui.admin.inc'),('admin/structure/types/manage/%/display/search_index','a:1:{i:4;s:14:\"node_type_load\";}','','_field_ui_view_mode_menu_access','a:5:{i:0;s:4:\"node\";i:1;i:4;i:2;s:12:\"search_index\";i:3;s:11:\"user_access\";i:4;s:24:\"administer content types\";}','drupal_get_form','a:4:{i:0;s:30:\"field_ui_display_overview_form\";i:1;s:4:\"node\";i:2;i:4;i:3;s:12:\"search_index\";}','',123,7,1,'admin/structure/types/manage/%/display','admin/structure/types/manage/%','Search index','t','','','a:0:{}',132,'','',3,'modules/field_ui/field_ui.admin.inc'),('admin/structure/types/manage/%/display/search_result','a:1:{i:4;s:14:\"node_type_load\";}','','_field_ui_view_mode_menu_access','a:5:{i:0;s:4:\"node\";i:1;i:4;i:2;s:13:\"search_result\";i:3;s:11:\"user_access\";i:4;s:24:\"administer content types\";}','drupal_get_form','a:4:{i:0;s:30:\"field_ui_display_overview_form\";i:1;s:4:\"node\";i:2;i:4;i:3;s:13:\"search_result\";}','',123,7,1,'admin/structure/types/manage/%/display','admin/structure/types/manage/%','Search result','t','','','a:0:{}',132,'','',4,'modules/field_ui/field_ui.admin.inc'),('admin/structure/types/manage/%/display/teaser','a:1:{i:4;s:14:\"node_type_load\";}','','_field_ui_view_mode_menu_access','a:5:{i:0;s:4:\"node\";i:1;i:4;i:2;s:6:\"teaser\";i:3;s:11:\"user_access\";i:4;s:24:\"administer content types\";}','drupal_get_form','a:4:{i:0;s:30:\"field_ui_display_overview_form\";i:1;s:4:\"node\";i:2;i:4;i:3;s:6:\"teaser\";}','',123,7,1,'admin/structure/types/manage/%/display','admin/structure/types/manage/%','Teaser','t','','','a:0:{}',132,'','',1,'modules/field_ui/field_ui.admin.inc'),('admin/structure/types/manage/%/edit','a:1:{i:4;s:14:\"node_type_load\";}','','user_access','a:1:{i:0;s:24:\"administer content types\";}','drupal_get_form','a:2:{i:0;s:14:\"node_type_form\";i:1;i:4;}','',61,6,1,'admin/structure/types/manage/%','admin/structure/types/manage/%','Edit','t','','','a:0:{}',140,'','',0,'modules/node/content_types.inc'),('admin/structure/types/manage/%/fields','a:1:{i:4;s:14:\"node_type_load\";}','','user_access','a:1:{i:0;s:24:\"administer content types\";}','drupal_get_form','a:3:{i:0;s:28:\"field_ui_field_overview_form\";i:1;s:4:\"node\";i:2;i:4;}','',61,6,1,'admin/structure/types/manage/%','admin/structure/types/manage/%','Manage fields','t','','','a:0:{}',132,'','',1,'modules/field_ui/field_ui.admin.inc'),('admin/structure/types/manage/%/fields/%','a:2:{i:4;a:1:{s:14:\"node_type_load\";a:4:{i:0;s:4:\"node\";i:1;i:4;i:2;s:1:\"4\";i:3;s:4:\"%map\";}}i:6;a:1:{s:18:\"field_ui_menu_load\";a:4:{i:0;s:4:\"node\";i:1;i:4;i:2;s:1:\"4\";i:3;s:4:\"%map\";}}}','','user_access','a:1:{i:0;s:24:\"administer content types\";}','drupal_get_form','a:2:{i:0;s:24:\"field_ui_field_edit_form\";i:1;i:6;}','',122,7,0,'','admin/structure/types/manage/%/fields/%','','field_ui_menu_title','a:1:{i:0;i:6;}','','a:0:{}',6,'','',0,'modules/field_ui/field_ui.admin.inc'),('admin/structure/types/manage/%/fields/%/delete','a:2:{i:4;a:1:{s:14:\"node_type_load\";a:4:{i:0;s:4:\"node\";i:1;i:4;i:2;s:1:\"4\";i:3;s:4:\"%map\";}}i:6;a:1:{s:18:\"field_ui_menu_load\";a:4:{i:0;s:4:\"node\";i:1;i:4;i:2;s:1:\"4\";i:3;s:4:\"%map\";}}}','','user_access','a:1:{i:0;s:24:\"administer content types\";}','drupal_get_form','a:2:{i:0;s:26:\"field_ui_field_delete_form\";i:1;i:6;}','',245,8,1,'admin/structure/types/manage/%/fields/%','admin/structure/types/manage/%/fields/%','Delete','t','','','a:0:{}',132,'','',10,'modules/field_ui/field_ui.admin.inc'),('admin/structure/types/manage/%/fields/%/edit','a:2:{i:4;a:1:{s:14:\"node_type_load\";a:4:{i:0;s:4:\"node\";i:1;i:4;i:2;s:1:\"4\";i:3;s:4:\"%map\";}}i:6;a:1:{s:18:\"field_ui_menu_load\";a:4:{i:0;s:4:\"node\";i:1;i:4;i:2;s:1:\"4\";i:3;s:4:\"%map\";}}}','','user_access','a:1:{i:0;s:24:\"administer content types\";}','drupal_get_form','a:2:{i:0;s:24:\"field_ui_field_edit_form\";i:1;i:6;}','',245,8,1,'admin/structure/types/manage/%/fields/%','admin/structure/types/manage/%/fields/%','Edit','t','','','a:0:{}',140,'','',0,'modules/field_ui/field_ui.admin.inc'),('admin/structure/types/manage/%/fields/%/field-settings','a:2:{i:4;a:1:{s:14:\"node_type_load\";a:4:{i:0;s:4:\"node\";i:1;i:4;i:2;s:1:\"4\";i:3;s:4:\"%map\";}}i:6;a:1:{s:18:\"field_ui_menu_load\";a:4:{i:0;s:4:\"node\";i:1;i:4;i:2;s:1:\"4\";i:3;s:4:\"%map\";}}}','','user_access','a:1:{i:0;s:24:\"administer content types\";}','drupal_get_form','a:2:{i:0;s:28:\"field_ui_field_settings_form\";i:1;i:6;}','',245,8,1,'admin/structure/types/manage/%/fields/%','admin/structure/types/manage/%/fields/%','Field settings','t','','','a:0:{}',132,'','',0,'modules/field_ui/field_ui.admin.inc'),('admin/structure/types/manage/%/fields/%/widget-type','a:2:{i:4;a:1:{s:14:\"node_type_load\";a:4:{i:0;s:4:\"node\";i:1;i:4;i:2;s:1:\"4\";i:3;s:4:\"%map\";}}i:6;a:1:{s:18:\"field_ui_menu_load\";a:4:{i:0;s:4:\"node\";i:1;i:4;i:2;s:1:\"4\";i:3;s:4:\"%map\";}}}','','user_access','a:1:{i:0;s:24:\"administer content types\";}','drupal_get_form','a:2:{i:0;s:25:\"field_ui_widget_type_form\";i:1;i:6;}','',245,8,1,'admin/structure/types/manage/%/fields/%','admin/structure/types/manage/%/fields/%','Widget type','t','','','a:0:{}',132,'','',0,'modules/field_ui/field_ui.admin.inc'),('admin/tasks','','','user_access','a:1:{i:0;s:27:\"access administration pages\";}','system_admin_menu_block_page','a:0:{}','',3,2,1,'admin','admin','Tasks','t','','','a:0:{}',140,'','',-20,'modules/system/system.admin.inc'),('admin/update/ready','','','update_manager_access','a:0:{}','drupal_get_form','a:1:{i:0;s:32:\"update_manager_update_ready_form\";}','',7,3,0,'','admin/update/ready','Ready to update','t','','','a:0:{}',0,'','',0,'modules/update/update.manager.inc'),('batch','','','1','a:0:{}','system_batch_page','a:0:{}','',1,1,0,'','batch','','t','','_system_batch_theme','a:0:{}',0,'','',0,'modules/system/system.admin.inc'),('comment/%','a:1:{i:1;N;}','','user_access','a:1:{i:0;s:15:\"access comments\";}','comment_permalink','a:1:{i:0;i:1;}','',2,2,0,'','comment/%','Comment permalink','t','','','a:0:{}',6,'','',0,''),('comment/%/approve','a:1:{i:1;N;}','','user_access','a:1:{i:0;s:19:\"administer comments\";}','comment_approve','a:1:{i:0;i:1;}','',5,3,0,'','comment/%/approve','Approve','t','','','a:0:{}',6,'','',1,'modules/comment/comment.pages.inc'),('comment/%/delete','a:1:{i:1;N;}','','user_access','a:1:{i:0;s:19:\"administer comments\";}','comment_confirm_delete_page','a:1:{i:0;i:1;}','',5,3,1,'comment/%','comment/%','Delete','t','','','a:0:{}',132,'','',2,'modules/comment/comment.admin.inc'),('comment/%/edit','a:1:{i:1;s:12:\"comment_load\";}','','comment_access','a:2:{i:0;s:4:\"edit\";i:1;i:1;}','comment_edit_page','a:1:{i:0;i:1;}','',5,3,1,'comment/%','comment/%','Edit','t','','','a:0:{}',132,'','',0,''),('comment/%/view','a:1:{i:1;N;}','','user_access','a:1:{i:0;s:15:\"access comments\";}','comment_permalink','a:1:{i:0;i:1;}','',5,3,1,'comment/%','comment/%','View comment','t','','','a:0:{}',140,'','',-10,''),('comment/reply/%','a:1:{i:2;s:9:\"node_load\";}','','node_access','a:2:{i:0;s:4:\"view\";i:1;i:2;}','comment_reply','a:1:{i:0;i:2;}','',6,3,0,'','comment/reply/%','Add new comment','t','','','a:0:{}',6,'','',0,'modules/comment/comment.pages.inc'),('file/ajax','','','user_access','a:1:{i:0;s:14:\"access content\";}','file_ajax_upload','a:0:{}','ajax_deliver',3,2,0,'','file/ajax','','t','','ajax_base_page_theme','a:0:{}',0,'','',0,''),('file/progress','','','user_access','a:1:{i:0;s:14:\"access content\";}','file_ajax_progress','a:0:{}','',3,2,0,'','file/progress','','t','','ajax_base_page_theme','a:0:{}',0,'','',0,''),('filter/tips','','','1','a:0:{}','filter_tips_long','a:0:{}','',3,2,0,'','filter/tips','Compose tips','t','','','a:0:{}',20,'','',0,'modules/filter/filter.pages.inc'),('node','','','user_access','a:1:{i:0;s:14:\"access content\";}','node_page_default','a:0:{}','',1,1,0,'','node','','t','','','a:0:{}',0,'','',0,''),('node/%','a:1:{i:1;s:9:\"node_load\";}','','node_access','a:2:{i:0;s:4:\"view\";i:1;i:1;}','node_page_view','a:1:{i:0;i:1;}','',2,2,0,'','node/%','','node_page_title','a:1:{i:0;i:1;}','','a:0:{}',6,'','',0,''),('node/%/delete','a:1:{i:1;s:9:\"node_load\";}','','node_access','a:2:{i:0;s:6:\"delete\";i:1;i:1;}','drupal_get_form','a:2:{i:0;s:19:\"node_delete_confirm\";i:1;i:1;}','',5,3,2,'node/%','node/%','Delete','t','','','a:0:{}',132,'','',1,'modules/node/node.pages.inc'),('node/%/edit','a:1:{i:1;s:9:\"node_load\";}','','node_access','a:2:{i:0;s:6:\"update\";i:1;i:1;}','node_page_edit','a:1:{i:0;i:1;}','',5,3,3,'node/%','node/%','Edit','t','','','a:0:{}',132,'','',0,'modules/node/node.pages.inc'),('node/%/revisions','a:1:{i:1;s:9:\"node_load\";}','','_node_revision_access','a:1:{i:0;i:1;}','node_revision_overview','a:1:{i:0;i:1;}','',5,3,1,'node/%','node/%','Revisions','t','','','a:0:{}',132,'','',2,'modules/node/node.pages.inc'),('node/%/revisions/%/delete','a:2:{i:1;a:1:{s:9:\"node_load\";a:1:{i:0;i:3;}}i:3;N;}','','_node_revision_access','a:2:{i:0;i:1;i:1;s:6:\"delete\";}','drupal_get_form','a:2:{i:0;s:28:\"node_revision_delete_confirm\";i:1;i:1;}','',21,5,0,'','node/%/revisions/%/delete','Delete earlier revision','t','','','a:0:{}',6,'','',0,'modules/node/node.pages.inc'),('node/%/revisions/%/revert','a:2:{i:1;a:1:{s:9:\"node_load\";a:1:{i:0;i:3;}}i:3;N;}','','_node_revision_access','a:2:{i:0;i:1;i:1;s:6:\"update\";}','drupal_get_form','a:2:{i:0;s:28:\"node_revision_revert_confirm\";i:1;i:1;}','',21,5,0,'','node/%/revisions/%/revert','Revert to earlier revision','t','','','a:0:{}',6,'','',0,'modules/node/node.pages.inc'),('node/%/revisions/%/view','a:2:{i:1;a:1:{s:9:\"node_load\";a:1:{i:0;i:3;}}i:3;N;}','','_node_revision_access','a:1:{i:0;i:1;}','node_show','a:2:{i:0;i:1;i:1;b:1;}','',21,5,0,'','node/%/revisions/%/view','Revisions','t','','','a:0:{}',6,'','',0,''),('node/%/view','a:1:{i:1;s:9:\"node_load\";}','','node_access','a:2:{i:0;s:4:\"view\";i:1;i:1;}','node_page_view','a:1:{i:0;i:1;}','',5,3,1,'node/%','node/%','View','t','','','a:0:{}',140,'','',-10,''),('node/add','','','_node_add_access','a:0:{}','node_add_page','a:0:{}','',3,2,0,'','node/add','Add content','t','','','a:0:{}',6,'','',0,'modules/node/node.pages.inc'),('node/add/article','','','node_access','a:2:{i:0;s:6:\"create\";i:1;s:7:\"article\";}','node_add','a:1:{i:0;s:7:\"article\";}','',7,3,0,'','node/add/article','Article','check_plain','','','a:0:{}',6,'Use <em>articles</em> for time-sensitive content like news, press releases or blog posts.','',0,'modules/node/node.pages.inc'),('node/add/page','','','node_access','a:2:{i:0;s:6:\"create\";i:1;s:4:\"page\";}','node_add','a:1:{i:0;s:4:\"page\";}','',7,3,0,'','node/add/page','Basic page','check_plain','','','a:0:{}',6,'Use <em>basic pages</em> for your static content, such as an \'About us\' page.','',0,'modules/node/node.pages.inc'),('overlay-ajax/%','a:1:{i:1;N;}','','user_access','a:1:{i:0;s:14:\"access overlay\";}','overlay_ajax_render_region','a:1:{i:0;i:1;}','',2,2,0,'','overlay-ajax/%','','t','','','a:0:{}',0,'','',0,''),('overlay/dismiss-message','','','user_access','a:1:{i:0;s:14:\"access overlay\";}','overlay_user_dismiss_message','a:0:{}','',3,2,0,'','overlay/dismiss-message','','t','','','a:0:{}',0,'','',0,''),('rss.xml','','','user_access','a:1:{i:0;s:14:\"access content\";}','node_feed','a:2:{i:0;b:0;i:1;a:0:{}}','',1,1,0,'','rss.xml','RSS feed','t','','','a:0:{}',0,'','',0,''),('search','','','search_is_active','a:0:{}','search_view','a:0:{}','',1,1,0,'','search','Search','t','','','a:0:{}',20,'','',0,'modules/search/search.pages.inc'),('search/node','','','_search_menu_access','a:1:{i:0;s:4:\"node\";}','search_view','a:2:{i:0;s:4:\"node\";i:1;s:0:\"\";}','',3,2,1,'search','search','Content','t','','','a:0:{}',132,'','',-10,'modules/search/search.pages.inc'),('search/node/%','a:1:{i:2;a:1:{s:14:\"menu_tail_load\";a:2:{i:0;s:4:\"%map\";i:1;s:6:\"%index\";}}}','a:1:{i:2;s:16:\"menu_tail_to_arg\";}','_search_menu_access','a:1:{i:0;s:4:\"node\";}','search_view','a:2:{i:0;s:4:\"node\";i:1;i:2;}','',6,3,1,'search/node','search/node/%','Content','t','','','a:0:{}',132,'','',0,'modules/search/search.pages.inc'),('search/user','','','_search_menu_access','a:1:{i:0;s:4:\"user\";}','search_view','a:2:{i:0;s:4:\"user\";i:1;s:0:\"\";}','',3,2,1,'search','search','Users','t','','','a:0:{}',132,'','',0,'modules/search/search.pages.inc'),('search/user/%','a:1:{i:2;a:1:{s:14:\"menu_tail_load\";a:2:{i:0;s:4:\"%map\";i:1;s:6:\"%index\";}}}','a:1:{i:2;s:16:\"menu_tail_to_arg\";}','_search_menu_access','a:1:{i:0;s:4:\"user\";}','search_view','a:2:{i:0;s:4:\"user\";i:1;i:2;}','',6,3,1,'search/node','search/node/%','Users','t','','','a:0:{}',132,'','',0,'modules/search/search.pages.inc'),('sites/default/files/styles/%','a:1:{i:4;s:16:\"image_style_load\";}','','1','a:0:{}','image_style_deliver','a:1:{i:0;i:4;}','',30,5,0,'','sites/default/files/styles/%','Generate image style','t','','','a:0:{}',0,'','',0,''),('system/ajax','','','1','a:0:{}','ajax_form_callback','a:0:{}','ajax_deliver',3,2,0,'','system/ajax','AHAH callback','t','','ajax_base_page_theme','a:0:{}',0,'','',0,'includes/form.inc'),('system/files','','','1','a:0:{}','file_download','a:1:{i:0;s:7:\"private\";}','',3,2,0,'','system/files','File download','t','','','a:0:{}',0,'','',0,''),('system/files/styles/%','a:1:{i:3;s:16:\"image_style_load\";}','','1','a:0:{}','image_style_deliver','a:1:{i:0;i:3;}','',14,4,0,'','system/files/styles/%','Generate image style','t','','','a:0:{}',0,'','',0,''),('system/temporary','','','1','a:0:{}','file_download','a:1:{i:0;s:9:\"temporary\";}','',3,2,0,'','system/temporary','Temporary files','t','','','a:0:{}',0,'','',0,''),('system/timezone','','','1','a:0:{}','system_timezone','a:0:{}','',3,2,0,'','system/timezone','Time zone','t','','','a:0:{}',0,'','',0,'modules/system/system.admin.inc'),('taxonomy/autocomplete','','','user_access','a:1:{i:0;s:14:\"access content\";}','taxonomy_autocomplete','a:0:{}','',3,2,0,'','taxonomy/autocomplete','Autocomplete taxonomy','t','','','a:0:{}',0,'','',0,'modules/taxonomy/taxonomy.pages.inc'),('taxonomy/term/%','a:1:{i:2;s:18:\"taxonomy_term_load\";}','','user_access','a:1:{i:0;s:14:\"access content\";}','taxonomy_term_page','a:1:{i:0;i:2;}','',6,3,0,'','taxonomy/term/%','Taxonomy term','taxonomy_term_title','a:1:{i:0;i:2;}','','a:0:{}',6,'','',0,'modules/taxonomy/taxonomy.pages.inc'),('taxonomy/term/%/edit','a:1:{i:2;s:18:\"taxonomy_term_load\";}','','taxonomy_term_edit_access','a:1:{i:0;i:2;}','drupal_get_form','a:3:{i:0;s:18:\"taxonomy_form_term\";i:1;i:2;i:2;N;}','',13,4,1,'taxonomy/term/%','taxonomy/term/%','Edit','t','','','a:0:{}',132,'','',10,'modules/taxonomy/taxonomy.admin.inc'),('taxonomy/term/%/feed','a:1:{i:2;s:18:\"taxonomy_term_load\";}','','user_access','a:1:{i:0;s:14:\"access content\";}','taxonomy_term_feed','a:1:{i:0;i:2;}','',13,4,0,'','taxonomy/term/%/feed','Taxonomy term','taxonomy_term_title','a:1:{i:0;i:2;}','','a:0:{}',0,'','',0,'modules/taxonomy/taxonomy.pages.inc'),('taxonomy/term/%/view','a:1:{i:2;s:18:\"taxonomy_term_load\";}','','user_access','a:1:{i:0;s:14:\"access content\";}','taxonomy_term_page','a:1:{i:0;i:2;}','',13,4,1,'taxonomy/term/%','taxonomy/term/%','View','t','','','a:0:{}',140,'','',0,'modules/taxonomy/taxonomy.pages.inc'),('toolbar/toggle','','','user_access','a:1:{i:0;s:14:\"access toolbar\";}','toolbar_toggle_page','a:0:{}','',3,2,0,'','toolbar/toggle','Toggle drawer visibility','t','','','a:0:{}',0,'','',0,''),('user','','','1','a:0:{}','user_page','a:0:{}','',1,1,0,'','user','User account','user_menu_title','','','a:0:{}',6,'','',-10,'modules/user/user.pages.inc'),('user/%','a:1:{i:1;s:9:\"user_load\";}','','user_view_access','a:1:{i:0;i:1;}','user_view_page','a:1:{i:0;i:1;}','',2,2,0,'','user/%','My account','user_page_title','a:1:{i:0;i:1;}','','a:0:{}',6,'','',0,''),('user/%/cancel','a:1:{i:1;s:9:\"user_load\";}','','user_cancel_access','a:1:{i:0;i:1;}','drupal_get_form','a:2:{i:0;s:24:\"user_cancel_confirm_form\";i:1;i:1;}','',5,3,0,'','user/%/cancel','Cancel account','t','','','a:0:{}',6,'','',0,'modules/user/user.pages.inc'),('user/%/cancel/confirm/%/%','a:3:{i:1;s:9:\"user_load\";i:4;N;i:5;N;}','','user_cancel_access','a:1:{i:0;i:1;}','user_cancel_confirm','a:3:{i:0;i:1;i:1;i:4;i:2;i:5;}','',44,6,0,'','user/%/cancel/confirm/%/%','Confirm account cancellation','t','','','a:0:{}',6,'','',0,'modules/user/user.pages.inc'),('user/%/edit','a:1:{i:1;s:9:\"user_load\";}','','user_edit_access','a:1:{i:0;i:1;}','drupal_get_form','a:2:{i:0;s:17:\"user_profile_form\";i:1;i:1;}','',5,3,1,'user/%','user/%','Edit','t','','','a:0:{}',132,'','',0,'modules/user/user.pages.inc'),('user/%/edit/account','a:1:{i:1;a:1:{s:18:\"user_category_load\";a:2:{i:0;s:4:\"%map\";i:1;s:6:\"%index\";}}}','','user_edit_access','a:1:{i:0;i:1;}','drupal_get_form','a:2:{i:0;s:17:\"user_profile_form\";i:1;i:1;}','',11,4,1,'user/%/edit','user/%','Account','t','','','a:0:{}',140,'','',0,'modules/user/user.pages.inc'),('user/%/shortcuts','a:1:{i:1;s:9:\"user_load\";}','','shortcut_set_switch_access','a:1:{i:0;i:1;}','drupal_get_form','a:2:{i:0;s:19:\"shortcut_set_switch\";i:1;i:1;}','',5,3,1,'user/%','user/%','Shortcuts','t','','','a:0:{}',132,'','',0,'modules/shortcut/shortcut.admin.inc'),('user/%/view','a:1:{i:1;s:9:\"user_load\";}','','user_view_access','a:1:{i:0;i:1;}','user_view_page','a:1:{i:0;i:1;}','',5,3,1,'user/%','user/%','View','t','','','a:0:{}',140,'','',-10,''),('user/autocomplete','','','user_access','a:1:{i:0;s:20:\"access user profiles\";}','user_autocomplete','a:0:{}','',3,2,0,'','user/autocomplete','User autocomplete','t','','','a:0:{}',0,'','',0,'modules/user/user.pages.inc'),('user/login','','','user_is_anonymous','a:0:{}','user_page','a:0:{}','',3,2,1,'user','user','Log in','t','','','a:0:{}',140,'','',0,'modules/user/user.pages.inc'),('user/logout','','','user_is_logged_in','a:0:{}','user_logout','a:0:{}','',3,2,0,'','user/logout','Log out','t','','','a:0:{}',6,'','',10,'modules/user/user.pages.inc'),('user/password','','','1','a:0:{}','drupal_get_form','a:1:{i:0;s:9:\"user_pass\";}','',3,2,1,'user','user','Request new password','t','','','a:0:{}',132,'','',0,'modules/user/user.pages.inc'),('user/register','','','user_register_access','a:0:{}','drupal_get_form','a:1:{i:0;s:18:\"user_register_form\";}','',3,2,1,'user','user','Create new account','t','','','a:0:{}',132,'','',0,''),('user/reset/%/%/%','a:3:{i:2;N;i:3;N;i:4;N;}','','1','a:0:{}','drupal_get_form','a:4:{i:0;s:15:\"user_pass_reset\";i:1;i:2;i:2;i:3;i:3;i:4;}','',24,5,0,'','user/reset/%/%/%','Reset password','t','','','a:0:{}',0,'','',0,'modules/user/user.pages.inc');

--
